{"id":85,"date":"2023-08-12T14:17:58","date_gmt":"2023-08-12T12:17:58","guid":{"rendered":"https:\/\/webery-server1.de\/t1-maler\/?page_id=85"},"modified":"2025-02-07T13:53:14","modified_gmt":"2025-02-07T12:53:14","slug":"ueber-uns","status":"publish","type":"page","link":"https:\/\/webery-server1.de\/t1-maler\/ueber-uns\/","title":{"rendered":"\u00dcber Uns"},"content":{"rendered":"\t\t<div data-elementor-type=\"wp-page\" data-elementor-id=\"85\" class=\"elementor elementor-85\" data-elementor-post-type=\"page\">\n\t\t\t\t<div class=\"elementor-element elementor-element-4e62e22 e-flex e-con-boxed e-con e-parent\" data-id=\"4e62e22\" data-element_type=\"container\" data-settings=\"{&quot;background_background&quot;:&quot;classic&quot;}\">\n\t\t\t\t\t<div class=\"e-con-inner\">\n\t\t<div class=\"elementor-element elementor-element-79c8a66 e-con-full e-flex e-con e-child\" data-id=\"79c8a66\" data-element_type=\"container\">\n\t\t\t\t<div class=\"elementor-element elementor-element-7305fe8 elementor-widget elementor-widget-elementskit-heading\" data-id=\"7305fe8\" data-element_type=\"widget\" data-widget_type=\"elementskit-heading.default\">\n\t\t\t\t<div class=\"elementor-widget-container\">\n\t\t\t\t\t<div class=\"ekit-wid-con\" ><div class=\"ekit-heading elementskit-section-title-wraper text_center   ekit_heading_tablet-   ekit_heading_mobile-text_center\"><h1 class=\"ekit-heading--title elementskit-section-title \">\u00dcber Uns<\/h1><\/div><\/div>\t\t\t\t<\/div>\n\t\t\t\t<\/div>\n\t\t\t\t<\/div>\n\t\t\t\t\t<\/div>\n\t\t\t\t<\/div>\n\t\t<div class=\"elementor-element elementor-element-ed979bc e-flex e-con-boxed e-con e-parent\" data-id=\"ed979bc\" data-element_type=\"container\">\n\t\t\t\t\t<div class=\"e-con-inner\">\n\t\t<div class=\"elementor-element elementor-element-20fa337 e-con-full e-flex e-con e-child\" data-id=\"20fa337\" data-element_type=\"container\">\n\t\t\t\t<div class=\"elementor-element elementor-element-e5c6d45 elementor-widget elementor-widget-heading\" data-id=\"e5c6d45\" data-element_type=\"widget\" data-widget_type=\"heading.default\">\n\t\t\t\t<div class=\"elementor-widget-container\">\n\t\t\t\t\t<h2 class=\"elementor-heading-title elementor-size-default\">Von der Meisterpr\u00fcfung zur \u00f6kologischen Leidenschaft: Unsere Geschichte<\/h2>\t\t\t\t<\/div>\n\t\t\t\t<\/div>\n\t\t\t\t<div class=\"elementor-element elementor-element-998dbeb elementor-widget elementor-widget-text-editor\" data-id=\"998dbeb\" data-element_type=\"widget\" data-widget_type=\"text-editor.default\">\n\t\t\t\t<div class=\"elementor-widget-container\">\n\t\t\t\t\t\t\t\t\t<p>Nachdem ich im Juni 2016 erfolgreich die Meisterpr\u00fcfung bestanden hatte, gr\u00fcndete ich den Malerfachbetrieb Malermeister GmbH. Im Laufe der Jahre entwickelte sich bei uns ein starkes Interesse an einem verantwortungsbewussten Umgang mit nat\u00fcrlichen Rohstoffen. Dies f\u00fchrte schlie\u00dflich zu einer Leidenschaft f\u00fcr nachhaltig \u00f6kologische Produkte.<\/p><p>Heute besteht unser Betrieb aus zwei weiteren Mitarbeitern, die mit derselben Motivation und Begeisterung wie ich an die t\u00e4glichen Herausforderungen herangehen. Gemeinsam verleihen wir Ihren Wohnr\u00e4umen einen Charakter, in dem Sie sich wohlf\u00fchlen k\u00f6nnen.<\/p><p>Durch das gesunde Wachstum unseres Unternehmens lassen wir uns gerne immer wieder neu herausfordern und streben nach kontinuierlicher Weiterentwicklung. So k\u00f6nnen wir sowohl den t\u00e4glichen als auch den aktuellen Anforderungen gerecht werden.<\/p>\t\t\t\t\t\t\t\t<\/div>\n\t\t\t\t<\/div>\n\t\t\t\t<div class=\"elementor-element elementor-element-2a9678a elementor-widget elementor-widget-text-editor\" data-id=\"2a9678a\" data-element_type=\"widget\" data-widget_type=\"text-editor.default\">\n\t\t\t\t<div class=\"elementor-widget-container\">\n\t\t\t\t\t\t\t\t\t<p><strong>Kontaktieren Sie uns gerne f\u00fcr ein unverbindliches Beratungsgespr\u00e4ch.<\/strong><\/p>\t\t\t\t\t\t\t\t<\/div>\n\t\t\t\t<\/div>\n\t\t\t\t<div class=\"elementor-element elementor-element-3c9e231 elementor-widget elementor-widget-button\" data-id=\"3c9e231\" data-element_type=\"widget\" data-widget_type=\"button.default\">\n\t\t\t\t<div class=\"elementor-widget-container\">\n\t\t\t\t\t\t\t\t\t<div class=\"elementor-button-wrapper\">\n\t\t\t\t\t<a class=\"elementor-button elementor-button-link elementor-size-sm\" href=\"\/t1-maler\/kontakt\">\n\t\t\t\t\t\t<span class=\"elementor-button-content-wrapper\">\n\t\t\t\t\t\t\t\t\t<span class=\"elementor-button-text\">jetzt kontaktieren<\/span>\n\t\t\t\t\t<\/span>\n\t\t\t\t\t<\/a>\n\t\t\t\t<\/div>\n\t\t\t\t\t\t\t\t<\/div>\n\t\t\t\t<\/div>\n\t\t\t\t<\/div>\n\t\t<div class=\"elementor-element elementor-element-29862a7 e-con-full e-flex e-con e-child\" data-id=\"29862a7\" data-element_type=\"container\">\n\t\t\t\t<div class=\"elementor-element elementor-element-aa21397 elementor-widget elementor-widget-image\" data-id=\"aa21397\" data-element_type=\"widget\" data-widget_type=\"image.default\">\n\t\t\t\t<div class=\"elementor-widget-container\">\n\t\t\t\t\t\t\t\t\t\t\t\t\t\t\t<img fetchpriority=\"high\" decoding=\"async\" width=\"800\" height=\"982\" src=\"https:\/\/webery-server1.de\/t1-maler\/wp-content\/uploads\/2023\/08\/Slider-2-Kopie-1-834x1024.jpeg\" class=\"attachment-large size-large wp-image-351\" alt=\"\" srcset=\"https:\/\/webery-server1.de\/t1-maler\/wp-content\/uploads\/2023\/08\/Slider-2-Kopie-1-834x1024.jpeg 834w, https:\/\/webery-server1.de\/t1-maler\/wp-content\/uploads\/2023\/08\/Slider-2-Kopie-1-244x300.jpeg 244w, https:\/\/webery-server1.de\/t1-maler\/wp-content\/uploads\/2023\/08\/Slider-2-Kopie-1-768x942.jpeg 768w, https:\/\/webery-server1.de\/t1-maler\/wp-content\/uploads\/2023\/08\/Slider-2-Kopie-1.jpeg 951w\" sizes=\"(max-width: 800px) 100vw, 800px\" \/>\t\t\t\t\t\t\t\t\t\t\t\t\t\t\t<\/div>\n\t\t\t\t<\/div>\n\t\t\t\t<\/div>\n\t\t\t\t\t<\/div>\n\t\t\t\t<\/div>\n\t\t<div class=\"elementor-element elementor-element-4ec20b9 e-flex e-con-boxed e-con e-parent\" data-id=\"4ec20b9\" data-element_type=\"container\">\n\t\t\t\t\t<div class=\"e-con-inner\">\n\t\t<div class=\"elementor-element elementor-element-365b43a e-con-full e-flex e-con e-child\" data-id=\"365b43a\" data-element_type=\"container\">\n\t\t\t\t<div class=\"elementor-element elementor-element-8fe099e elementor-widget elementor-widget-heading\" data-id=\"8fe099e\" data-element_type=\"widget\" data-widget_type=\"heading.default\">\n\t\t\t\t<div class=\"elementor-widget-container\">\n\t\t\t\t\t<h2 class=\"elementor-heading-title elementor-size-default\">Unser Team<\/h2>\t\t\t\t<\/div>\n\t\t\t\t<\/div>\n\t\t<div class=\"elementor-element elementor-element-9342165 e-con-full e-flex e-con e-child\" data-id=\"9342165\" data-element_type=\"container\">\n\t\t<div class=\"elementor-element elementor-element-f4b1cdd e-con-full e-flex e-con e-child\" data-id=\"f4b1cdd\" data-element_type=\"container\">\n\t\t\t\t<div class=\"elementor-element elementor-element-c4b4dd4 elementor-widget elementor-widget-elementskit-team\" data-id=\"c4b4dd4\" data-element_type=\"widget\" data-widget_type=\"elementskit-team.default\">\n\t\t\t\t<div class=\"elementor-widget-container\">\n\t\t\t\t\t<div class=\"ekit-wid-con\">\t\t\t\t\t\t\t\t\n\t\t<div class=\"profile-card elementor-animation- text-center ekit-team-style-default\">\n\t\t\t\t\t\t\t<a aria-label=\"profile\" href=\"javascript:void(0)\" data-mfp-src=\"#ekit_team_modal_c4b4dd4_85\" class=\"ekit-team-popup\">\n\t\t\t\n\t\t\t\t<div class=\"profile-header ekit-team-img ekit-img-overlay ekit-team-img-block\"  data-toggle=\"modal\" data-target=\"ekit_team_modal_#c4b4dd4_85\" >\n\t\t\t\t\t<img decoding=\"async\" width=\"494\" height=\"510\" src=\"https:\/\/webery-server1.de\/t1-maler\/wp-content\/uploads\/2023\/08\/Slider-2-Kopie-2.jpeg\" class=\"attachment-large size-large wp-image-361\" alt=\"\" srcset=\"https:\/\/webery-server1.de\/t1-maler\/wp-content\/uploads\/2023\/08\/Slider-2-Kopie-2.jpeg 494w, https:\/\/webery-server1.de\/t1-maler\/wp-content\/uploads\/2023\/08\/Slider-2-Kopie-2-291x300.jpeg 291w\" sizes=\"(max-width: 494px) 100vw, 494px\" \/>\t\t\t\t<\/div><!-- .profile-header END -->\n\t\t\t\t\t\t\t<\/a>\n\t\t\t\n\n\t\t\t\t<div class=\"profile-body\">\n\t\t\t\t\t\n\t\t\t\t\t<h2 class=\"profile-title\">\n\t\t\t\t\t\t\t\t\t\t\t<a aria-label=\"profile\" href=\"javascript:void(0)\" data-mfp-src=\"#ekit_team_modal_c4b4dd4_85\" class=\"ekit-team-popup\">\n\t\t\t\t\t\tJannick Sommer\t\t\t\t\t\t<\/a>\n\t\t\t\t\t\t\t\t\t\t\t<\/h2>\n\t\t\t\t\t<p class=\"profile-designation\">Malermeister<\/p>\n\t\t\t\t\t\t\t\t\t<\/div><!-- .profile-body END -->\n\n\t\t\t\t\t\t\t\t\t<div class=\"profile-footer\">\n\t\t\t\t\t\t<ul class=\"ekit-team-social-list\">\n\t\t\t<li class=\"elementor-repeater-item-bb0f64e\">\n\t\t\t<a href=\"https:\/\/facebook.com\" target=\"_blank\" aria-label=\"Facebook\">\n\t\t\t\t<i aria-hidden=\"true\" class=\"icon icon-facebook\"><\/i>\t\t\t<\/a>\n\t\t<\/li>\n\t\t\t<li class=\"elementor-repeater-item-164ae70\">\n\t\t\t<a href=\"https:\/\/twitter.com\" target=\"_blank\" aria-label=\"Twitter\">\n\t\t\t\t<i aria-hidden=\"true\" class=\"icon icon-twitter\"><\/i>\t\t\t<\/a>\n\t\t<\/li>\n\t\t\t<li class=\"elementor-repeater-item-d1c262c\">\n\t\t\t<a href=\"https:\/\/instagram.com\" target=\"_blank\" aria-label=\"Instagram\">\n\t\t\t\t<i aria-hidden=\"true\" class=\"icon icon-instagram-1\"><\/i>\t\t\t<\/a>\n\t\t<\/li>\n\t<\/ul>\n\t\t\t\t\t<\/div>\n\t\t\t\t\t\t\t\t\t<\/div>\n\t\t\t\t\t\t\t\n\t\t\t\n\t\t\t\t\t<div class=\"zoom-anim-dialog mfp-hide elementskit-team-popup team-popup-id-c4b4dd4\" id=\"ekit_team_modal_c4b4dd4_85\" tabindex=\"-1\" role=\"dialog\" aria-hidden=\"true\">\n\t\t\t\t<div class=\"modal-dialog modal-dialog-centered\" role=\"document\">\n\t\t\t\t\t<div class=\"modal-content\">\n\t\t\t\t\t\t<button type=\"button\" class=\"ekit-team-modal-close\">\n\t\t\t\t\t\t\t<i aria-hidden=\"true\" class=\"fas fa-times\"><\/i>\t\t\t\t\t\t<\/button>\n\n\t\t\t\t\t\t<div class=\"modal-body\">\n\t\t\t\t\t\t\t\t\t\t\t\t\t\t\t<div class=\"ekit-team-modal-img\">\n\t\t\t\t\t\t\t\t\t<img decoding=\"async\" width=\"494\" height=\"510\" src=\"https:\/\/webery-server1.de\/t1-maler\/wp-content\/uploads\/2023\/08\/Slider-2-Kopie-2.jpeg\" class=\"attachment-large size-large wp-image-361\" alt=\"\" srcset=\"https:\/\/webery-server1.de\/t1-maler\/wp-content\/uploads\/2023\/08\/Slider-2-Kopie-2.jpeg 494w, https:\/\/webery-server1.de\/t1-maler\/wp-content\/uploads\/2023\/08\/Slider-2-Kopie-2-291x300.jpeg 291w\" sizes=\"(max-width: 494px) 100vw, 494px\" \/>\t\t\t\t\t\t\t\t<\/div>\n\t\t\t\t\t\t\t\n\t\t\t\t\t\t\t<div class=\"ekit-team-modal-info has-img\">\n\t\t\t\t\t\t\t\t<h2 class=\"ekit-team-modal-title\">Jannick Sommer<\/h2>\n\t\t\t\t\t\t\t\t<p class=\"ekit-team-modal-position\">Malermeister<\/p>\n\n\t\t\t\t\t\t\t\t<div class=\"ekit-team-modal-content\">\n\t\t\t\t\t\t\t\t\tA small river named Duden flows by their place and supplies it with the necessary\t\t\t\t\t\t\t\t<\/div>\n\n\t\t\t\t\t\t\t\t\t\t\t\t\t\t\t\t\t<ul class=\"ekit-team-modal-list\">\n\t\t\t\t\t\t\t\t\t\t\t\t\t\t\t\t\t\t\t\t\t<li><strong>Phone:<\/strong><a href=\"tel:+1 (859) 254-6589\">+1 (859) 254-6589<\/a><\/li>\n\t\t\t\t\t\t\t\t\t\t\n\t\t\t\t\t\t\t\t\t\t\t\t\t\t\t\t\t\t\t\t\t<li><strong>Email:<\/strong><a href=\"mailto:info@example.com\">info@example.com<\/a><\/li>\n\t\t\t\t\t\t\t\t\t\t\t\t\t\t\t\t\t\t\t<\/ul>\n\t\t\t\t\t\t\t\t\n\t\t\t\t\t\t\t\t<ul class=\"ekit-team-social-list\">\n\t\t\t<li class=\"elementor-repeater-item-bb0f64e\">\n\t\t\t<a href=\"https:\/\/facebook.com\" target=\"_blank\" aria-label=\"Facebook\">\n\t\t\t\t<i aria-hidden=\"true\" class=\"icon icon-facebook\"><\/i>\t\t\t<\/a>\n\t\t<\/li>\n\t\t\t<li class=\"elementor-repeater-item-164ae70\">\n\t\t\t<a href=\"https:\/\/twitter.com\" target=\"_blank\" aria-label=\"Twitter\">\n\t\t\t\t<i aria-hidden=\"true\" class=\"icon icon-twitter\"><\/i>\t\t\t<\/a>\n\t\t<\/li>\n\t\t\t<li class=\"elementor-repeater-item-d1c262c\">\n\t\t\t<a href=\"https:\/\/instagram.com\" target=\"_blank\" aria-label=\"Instagram\">\n\t\t\t\t<i aria-hidden=\"true\" class=\"icon icon-instagram-1\"><\/i>\t\t\t<\/a>\n\t\t<\/li>\n\t<\/ul>\n\t\t\t\t\t\t\t<\/div>\n\t\t\t\t\t\t<\/div>\n\t\t\t\t\t<\/div>\n\t\t\t\t<\/div>\n\t\t\t<\/div>\n\t\t\t\t<\/div>\t\t\t\t<\/div>\n\t\t\t\t<\/div>\n\t\t\t\t<\/div>\n\t\t<div class=\"elementor-element elementor-element-9a45035 e-con-full e-flex e-con e-child\" data-id=\"9a45035\" data-element_type=\"container\">\n\t\t\t\t<div class=\"elementor-element elementor-element-3a787cc elementor-widget elementor-widget-elementskit-team\" data-id=\"3a787cc\" data-element_type=\"widget\" data-widget_type=\"elementskit-team.default\">\n\t\t\t\t<div class=\"elementor-widget-container\">\n\t\t\t\t\t<div class=\"ekit-wid-con\">\t\t\t\t\t\t\t\t\n\t\t<div class=\"profile-card elementor-animation- text-center ekit-team-style-default\">\n\t\t\t\t\t\t\t<a aria-label=\"profile\" href=\"javascript:void(0)\" data-mfp-src=\"#ekit_team_modal_3a787cc_85\" class=\"ekit-team-popup\">\n\t\t\t\n\t\t\t\t<div class=\"profile-header ekit-team-img ekit-img-overlay ekit-team-img-block\"  data-toggle=\"modal\" data-target=\"ekit_team_modal_#3a787cc_85\" >\n\t\t\t\t\t<img decoding=\"async\" width=\"212\" height=\"244\" src=\"https:\/\/webery-server1.de\/t1-maler\/wp-content\/uploads\/2023\/08\/happy-man-with-paint-roller-can.jpg\" class=\"attachment-large size-large wp-image-356\" alt=\"\" \/>\t\t\t\t<\/div><!-- .profile-header END -->\n\t\t\t\t\t\t\t<\/a>\n\t\t\t\n\n\t\t\t\t<div class=\"profile-body\">\n\t\t\t\t\t\n\t\t\t\t\t<h2 class=\"profile-title\">\n\t\t\t\t\t\t\t\t\t\t\t<a aria-label=\"profile\" href=\"javascript:void(0)\" data-mfp-src=\"#ekit_team_modal_3a787cc_85\" class=\"ekit-team-popup\">\n\t\t\t\t\t\tThomas Bauer\t\t\t\t\t\t<\/a>\n\t\t\t\t\t\t\t\t\t\t\t<\/h2>\n\t\t\t\t\t<p class=\"profile-designation\">Malergeselle<\/p>\n\t\t\t\t\t\t\t\t\t<\/div><!-- .profile-body END -->\n\n\t\t\t\t\t\t\t\t\t<div class=\"profile-footer\">\n\t\t\t\t\t\t<ul class=\"ekit-team-social-list\">\n\t\t\t<li class=\"elementor-repeater-item-bb0f64e\">\n\t\t\t<a href=\"https:\/\/facebook.com\" target=\"_blank\" aria-label=\"Facebook\">\n\t\t\t\t<i aria-hidden=\"true\" class=\"icon icon-facebook\"><\/i>\t\t\t<\/a>\n\t\t<\/li>\n\t\t\t<li class=\"elementor-repeater-item-164ae70\">\n\t\t\t<a href=\"https:\/\/twitter.com\" target=\"_blank\" aria-label=\"Twitter\">\n\t\t\t\t<i aria-hidden=\"true\" class=\"icon icon-twitter\"><\/i>\t\t\t<\/a>\n\t\t<\/li>\n\t\t\t<li class=\"elementor-repeater-item-d1c262c\">\n\t\t\t<a href=\"https:\/\/instagram.com\" target=\"_blank\" aria-label=\"Instagram\">\n\t\t\t\t<i aria-hidden=\"true\" class=\"icon icon-instagram-1\"><\/i>\t\t\t<\/a>\n\t\t<\/li>\n\t<\/ul>\n\t\t\t\t\t<\/div>\n\t\t\t\t\t\t\t\t\t<\/div>\n\t\t\t\t\t\t\t\n\t\t\t\n\t\t\t\t\t<div class=\"zoom-anim-dialog mfp-hide elementskit-team-popup team-popup-id-3a787cc\" id=\"ekit_team_modal_3a787cc_85\" tabindex=\"-1\" role=\"dialog\" aria-hidden=\"true\">\n\t\t\t\t<div class=\"modal-dialog modal-dialog-centered\" role=\"document\">\n\t\t\t\t\t<div class=\"modal-content\">\n\t\t\t\t\t\t<button type=\"button\" class=\"ekit-team-modal-close\">\n\t\t\t\t\t\t\t<i aria-hidden=\"true\" class=\"fas fa-times\"><\/i>\t\t\t\t\t\t<\/button>\n\n\t\t\t\t\t\t<div class=\"modal-body\">\n\t\t\t\t\t\t\t\t\t\t\t\t\t\t\t<div class=\"ekit-team-modal-img\">\n\t\t\t\t\t\t\t\t\t<img decoding=\"async\" width=\"212\" height=\"244\" src=\"https:\/\/webery-server1.de\/t1-maler\/wp-content\/uploads\/2023\/08\/happy-man-with-paint-roller-can.jpg\" class=\"attachment-large size-large wp-image-356\" alt=\"\" \/>\t\t\t\t\t\t\t\t<\/div>\n\t\t\t\t\t\t\t\n\t\t\t\t\t\t\t<div class=\"ekit-team-modal-info has-img\">\n\t\t\t\t\t\t\t\t<h2 class=\"ekit-team-modal-title\">Thomas Bauer<\/h2>\n\t\t\t\t\t\t\t\t<p class=\"ekit-team-modal-position\">Malergeselle<\/p>\n\n\t\t\t\t\t\t\t\t<div class=\"ekit-team-modal-content\">\n\t\t\t\t\t\t\t\t\tA small river named Duden flows by their place and supplies it with the necessary\t\t\t\t\t\t\t\t<\/div>\n\n\t\t\t\t\t\t\t\t\t\t\t\t\t\t\t\t\t<ul class=\"ekit-team-modal-list\">\n\t\t\t\t\t\t\t\t\t\t\t\t\t\t\t\t\t\t\t\t\t<li><strong>Phone:<\/strong><a href=\"tel:+1 (859) 254-6589\">+1 (859) 254-6589<\/a><\/li>\n\t\t\t\t\t\t\t\t\t\t\n\t\t\t\t\t\t\t\t\t\t\t\t\t\t\t\t\t\t\t\t\t<li><strong>Email:<\/strong><a href=\"mailto:info@example.com\">info@example.com<\/a><\/li>\n\t\t\t\t\t\t\t\t\t\t\t\t\t\t\t\t\t\t\t<\/ul>\n\t\t\t\t\t\t\t\t\n\t\t\t\t\t\t\t\t<ul class=\"ekit-team-social-list\">\n\t\t\t<li class=\"elementor-repeater-item-bb0f64e\">\n\t\t\t<a href=\"https:\/\/facebook.com\" target=\"_blank\" aria-label=\"Facebook\">\n\t\t\t\t<i aria-hidden=\"true\" class=\"icon icon-facebook\"><\/i>\t\t\t<\/a>\n\t\t<\/li>\n\t\t\t<li class=\"elementor-repeater-item-164ae70\">\n\t\t\t<a href=\"https:\/\/twitter.com\" target=\"_blank\" aria-label=\"Twitter\">\n\t\t\t\t<i aria-hidden=\"true\" class=\"icon icon-twitter\"><\/i>\t\t\t<\/a>\n\t\t<\/li>\n\t\t\t<li class=\"elementor-repeater-item-d1c262c\">\n\t\t\t<a href=\"https:\/\/instagram.com\" target=\"_blank\" aria-label=\"Instagram\">\n\t\t\t\t<i aria-hidden=\"true\" class=\"icon icon-instagram-1\"><\/i>\t\t\t<\/a>\n\t\t<\/li>\n\t<\/ul>\n\t\t\t\t\t\t\t<\/div>\n\t\t\t\t\t\t<\/div>\n\t\t\t\t\t<\/div>\n\t\t\t\t<\/div>\n\t\t\t<\/div>\n\t\t\t\t<\/div>\t\t\t\t<\/div>\n\t\t\t\t<\/div>\n\t\t\t\t<\/div>\n\t\t<div class=\"elementor-element elementor-element-2341450 e-con-full e-flex e-con e-child\" data-id=\"2341450\" data-element_type=\"container\">\n\t\t\t\t<div class=\"elementor-element elementor-element-17ab2c1 elementor-widget elementor-widget-elementskit-team\" data-id=\"17ab2c1\" data-element_type=\"widget\" data-widget_type=\"elementskit-team.default\">\n\t\t\t\t<div class=\"elementor-widget-container\">\n\t\t\t\t\t<div class=\"ekit-wid-con\">\t\t\t\t\t\t\t\t\n\t\t<div class=\"profile-card elementor-animation- text-center ekit-team-style-default\">\n\t\t\t\t\t\t\t<a aria-label=\"profile\" href=\"javascript:void(0)\" data-mfp-src=\"#ekit_team_modal_17ab2c1_85\" class=\"ekit-team-popup\">\n\t\t\t\n\t\t\t\t<div class=\"profile-header ekit-team-img ekit-img-overlay ekit-team-img-block\"  data-toggle=\"modal\" data-target=\"ekit_team_modal_#17ab2c1_85\" >\n\t\t\t\t\t<img loading=\"lazy\" decoding=\"async\" width=\"219\" height=\"281\" src=\"https:\/\/webery-server1.de\/t1-maler\/wp-content\/uploads\/2023\/08\/young-male-painter-with-roller-pointing.jpg\" class=\"attachment-large size-large wp-image-360\" alt=\"\" \/>\t\t\t\t<\/div><!-- .profile-header END -->\n\t\t\t\t\t\t\t<\/a>\n\t\t\t\n\n\t\t\t\t<div class=\"profile-body\">\n\t\t\t\t\t\n\t\t\t\t\t<h2 class=\"profile-title\">\n\t\t\t\t\t\t\t\t\t\t\t<a aria-label=\"profile\" href=\"javascript:void(0)\" data-mfp-src=\"#ekit_team_modal_17ab2c1_85\" class=\"ekit-team-popup\">\n\t\t\t\t\t\tMartin Winter\t\t\t\t\t\t<\/a>\n\t\t\t\t\t\t\t\t\t\t\t<\/h2>\n\t\t\t\t\t<p class=\"profile-designation\">Malergeselle<\/p>\n\t\t\t\t\t\t\t\t\t<\/div><!-- .profile-body END -->\n\n\t\t\t\t\t\t\t\t\t<div class=\"profile-footer\">\n\t\t\t\t\t\t<ul class=\"ekit-team-social-list\">\n\t\t\t<li class=\"elementor-repeater-item-bb0f64e\">\n\t\t\t<a href=\"https:\/\/facebook.com\" target=\"_blank\" aria-label=\"Facebook\">\n\t\t\t\t<i aria-hidden=\"true\" class=\"icon icon-facebook\"><\/i>\t\t\t<\/a>\n\t\t<\/li>\n\t\t\t<li class=\"elementor-repeater-item-164ae70\">\n\t\t\t<a href=\"https:\/\/twitter.com\" target=\"_blank\" aria-label=\"Twitter\">\n\t\t\t\t<i aria-hidden=\"true\" class=\"icon icon-twitter\"><\/i>\t\t\t<\/a>\n\t\t<\/li>\n\t\t\t<li class=\"elementor-repeater-item-d1c262c\">\n\t\t\t<a href=\"https:\/\/instagram.com\" target=\"_blank\" aria-label=\"Instagram\">\n\t\t\t\t<i aria-hidden=\"true\" class=\"icon icon-instagram-1\"><\/i>\t\t\t<\/a>\n\t\t<\/li>\n\t<\/ul>\n\t\t\t\t\t<\/div>\n\t\t\t\t\t\t\t\t\t<\/div>\n\t\t\t\t\t\t\t\n\t\t\t\n\t\t\t\t\t<div class=\"zoom-anim-dialog mfp-hide elementskit-team-popup team-popup-id-17ab2c1\" id=\"ekit_team_modal_17ab2c1_85\" tabindex=\"-1\" role=\"dialog\" aria-hidden=\"true\">\n\t\t\t\t<div class=\"modal-dialog modal-dialog-centered\" role=\"document\">\n\t\t\t\t\t<div class=\"modal-content\">\n\t\t\t\t\t\t<button type=\"button\" class=\"ekit-team-modal-close\">\n\t\t\t\t\t\t\t<i aria-hidden=\"true\" class=\"fas fa-times\"><\/i>\t\t\t\t\t\t<\/button>\n\n\t\t\t\t\t\t<div class=\"modal-body\">\n\t\t\t\t\t\t\t\t\t\t\t\t\t\t\t<div class=\"ekit-team-modal-img\">\n\t\t\t\t\t\t\t\t\t<img loading=\"lazy\" decoding=\"async\" width=\"219\" height=\"281\" src=\"https:\/\/webery-server1.de\/t1-maler\/wp-content\/uploads\/2023\/08\/young-male-painter-with-roller-pointing.jpg\" class=\"attachment-large size-large wp-image-360\" alt=\"\" \/>\t\t\t\t\t\t\t\t<\/div>\n\t\t\t\t\t\t\t\n\t\t\t\t\t\t\t<div class=\"ekit-team-modal-info has-img\">\n\t\t\t\t\t\t\t\t<h2 class=\"ekit-team-modal-title\">Martin Winter<\/h2>\n\t\t\t\t\t\t\t\t<p class=\"ekit-team-modal-position\">Malergeselle<\/p>\n\n\t\t\t\t\t\t\t\t<div class=\"ekit-team-modal-content\">\n\t\t\t\t\t\t\t\t\tA small river named Duden flows by their place and supplies it with the necessary\t\t\t\t\t\t\t\t<\/div>\n\n\t\t\t\t\t\t\t\t\t\t\t\t\t\t\t\t\t<ul class=\"ekit-team-modal-list\">\n\t\t\t\t\t\t\t\t\t\t\t\t\t\t\t\t\t\t\t\t\t<li><strong>Phone:<\/strong><a href=\"tel:+1 (859) 254-6589\">+1 (859) 254-6589<\/a><\/li>\n\t\t\t\t\t\t\t\t\t\t\n\t\t\t\t\t\t\t\t\t\t\t\t\t\t\t\t\t\t\t\t\t<li><strong>Email:<\/strong><a href=\"mailto:info@example.com\">info@example.com<\/a><\/li>\n\t\t\t\t\t\t\t\t\t\t\t\t\t\t\t\t\t\t\t<\/ul>\n\t\t\t\t\t\t\t\t\n\t\t\t\t\t\t\t\t<ul class=\"ekit-team-social-list\">\n\t\t\t<li class=\"elementor-repeater-item-bb0f64e\">\n\t\t\t<a href=\"https:\/\/facebook.com\" target=\"_blank\" aria-label=\"Facebook\">\n\t\t\t\t<i aria-hidden=\"true\" class=\"icon icon-facebook\"><\/i>\t\t\t<\/a>\n\t\t<\/li>\n\t\t\t<li class=\"elementor-repeater-item-164ae70\">\n\t\t\t<a href=\"https:\/\/twitter.com\" target=\"_blank\" aria-label=\"Twitter\">\n\t\t\t\t<i aria-hidden=\"true\" class=\"icon icon-twitter\"><\/i>\t\t\t<\/a>\n\t\t<\/li>\n\t\t\t<li class=\"elementor-repeater-item-d1c262c\">\n\t\t\t<a href=\"https:\/\/instagram.com\" target=\"_blank\" aria-label=\"Instagram\">\n\t\t\t\t<i aria-hidden=\"true\" class=\"icon icon-instagram-1\"><\/i>\t\t\t<\/a>\n\t\t<\/li>\n\t<\/ul>\n\t\t\t\t\t\t\t<\/div>\n\t\t\t\t\t\t<\/div>\n\t\t\t\t\t<\/div>\n\t\t\t\t<\/div>\n\t\t\t<\/div>\n\t\t\t\t<\/div>\t\t\t\t<\/div>\n\t\t\t\t<\/div>\n\t\t\t\t<\/div>\n\t\t\t\t<\/div>\n\t\t\t\t<\/div>\n\t\t\t\t\t<\/div>\n\t\t\t\t<\/div>\n\t\t<div class=\"elementor-element elementor-element-66b4cb0 e-flex e-con-boxed e-con e-parent\" data-id=\"66b4cb0\" data-element_type=\"container\">\n\t\t\t\t\t<div class=\"e-con-inner\">\n\t\t<div class=\"elementor-element elementor-element-44245e0 e-con-full e-flex e-con e-child\" data-id=\"44245e0\" data-element_type=\"container\">\n\t\t<div class=\"elementor-element elementor-element-9dff697 e-con-full e-flex e-con e-child\" data-id=\"9dff697\" data-element_type=\"container\" data-settings=\"{&quot;background_background&quot;:&quot;classic&quot;}\">\n\t\t<div class=\"elementor-element elementor-element-f104305 e-con-full e-flex e-con e-child\" data-id=\"f104305\" data-element_type=\"container\">\n\t\t\t\t<div class=\"elementor-element elementor-element-6817f40 elementor-widget elementor-widget-heading\" data-id=\"6817f40\" data-element_type=\"widget\" data-widget_type=\"heading.default\">\n\t\t\t\t<div class=\"elementor-widget-container\">\n\t\t\t\t\t<h2 class=\"elementor-heading-title elementor-size-default\">Wir freuen uns auf Ihre Kontaktaufnahme.<\/h2>\t\t\t\t<\/div>\n\t\t\t\t<\/div>\n\t\t\t\t<div class=\"elementor-element elementor-element-8f2e342 elementor-widget elementor-widget-text-editor\" data-id=\"8f2e342\" data-element_type=\"widget\" data-widget_type=\"text-editor.default\">\n\t\t\t\t<div class=\"elementor-widget-container\">\n\t\t\t\t\t\t\t\t\t<p>Entscheiden auch Sie sich f\u00fcr nat\u00fcrliche und nachhaltige L\u00f6sungen und lassen Sie uns gemeinsam Ihren Wohnr\u00e4umen einen besonderen Charakter verleihen.<\/p>\t\t\t\t\t\t\t\t<\/div>\n\t\t\t\t<\/div>\n\t\t\t\t<\/div>\n\t\t<div class=\"elementor-element elementor-element-feee343 e-con-full e-flex e-con e-child\" data-id=\"feee343\" data-element_type=\"container\">\n\t\t\t\t<div class=\"elementor-element elementor-element-fbd1751 elementor-align-center elementor-widget elementor-widget-button\" data-id=\"fbd1751\" data-element_type=\"widget\" data-widget_type=\"button.default\">\n\t\t\t\t<div class=\"elementor-widget-container\">\n\t\t\t\t\t\t\t\t\t<div class=\"elementor-button-wrapper\">\n\t\t\t\t\t<a class=\"elementor-button elementor-button-link elementor-size-sm\" href=\"\/t1-maler\/kontakt\">\n\t\t\t\t\t\t<span class=\"elementor-button-content-wrapper\">\n\t\t\t\t\t\t\t\t\t<span class=\"elementor-button-text\">jetzt kontaktieren<\/span>\n\t\t\t\t\t<\/span>\n\t\t\t\t\t<\/a>\n\t\t\t\t<\/div>\n\t\t\t\t\t\t\t\t<\/div>\n\t\t\t\t<\/div>\n\t\t\t\t<\/div>\n\t\t\t\t<\/div>\n\t\t\t\t<\/div>\n\t\t\t\t\t<\/div>\n\t\t\t\t<\/div>\n\t\t\t\t<\/div>\n\t\t","protected":false},"excerpt":{"rendered":"<p>\u00dcber Uns Von der Meisterpr\u00fcfung zur \u00f6kologischen Leidenschaft: Unsere Geschichte Nachdem ich im Juni 2016 erfolgreich die Meisterpr\u00fcfung bestanden hatte, gr\u00fcndete ich den Malerfachbetrieb Malermeister GmbH. Im Laufe der Jahre entwickelte sich bei uns ein starkes Interesse an einem verantwortungsbewussten Umgang mit nat\u00fcrlichen Rohstoffen. Dies f\u00fchrte schlie\u00dflich zu einer Leidenschaft f\u00fcr nachhaltig \u00f6kologische Produkte. Heute [&hellip;]<\/p>\n","protected":false},"author":1,"featured_media":0,"parent":0,"menu_order":0,"comment_status":"closed","ping_status":"closed","template":"","meta":{"footnotes":""},"class_list":["post-85","page","type-page","status-publish","hentry"],"_links":{"self":[{"href":"https:\/\/webery-server1.de\/t1-maler\/wp-json\/wp\/v2\/pages\/85","targetHints":{"allow":["GET"]}}],"collection":[{"href":"https:\/\/webery-server1.de\/t1-maler\/wp-json\/wp\/v2\/pages"}],"about":[{"href":"https:\/\/webery-server1.de\/t1-maler\/wp-json\/wp\/v2\/types\/page"}],"author":[{"embeddable":true,"href":"https:\/\/webery-server1.de\/t1-maler\/wp-json\/wp\/v2\/users\/1"}],"replies":[{"embeddable":true,"href":"https:\/\/webery-server1.de\/t1-maler\/wp-json\/wp\/v2\/comments?post=85"}],"version-history":[{"count":3,"href":"https:\/\/webery-server1.de\/t1-maler\/wp-json\/wp\/v2\/pages\/85\/revisions"}],"predecessor-version":[{"id":489,"href":"https:\/\/webery-server1.de\/t1-maler\/wp-json\/wp\/v2\/pages\/85\/revisions\/489"}],"wp:attachment":[{"href":"https:\/\/webery-server1.de\/t1-maler\/wp-json\/wp\/v2\/media?parent=85"}],"curies":[{"name":"wp","href":"https:\/\/api.w.org\/{rel}","templated":true}]}}