{"id":793,"date":"2023-09-03T11:13:21","date_gmt":"2023-09-03T09:13:21","guid":{"rendered":"https:\/\/webery-server1.de\/t10-metallbau\/?page_id=793"},"modified":"2025-03-26T14:47:47","modified_gmt":"2025-03-26T13:47:47","slug":"service","status":"publish","type":"page","link":"https:\/\/webery-server1.de\/t10-metallbau\/service\/","title":{"rendered":"Service"},"content":{"rendered":"\t\t<div data-elementor-type=\"wp-page\" data-elementor-id=\"793\" class=\"elementor elementor-793\" data-elementor-post-type=\"page\">\n\t\t\t\t<div class=\"elementor-element elementor-element-9a4790b e-flex e-con-boxed e-con e-parent\" data-id=\"9a4790b\" data-element_type=\"container\" data-settings=\"{&quot;background_background&quot;:&quot;classic&quot;}\">\n\t\t\t\t\t<div class=\"e-con-inner\">\n\t\t<div class=\"elementor-element elementor-element-a9c2efc e-con-full e-flex e-con e-child\" data-id=\"a9c2efc\" data-element_type=\"container\">\n\t\t\t\t<div class=\"elementor-element elementor-element-b2d8e70 elementor-widget elementor-widget-elementskit-heading\" data-id=\"b2d8e70\" data-element_type=\"widget\" data-widget_type=\"elementskit-heading.default\">\n\t\t\t\t<div class=\"elementor-widget-container\">\n\t\t\t\t\t<div class=\"ekit-wid-con\" ><div class=\"ekit-heading elementskit-section-title-wraper text_center   ekit_heading_tablet-   ekit_heading_mobile-text_center\"><\/div><\/div>\t\t\t\t<\/div>\n\t\t\t\t<\/div>\n\t\t\t\t<\/div>\n\t\t\t\t\t<\/div>\n\t\t\t\t<\/div>\n\t\t<div class=\"elementor-element elementor-element-71678ed e-flex e-con-boxed e-con e-parent\" data-id=\"71678ed\" data-element_type=\"container\">\n\t\t\t\t\t<div class=\"e-con-inner\">\n\t\t<div class=\"elementor-element elementor-element-85b1b68 e-con-full e-flex e-con e-child\" data-id=\"85b1b68\" data-element_type=\"container\">\n\t\t\t\t<div class=\"elementor-element elementor-element-50c1854 elementor-widget elementor-widget-heading\" data-id=\"50c1854\" data-element_type=\"widget\" data-widget_type=\"heading.default\">\n\t\t\t\t<div class=\"elementor-widget-container\">\n\t\t\t\t\t<h2 class=\"elementor-heading-title elementor-size-default\">Beratung<\/h2>\t\t\t\t<\/div>\n\t\t\t\t<\/div>\n\t\t\t\t<div class=\"elementor-element elementor-element-d1a34a0 elementor-widget elementor-widget-text-editor\" data-id=\"d1a34a0\" data-element_type=\"widget\" data-widget_type=\"text-editor.default\">\n\t\t\t\t<div class=\"elementor-widget-container\">\n\t\t\t\t\t\t\t\t\t<p>Wenn Sie Fragen zu unseren Produkten oder rund um Stahl- und Metallbaubranche haben oder Hilfe bei der Planung ben\u00f6tigen, k\u00f6nnen Sie uns gerne anrufen und von der Erfahrung unserer kompetenten Mitarbeiter profitieren. Wir bieten Ihnen eine umfassende Beratung an, um Ihnen bei der L\u00f6sung Ihrer Probleme zu helfen. Dabei gehen wir individuell auf Ihre Bed\u00fcrfnisse ein und finden gemeinsam mit Ihnen die beste L\u00f6sung f\u00fcr Ihr Unternehmen. Unsere Beratung ist kostenlos und unverbindlich.<\/p>\t\t\t\t\t\t\t\t<\/div>\n\t\t\t\t<\/div>\n\t\t\t\t<div class=\"elementor-element elementor-element-4afec39 elementor-widget elementor-widget-button\" data-id=\"4afec39\" data-element_type=\"widget\" data-widget_type=\"button.default\">\n\t\t\t\t<div class=\"elementor-widget-container\">\n\t\t\t\t\t\t\t\t\t<div class=\"elementor-button-wrapper\">\n\t\t\t\t\t<a class=\"elementor-button elementor-button-link elementor-size-sm\" href=\"https:\/\/webery-server1.de\/t10-metallbau\/kontakt\/\">\n\t\t\t\t\t\t<span class=\"elementor-button-content-wrapper\">\n\t\t\t\t\t\t\t\t\t<span class=\"elementor-button-text\">Kontakt aufnehmen!<\/span>\n\t\t\t\t\t<\/span>\n\t\t\t\t\t<\/a>\n\t\t\t\t<\/div>\n\t\t\t\t\t\t\t\t<\/div>\n\t\t\t\t<\/div>\n\t\t\t\t<\/div>\n\t\t\t\t\t<\/div>\n\t\t\t\t<\/div>\n\t\t<div class=\"elementor-element elementor-element-72270bd e-flex e-con-boxed e-con e-parent\" data-id=\"72270bd\" data-element_type=\"container\" data-settings=\"{&quot;background_background&quot;:&quot;classic&quot;}\">\n\t\t\t\t\t<div class=\"e-con-inner\">\n\t\t<div class=\"elementor-element elementor-element-fb2e7b8 e-con-full e-flex e-con e-child\" data-id=\"fb2e7b8\" data-element_type=\"container\">\n\t\t\t\t<div class=\"elementor-element elementor-element-8e8ce00 elementor-widget elementor-widget-heading\" data-id=\"8e8ce00\" data-element_type=\"widget\" data-widget_type=\"heading.default\">\n\t\t\t\t<div class=\"elementor-widget-container\">\n\t\t\t\t\t<h1 class=\"elementor-heading-title elementor-size-default\">Wartung<\/h1>\t\t\t\t<\/div>\n\t\t\t\t<\/div>\n\t\t\t\t<div class=\"elementor-element elementor-element-23b758a elementor-widget elementor-widget-heading\" data-id=\"23b758a\" data-element_type=\"widget\" data-widget_type=\"heading.default\">\n\t\t\t\t<div class=\"elementor-widget-container\">\n\t\t\t\t\t<h2 class=\"elementor-heading-title elementor-size-default\">Wartung in der Stahl- und Metallbaubranche: Effiziente L\u00f6sungen f\u00fcr Ihr Unternehmen<\/h2>\t\t\t\t<\/div>\n\t\t\t\t<\/div>\n\t\t\t\t<div class=\"elementor-element elementor-element-6088e59 elementor-widget elementor-widget-text-editor\" data-id=\"6088e59\" data-element_type=\"widget\" data-widget_type=\"text-editor.default\">\n\t\t\t\t<div class=\"elementor-widget-container\">\n\t\t\t\t\t\t\t\t\t<p>Als Unternehmen in der Stahl- und Metallbaubranche wissen Sie, wie wichtig eine regelm\u00e4\u00dfige Wartung Ihrer Anlagen und Maschinen ist. Eine gut geplante und durchgef\u00fchrte Wartung kann nicht nur die Lebensdauer Ihrer Ger\u00e4te verl\u00e4ngern, sondern auch die Produktivit\u00e4t steigern und Ausfallzeiten minimieren.<\/p>\t\t\t\t\t\t\t\t<\/div>\n\t\t\t\t<\/div>\n\t\t\t\t<div class=\"elementor-element elementor-element-6b599e5 elementor-widget elementor-widget-toggle\" data-id=\"6b599e5\" data-element_type=\"widget\" data-widget_type=\"toggle.default\">\n\t\t\t\t<div class=\"elementor-widget-container\">\n\t\t\t\t\t\t\t<div class=\"elementor-toggle\">\n\t\t\t\t\t\t\t<div class=\"elementor-toggle-item\">\n\t\t\t\t\t<div id=\"elementor-tab-title-1121\" class=\"elementor-tab-title\" data-tab=\"1\" role=\"button\" aria-controls=\"elementor-tab-content-1121\" aria-expanded=\"false\">\n\t\t\t\t\t\t\t\t\t\t\t\t<span class=\"elementor-toggle-icon elementor-toggle-icon-right\" aria-hidden=\"true\">\n\t\t\t\t\t\t\t\t\t\t\t\t\t\t\t<span class=\"elementor-toggle-icon-closed\"><i class=\"fas fa-angle-double-down\"><\/i><\/span>\n\t\t\t\t\t\t\t\t<span class=\"elementor-toggle-icon-opened\"><i class=\"elementor-toggle-icon-opened fas fa-angle-double-up\"><\/i><\/span>\n\t\t\t\t\t\t\t\t\t\t\t\t\t<\/span>\n\t\t\t\t\t\t\t\t\t\t\t\t<a class=\"elementor-toggle-title\" tabindex=\"0\">mehr lesen<\/a>\n\t\t\t\t\t<\/div>\n\n\t\t\t\t\t<div id=\"elementor-tab-content-1121\" class=\"elementor-tab-content elementor-clearfix\" data-tab=\"1\" role=\"region\" aria-labelledby=\"elementor-tab-title-1121\"><p>Unser Unternehmen bietet Ihnen effiziente L\u00f6sungen f\u00fcr die Wartung in der Stahl- und Metallbaubranche. Unsere erfahrenen Techniker sind spezialisiert auf die Wartung und Instandhaltung von Anlagen und Maschinen in diesem Bereich. Wir verstehen die spezifischen Anforderungen Ihrer Branche und arbeiten eng mit Ihnen zusammen, um ma\u00dfgeschneiderte Wartungspl\u00e4ne zu entwickeln, die Ihren Bed\u00fcrfnissen entsprechen.<\/p><p>Unser Wartungsservice umfasst eine gr\u00fcndliche Inspektion Ihrer Anlagen, die Identifizierung potenzieller Probleme und die Durchf\u00fchrung von vorbeugenden Ma\u00dfnahmen, um Ausf\u00e4lle zu vermeiden. Wir verwenden modernste Technologien und Werkzeuge, um eine effiziente und pr\u00e4zise Wartung durchzuf\u00fchren. Unser Ziel ist es, Ihre Anlagen in einem optimalen Zustand zu halten und m\u00f6gliche St\u00f6rungen fr\u00fchzeitig zu erkennen, um kostspielige Reparaturen zu vermeiden.<\/p><p>Dar\u00fcber hinaus bieten wir Ihnen einen zuverl\u00e4ssigen Notfallservice, der rund um die Uhr verf\u00fcgbar ist. Falls es zu unvorhergesehenen Problemen oder Ausf\u00e4llen kommt, k\u00f6nnen Sie sich auf unsere schnelle Reaktionszeit und kompetente Unterst\u00fctzung verlassen.<\/p><p>Mit unserem Wartungsservice f\u00fcr die Stahl- und Metallbaubranche k\u00f6nnen Sie sich auf Ihr Kerngesch\u00e4ft konzentrieren, w\u00e4hrend wir uns um die optimale Funktionalit\u00e4t Ihrer Anlagen k\u00fcmmern. Kontaktieren Sie uns noch heute, um mehr \u00fcber unsere Dienstleistungen zu erfahren und wie wir Ihnen helfen k\u00f6nnen, die Effizienz und Zuverl\u00e4ssigkeit Ihrer Betriebsmittel zu verbessern.<\/p><\/div>\n\t\t\t\t<\/div>\n\t\t\t\t\t\t\t\t<\/div>\n\t\t\t\t\t\t<\/div>\n\t\t\t\t<\/div>\n\t\t\t\t<div class=\"elementor-element elementor-element-887656b elementor-widget elementor-widget-text-editor\" data-id=\"887656b\" data-element_type=\"widget\" data-widget_type=\"text-editor.default\">\n\t\t\t\t<div class=\"elementor-widget-container\">\n\t\t\t\t\t\t\t\t\t<p>Wir freuen uns darauf, mit Ihnen zusammenzuarbeiten und Ihnen ma\u00dfgeschneiderte Wartungsl\u00f6sungen anzubieten, die auf die spezifischen Anforderungen Ihres Unternehmens zugeschnitten sind<\/p>\t\t\t\t\t\t\t\t<\/div>\n\t\t\t\t<\/div>\n\t\t\t\t<div class=\"elementor-element elementor-element-58df0ad elementor-widget elementor-widget-button\" data-id=\"58df0ad\" data-element_type=\"widget\" data-widget_type=\"button.default\">\n\t\t\t\t<div class=\"elementor-widget-container\">\n\t\t\t\t\t\t\t\t\t<div class=\"elementor-button-wrapper\">\n\t\t\t\t\t<a class=\"elementor-button elementor-button-link elementor-size-sm\" href=\"https:\/\/webery-server1.de\/t10-metallbau\/kontakt\/\">\n\t\t\t\t\t\t<span class=\"elementor-button-content-wrapper\">\n\t\t\t\t\t\t\t\t\t<span class=\"elementor-button-text\">Kontakt aufnehmen!<\/span>\n\t\t\t\t\t<\/span>\n\t\t\t\t\t<\/a>\n\t\t\t\t<\/div>\n\t\t\t\t\t\t\t\t<\/div>\n\t\t\t\t<\/div>\n\t\t\t\t<\/div>\n\t\t<div class=\"elementor-element elementor-element-18752d9 e-con-full e-flex e-con e-child\" data-id=\"18752d9\" data-element_type=\"container\">\n\t\t\t\t<div class=\"elementor-element elementor-element-3443f8e elementor-arrows-position-inside elementor-pagination-position-outside elementor-widget elementor-widget-image-carousel\" data-id=\"3443f8e\" data-element_type=\"widget\" data-settings=\"{&quot;slides_to_show&quot;:&quot;1&quot;,&quot;navigation&quot;:&quot;both&quot;,&quot;autoplay&quot;:&quot;yes&quot;,&quot;pause_on_hover&quot;:&quot;yes&quot;,&quot;pause_on_interaction&quot;:&quot;yes&quot;,&quot;autoplay_speed&quot;:5000,&quot;infinite&quot;:&quot;yes&quot;,&quot;effect&quot;:&quot;slide&quot;,&quot;speed&quot;:500}\" data-widget_type=\"image-carousel.default\">\n\t\t\t\t<div class=\"elementor-widget-container\">\n\t\t\t\t\t\t\t<div class=\"elementor-image-carousel-wrapper swiper\" role=\"region\" aria-roledescription=\"carousel\" aria-label=\"Bild Karussell\" dir=\"ltr\">\n\t\t\t<div class=\"elementor-image-carousel swiper-wrapper\" aria-live=\"off\">\n\t\t\t\t\t\t\t\t<div class=\"swiper-slide\" role=\"group\" aria-roledescription=\"slide\" aria-label=\"1 von 3\"><figure class=\"swiper-slide-inner\"><img decoding=\"async\" class=\"swiper-slide-image\" src=\"https:\/\/webery-server1.de\/t10-metallbau\/wp-content\/uploads\/2023\/09\/Leistungen-Metallbau-2.jpeg\" alt=\"Leistungen Metallbau 2\" \/><\/figure><\/div><div class=\"swiper-slide\" role=\"group\" aria-roledescription=\"slide\" aria-label=\"2 von 3\"><figure class=\"swiper-slide-inner\"><img decoding=\"async\" class=\"swiper-slide-image\" src=\"https:\/\/webery-server1.de\/t10-metallbau\/wp-content\/uploads\/2023\/09\/Leistungen-Metallbau1.jpeg\" alt=\"Leistungen Metallbau1\" \/><\/figure><\/div><div class=\"swiper-slide\" role=\"group\" aria-roledescription=\"slide\" aria-label=\"3 von 3\"><figure class=\"swiper-slide-inner\"><img decoding=\"async\" class=\"swiper-slide-image\" src=\"https:\/\/webery-server1.de\/t10-metallbau\/wp-content\/uploads\/2023\/09\/Metallbau-Leistung-3.jpeg\" alt=\"Metallbau Leistung 3\" \/><\/figure><\/div>\t\t\t<\/div>\n\t\t\t\t\t\t\t\t\t\t\t\t<div class=\"elementor-swiper-button elementor-swiper-button-prev\" role=\"button\" tabindex=\"0\">\n\t\t\t\t\t\t<i aria-hidden=\"true\" class=\"eicon-chevron-left\"><\/i>\t\t\t\t\t<\/div>\n\t\t\t\t\t<div class=\"elementor-swiper-button elementor-swiper-button-next\" role=\"button\" tabindex=\"0\">\n\t\t\t\t\t\t<i aria-hidden=\"true\" class=\"eicon-chevron-right\"><\/i>\t\t\t\t\t<\/div>\n\t\t\t\t\n\t\t\t\t\t\t\t\t\t<div class=\"swiper-pagination\"><\/div>\n\t\t\t\t\t\t\t\t\t<\/div>\n\t\t\t\t\t\t<\/div>\n\t\t\t\t<\/div>\n\t\t\t\t<\/div>\n\t\t\t\t\t<\/div>\n\t\t\t\t<\/div>\n\t\t<div class=\"elementor-element elementor-element-f0a241b e-flex e-con-boxed e-con e-parent\" data-id=\"f0a241b\" data-element_type=\"container\">\n\t\t\t\t\t<div class=\"e-con-inner\">\n\t\t<div class=\"elementor-element elementor-element-46c1a90 e-con-full e-flex e-con e-child\" data-id=\"46c1a90\" data-element_type=\"container\">\n\t\t\t\t<div class=\"elementor-element elementor-element-2f09513 elementor-widget elementor-widget-heading\" data-id=\"2f09513\" data-element_type=\"widget\" data-widget_type=\"heading.default\">\n\t\t\t\t<div class=\"elementor-widget-container\">\n\t\t\t\t\t<h2 class=\"elementor-heading-title elementor-size-default\">Instandsetzung\/ Optimierung<\/h2>\t\t\t\t<\/div>\n\t\t\t\t<\/div>\n\t\t\t\t<div class=\"elementor-element elementor-element-6b8b400 elementor-widget elementor-widget-text-editor\" data-id=\"6b8b400\" data-element_type=\"widget\" data-widget_type=\"text-editor.default\">\n\t\t\t\t<div class=\"elementor-widget-container\">\n\t\t\t\t\t\t\t\t\t<p>Unser Unternehmen ist auf die Instandsetzung und Wartung von Anlagen und Maschinen in der Stahl- und Metallbaubranche spezialisiert. Wir bieten unseren Kunden eine umfassende Palette von Dienstleistungen, die von der regelm\u00e4\u00dfigen Wartung bis hin zur schnellen Reparatur im Notfall reichen. Unsere erfahrenen Techniker sind mit den neuesten Technologien und Verfahren vertraut und k\u00f6nnen schnell und effektiv auf Probleme reagieren, um die Ausfallzeiten zu minimieren und die Produktivit\u00e4t zu maximieren.<\/p><p>Wir verstehen, dass die Instandhaltung und Reparatur von Anlagen und Maschinen in der Stahl- und Metallbaubranche von entscheidender Bedeutung ist. Deshalb bieten wir unseren Kunden einen zuverl\u00e4ssigen und schnellen Service, der auf ihre spezifischen Bed\u00fcrfnisse zugeschnitten ist. Wir arbeiten eng mit unseren Kunden zusammen, um sicherzustellen, dass ihre Anlagen und Maschinen in einwandfreiem Zustand sind und ihre Produktion reibungslos verl\u00e4uft. Kontaktieren Sie uns noch heute, um mehr dar\u00fcber zu erfahren, wie wir Ihnen helfen k\u00f6nnen, Ihre Produktivit\u00e4t zu steigern und Ihre Ausfallzeiten zu minimieren.<\/p>\t\t\t\t\t\t\t\t<\/div>\n\t\t\t\t<\/div>\n\t\t\t\t<div class=\"elementor-element elementor-element-7e182e7 elementor-widget elementor-widget-button\" data-id=\"7e182e7\" data-element_type=\"widget\" data-widget_type=\"button.default\">\n\t\t\t\t<div class=\"elementor-widget-container\">\n\t\t\t\t\t\t\t\t\t<div class=\"elementor-button-wrapper\">\n\t\t\t\t\t<a class=\"elementor-button elementor-button-link elementor-size-sm\" href=\"https:\/\/webery-server1.de\/t10-metallbau\/kontakt\/\">\n\t\t\t\t\t\t<span class=\"elementor-button-content-wrapper\">\n\t\t\t\t\t\t\t\t\t<span class=\"elementor-button-text\">Kontakt aufnehmen!<\/span>\n\t\t\t\t\t<\/span>\n\t\t\t\t\t<\/a>\n\t\t\t\t<\/div>\n\t\t\t\t\t\t\t\t<\/div>\n\t\t\t\t<\/div>\n\t\t\t\t<\/div>\n\t\t<div class=\"elementor-element elementor-element-b379194 e-con-full e-flex e-con e-child\" data-id=\"b379194\" data-element_type=\"container\">\n\t\t\t\t<div class=\"elementor-element elementor-element-605abb5 elementor-arrows-position-inside elementor-pagination-position-outside elementor-widget elementor-widget-image-carousel\" data-id=\"605abb5\" data-element_type=\"widget\" data-settings=\"{&quot;slides_to_show&quot;:&quot;1&quot;,&quot;navigation&quot;:&quot;both&quot;,&quot;autoplay&quot;:&quot;yes&quot;,&quot;pause_on_hover&quot;:&quot;yes&quot;,&quot;pause_on_interaction&quot;:&quot;yes&quot;,&quot;autoplay_speed&quot;:5000,&quot;infinite&quot;:&quot;yes&quot;,&quot;effect&quot;:&quot;slide&quot;,&quot;speed&quot;:500}\" data-widget_type=\"image-carousel.default\">\n\t\t\t\t<div class=\"elementor-widget-container\">\n\t\t\t\t\t\t\t<div class=\"elementor-image-carousel-wrapper swiper\" role=\"region\" aria-roledescription=\"carousel\" aria-label=\"Bild Karussell\" dir=\"ltr\">\n\t\t\t<div class=\"elementor-image-carousel swiper-wrapper\" aria-live=\"off\">\n\t\t\t\t\t\t\t\t<div class=\"swiper-slide\" role=\"group\" aria-roledescription=\"slide\" aria-label=\"1 von 5\"><figure class=\"swiper-slide-inner\"><img decoding=\"async\" class=\"swiper-slide-image\" src=\"https:\/\/webery-server1.de\/t10-metallbau\/wp-content\/uploads\/2023\/09\/Massgeschneiderte-Metallbau-Produkte5.jpeg\" alt=\"Ma\u00dfgeschneiderte Metallbau-Produkte5\" \/><\/figure><\/div><div class=\"swiper-slide\" role=\"group\" aria-roledescription=\"slide\" aria-label=\"2 von 5\"><figure class=\"swiper-slide-inner\"><img decoding=\"async\" class=\"swiper-slide-image\" src=\"https:\/\/webery-server1.de\/t10-metallbau\/wp-content\/uploads\/2023\/09\/Massgeschneiderte-Metallbau-Produkte4.jpeg\" alt=\"Ma\u00dfgeschneiderte Metallbau-Produkte4\" \/><\/figure><\/div><div class=\"swiper-slide\" role=\"group\" aria-roledescription=\"slide\" aria-label=\"3 von 5\"><figure class=\"swiper-slide-inner\"><img decoding=\"async\" class=\"swiper-slide-image\" src=\"https:\/\/webery-server1.de\/t10-metallbau\/wp-content\/uploads\/2023\/09\/Massgeschneiderte-Metallbau-Produkte3.jpeg\" alt=\"Ma\u00dfgeschneiderte Metallbau-Produkte3\" \/><\/figure><\/div><div class=\"swiper-slide\" role=\"group\" aria-roledescription=\"slide\" aria-label=\"4 von 5\"><figure class=\"swiper-slide-inner\"><img decoding=\"async\" class=\"swiper-slide-image\" src=\"https:\/\/webery-server1.de\/t10-metallbau\/wp-content\/uploads\/2023\/09\/Massgeschneiderte-Metallbau-Produkte2.jpeg\" alt=\"Ma\u00dfgeschneiderte Metallbau-Produkte2\" \/><\/figure><\/div><div class=\"swiper-slide\" role=\"group\" aria-roledescription=\"slide\" aria-label=\"5 von 5\"><figure class=\"swiper-slide-inner\"><img decoding=\"async\" class=\"swiper-slide-image\" src=\"https:\/\/webery-server1.de\/t10-metallbau\/wp-content\/uploads\/2023\/09\/Massgeschneiderte-Metallbau-Produkte1.jpeg\" alt=\"Ma\u00dfgeschneiderte Metallbau-Produkte1\" \/><\/figure><\/div>\t\t\t<\/div>\n\t\t\t\t\t\t\t\t\t\t\t\t<div class=\"elementor-swiper-button elementor-swiper-button-prev\" role=\"button\" tabindex=\"0\">\n\t\t\t\t\t\t<i aria-hidden=\"true\" class=\"eicon-chevron-left\"><\/i>\t\t\t\t\t<\/div>\n\t\t\t\t\t<div class=\"elementor-swiper-button elementor-swiper-button-next\" role=\"button\" tabindex=\"0\">\n\t\t\t\t\t\t<i aria-hidden=\"true\" class=\"eicon-chevron-right\"><\/i>\t\t\t\t\t<\/div>\n\t\t\t\t\n\t\t\t\t\t\t\t\t\t<div class=\"swiper-pagination\"><\/div>\n\t\t\t\t\t\t\t\t\t<\/div>\n\t\t\t\t\t\t<\/div>\n\t\t\t\t<\/div>\n\t\t\t\t<\/div>\n\t\t\t\t\t<\/div>\n\t\t\t\t<\/div>\n\t\t<div class=\"elementor-element elementor-element-e9fc6c7 e-flex e-con-boxed e-con e-parent\" data-id=\"e9fc6c7\" data-element_type=\"container\" data-settings=\"{&quot;background_background&quot;:&quot;classic&quot;}\">\n\t\t\t\t\t<div class=\"e-con-inner\">\n\t\t<div class=\"elementor-element elementor-element-f8c962e e-con-full e-flex e-con e-child\" data-id=\"f8c962e\" data-element_type=\"container\">\n\t\t\t\t<div class=\"elementor-element elementor-element-3b2af05 elementor-widget elementor-widget-heading\" data-id=\"3b2af05\" data-element_type=\"widget\" data-widget_type=\"heading.default\">\n\t\t\t\t<div class=\"elementor-widget-container\">\n\t\t\t\t\t<h2 class=\"elementor-heading-title elementor-size-default\">Wir freuen uns auf Ihre Anfrage!<\/h2>\t\t\t\t<\/div>\n\t\t\t\t<\/div>\n\t\t\t\t<div class=\"elementor-element elementor-element-f9ccb87 elementor-align-center elementor-widget elementor-widget-button\" data-id=\"f9ccb87\" data-element_type=\"widget\" data-widget_type=\"button.default\">\n\t\t\t\t<div class=\"elementor-widget-container\">\n\t\t\t\t\t\t\t\t\t<div class=\"elementor-button-wrapper\">\n\t\t\t\t\t<a class=\"elementor-button elementor-button-link elementor-size-sm\" href=\"https:\/\/webery-server1.de\/t10-metallbau\/kontakt\/\">\n\t\t\t\t\t\t<span class=\"elementor-button-content-wrapper\">\n\t\t\t\t\t\t\t\t\t<span class=\"elementor-button-text\">Kontakt aufnehmen<\/span>\n\t\t\t\t\t<\/span>\n\t\t\t\t\t<\/a>\n\t\t\t\t<\/div>\n\t\t\t\t\t\t\t\t<\/div>\n\t\t\t\t<\/div>\n\t\t\t\t<\/div>\n\t\t\t\t\t<\/div>\n\t\t\t\t<\/div>\n\t\t\t\t<\/div>\n\t\t","protected":false},"excerpt":{"rendered":"<p>Beratung Wenn Sie Fragen zu unseren Produkten oder rund um Stahl- und Metallbaubranche haben oder Hilfe bei der Planung ben\u00f6tigen, k\u00f6nnen Sie uns gerne anrufen und von der Erfahrung unserer kompetenten Mitarbeiter profitieren. Wir bieten Ihnen eine umfassende Beratung an, um Ihnen bei der L\u00f6sung Ihrer Probleme zu helfen. Dabei gehen wir individuell auf Ihre [&hellip;]<\/p>\n","protected":false},"author":1,"featured_media":0,"parent":0,"menu_order":0,"comment_status":"closed","ping_status":"closed","template":"","meta":{"footnotes":""},"class_list":["post-793","page","type-page","status-publish","hentry"],"_links":{"self":[{"href":"https:\/\/webery-server1.de\/t10-metallbau\/wp-json\/wp\/v2\/pages\/793","targetHints":{"allow":["GET"]}}],"collection":[{"href":"https:\/\/webery-server1.de\/t10-metallbau\/wp-json\/wp\/v2\/pages"}],"about":[{"href":"https:\/\/webery-server1.de\/t10-metallbau\/wp-json\/wp\/v2\/types\/page"}],"author":[{"embeddable":true,"href":"https:\/\/webery-server1.de\/t10-metallbau\/wp-json\/wp\/v2\/users\/1"}],"replies":[{"embeddable":true,"href":"https:\/\/webery-server1.de\/t10-metallbau\/wp-json\/wp\/v2\/comments?post=793"}],"version-history":[{"count":10,"href":"https:\/\/webery-server1.de\/t10-metallbau\/wp-json\/wp\/v2\/pages\/793\/revisions"}],"predecessor-version":[{"id":904,"href":"https:\/\/webery-server1.de\/t10-metallbau\/wp-json\/wp\/v2\/pages\/793\/revisions\/904"}],"wp:attachment":[{"href":"https:\/\/webery-server1.de\/t10-metallbau\/wp-json\/wp\/v2\/media?parent=793"}],"curies":[{"name":"wp","href":"https:\/\/api.w.org\/{rel}","templated":true}]}}