{"id":344,"date":"2023-08-12T18:49:16","date_gmt":"2023-08-12T16:49:16","guid":{"rendered":"https:\/\/webery-server1.de\/t13-energieberatung\/?page_id=344"},"modified":"2025-04-01T12:16:07","modified_gmt":"2025-04-01T10:16:07","slug":"energie","status":"publish","type":"page","link":"https:\/\/webery-server1.de\/t13-energieberatung\/energie\/","title":{"rendered":"Energie"},"content":{"rendered":"\t\t<div data-elementor-type=\"wp-page\" data-elementor-id=\"344\" class=\"elementor elementor-344\" data-elementor-post-type=\"page\">\n\t\t\t\t<div class=\"elementor-element elementor-element-264cadc e-flex e-con-boxed e-con e-parent\" data-id=\"264cadc\" data-element_type=\"container\" data-settings=\"{&quot;background_background&quot;:&quot;gradient&quot;}\">\n\t\t\t\t\t<div class=\"e-con-inner\">\n\t\t<div class=\"elementor-element elementor-element-b8e223c e-con-full e-flex e-con e-child\" data-id=\"b8e223c\" data-element_type=\"container\">\n\t\t\t\t<div class=\"elementor-element elementor-element-e85d28e elementor-widget elementor-widget-elementskit-heading\" data-id=\"e85d28e\" data-element_type=\"widget\" data-widget_type=\"elementskit-heading.default\">\n\t\t\t\t<div class=\"elementor-widget-container\">\n\t\t\t\t\t<div class=\"ekit-wid-con\" ><div class=\"ekit-heading elementskit-section-title-wraper text_left   ekit_heading_tablet-   ekit_heading_mobile-text_center\"><h1 class=\"ekit-heading--title elementskit-section-title \">Energieverbrauchs- und Energiebedarfsausweise<\/h1><\/div><\/div>\t\t\t\t<\/div>\n\t\t\t\t<\/div>\n\t\t\t\t<\/div>\n\t\t\t\t\t<\/div>\n\t\t\t\t<\/div>\n\t\t<div class=\"elementor-element elementor-element-a33d6fe e-flex e-con-boxed e-con e-parent\" data-id=\"a33d6fe\" data-element_type=\"container\">\n\t\t\t\t\t<div class=\"e-con-inner\">\n\t\t<div class=\"elementor-element elementor-element-26b70ed e-con-full e-flex e-con e-child\" data-id=\"26b70ed\" data-element_type=\"container\">\n\t\t\t\t<div class=\"elementor-element elementor-element-e29a1ec elementor-widget elementor-widget-text-editor\" data-id=\"e29a1ec\" data-element_type=\"widget\" data-widget_type=\"text-editor.default\">\n\t\t\t\t<div class=\"elementor-widget-container\">\n\t\t\t\t\t\t\t\t\t<p>F\u00fcr ein Unternehmen der Energieberatung k\u00f6nnte der folgende Text f\u00fcr die Internetseite zum Thema Energieverbrauchs- und Energiebedarfsausweise verwendet werden:<\/p>\t\t\t\t\t\t\t\t<\/div>\n\t\t\t\t<\/div>\n\t\t\t\t<\/div>\n\t\t<div class=\"elementor-element elementor-element-fce22e7 e-con-full e-flex e-con e-child\" data-id=\"fce22e7\" data-element_type=\"container\">\n\t\t\t\t<div class=\"elementor-element elementor-element-0e03342 elementor-widget elementor-widget-image\" data-id=\"0e03342\" data-element_type=\"widget\" data-widget_type=\"image.default\">\n\t\t\t\t<div class=\"elementor-widget-container\">\n\t\t\t\t\t\t\t\t\t\t\t\t\t\t\t<img fetchpriority=\"high\" decoding=\"async\" width=\"800\" height=\"601\" src=\"https:\/\/webery-server1.de\/t13-energieberatung\/wp-content\/uploads\/2023\/08\/Energieberatung-1024x769.jpeg\" class=\"attachment-large size-large wp-image-851\" alt=\"\" srcset=\"https:\/\/webery-server1.de\/t13-energieberatung\/wp-content\/uploads\/2023\/08\/Energieberatung-1024x769.jpeg 1024w, https:\/\/webery-server1.de\/t13-energieberatung\/wp-content\/uploads\/2023\/08\/Energieberatung-300x225.jpeg 300w, https:\/\/webery-server1.de\/t13-energieberatung\/wp-content\/uploads\/2023\/08\/Energieberatung-768x576.jpeg 768w, https:\/\/webery-server1.de\/t13-energieberatung\/wp-content\/uploads\/2023\/08\/Energieberatung-1536x1153.jpeg 1536w, https:\/\/webery-server1.de\/t13-energieberatung\/wp-content\/uploads\/2023\/08\/Energieberatung.jpeg 2000w\" sizes=\"(max-width: 800px) 100vw, 800px\" \/>\t\t\t\t\t\t\t\t\t\t\t\t\t\t\t<\/div>\n\t\t\t\t<\/div>\n\t\t\t\t<\/div>\n\t\t\t\t\t<\/div>\n\t\t\t\t<\/div>\n\t\t<div class=\"elementor-element elementor-element-81cc9ae e-flex e-con-boxed e-con e-parent\" data-id=\"81cc9ae\" data-element_type=\"container\" data-settings=\"{&quot;background_background&quot;:&quot;classic&quot;}\">\n\t\t\t\t\t<div class=\"e-con-inner\">\n\t\t<div class=\"elementor-element elementor-element-a841c84 e-con-full e-flex e-con e-child\" data-id=\"a841c84\" data-element_type=\"container\">\n\t\t\t\t<div class=\"elementor-element elementor-element-7400f6b elementor-widget elementor-widget-heading\" data-id=\"7400f6b\" data-element_type=\"widget\" data-widget_type=\"heading.default\">\n\t\t\t\t<div class=\"elementor-widget-container\">\n\t\t\t\t\t<h2 class=\"elementor-heading-title elementor-size-default\">Energieausweise<\/h2>\t\t\t\t<\/div>\n\t\t\t\t<\/div>\n\t\t\t\t<div class=\"elementor-element elementor-element-3ea4edc elementor-widget elementor-widget-text-editor\" data-id=\"3ea4edc\" data-element_type=\"widget\" data-widget_type=\"text-editor.default\">\n\t\t\t\t<div class=\"elementor-widget-container\">\n\t\t\t\t\t\t\t\t\t<p>Beide Arten von Energieausweisen sind gesetzlich vorgeschrieben und m\u00fcssen bei Vermietung oder Verkauf eines Geb\u00e4udes vorgelegt werden. Wir von der Energieberatungs GmbH helfen Ihnen gerne bei der Erstellung des passenden Energieausweises f\u00fcr Ihr Geb\u00e4ude. Kontaktieren Sie uns f\u00fcr eine individuelle Energieberatung.<\/p><p>\u00a0<\/p>\t\t\t\t\t\t\t\t<\/div>\n\t\t\t\t<\/div>\n\t\t\t\t<div class=\"elementor-element elementor-element-12c866b elementor-widget elementor-widget-image\" data-id=\"12c866b\" data-element_type=\"widget\" data-widget_type=\"image.default\">\n\t\t\t\t<div class=\"elementor-widget-container\">\n\t\t\t\t\t\t\t\t\t\t\t\t\t\t\t<img decoding=\"async\" width=\"800\" height=\"573\" src=\"https:\/\/webery-server1.de\/t13-energieberatung\/wp-content\/uploads\/2023\/08\/Energieausweis-1024x733.jpeg\" class=\"attachment-large size-large wp-image-850\" alt=\"\" srcset=\"https:\/\/webery-server1.de\/t13-energieberatung\/wp-content\/uploads\/2023\/08\/Energieausweis-1024x733.jpeg 1024w, https:\/\/webery-server1.de\/t13-energieberatung\/wp-content\/uploads\/2023\/08\/Energieausweis-300x215.jpeg 300w, https:\/\/webery-server1.de\/t13-energieberatung\/wp-content\/uploads\/2023\/08\/Energieausweis-768x550.jpeg 768w, https:\/\/webery-server1.de\/t13-energieberatung\/wp-content\/uploads\/2023\/08\/Energieausweis-1536x1099.jpeg 1536w, https:\/\/webery-server1.de\/t13-energieberatung\/wp-content\/uploads\/2023\/08\/Energieausweis.jpeg 2000w\" sizes=\"(max-width: 800px) 100vw, 800px\" \/>\t\t\t\t\t\t\t\t\t\t\t\t\t\t\t<\/div>\n\t\t\t\t<\/div>\n\t\t\t\t<\/div>\n\t\t<div class=\"elementor-element elementor-element-d695e5f e-con-full e-flex e-con e-child\" data-id=\"d695e5f\" data-element_type=\"container\">\n\t\t\t\t<div class=\"elementor-element elementor-element-eb1e6a5 ekit-equal-height-disable elementor-widget elementor-widget-elementskit-icon-box\" data-id=\"eb1e6a5\" data-element_type=\"widget\" data-widget_type=\"elementskit-icon-box.default\">\n\t\t\t\t<div class=\"elementor-widget-container\">\n\t\t\t\t\t<div class=\"ekit-wid-con\" >        <!-- link opening -->\n                <!-- end link opening -->\n\n        <div class=\"elementskit-infobox text- text-left icon-lef-right-aligin elementor-animation- media  \">\n                    <div class=\"elementskit-box-header elementor-animation-\">\n                <div class=\"elementskit-info-box-icon  text-center\">\n                    <i aria-hidden=\"true\" class=\"elementkit-infobox-icon icon icon-Leaf\"><\/i>\n                <\/div>\n          <\/div>\n                        <div class=\"box-body\">\n                            <h3 class=\"elementskit-info-box-title\">\n                    Verbrauchsausweis und Bedarfsausweis                <\/h3>\n                        \t\t  \t<p>Ein Energieausweis ist ein Steckbrief f\u00fcr Wohngeb\u00e4ude, der die Energieeffizienz eines Hauses bewertet. Es gibt zwei Arten von Energieausweisen: den Verbrauchsausweis und den Bedarfsausweis.<\/p>\n                                <\/div>\n        \n        \n                <\/div>\n        <\/div>\t\t\t\t<\/div>\n\t\t\t\t<\/div>\n\t\t\t\t<div class=\"elementor-element elementor-element-6476fab ekit-equal-height-disable elementor-widget elementor-widget-elementskit-icon-box\" data-id=\"6476fab\" data-element_type=\"widget\" data-widget_type=\"elementskit-icon-box.default\">\n\t\t\t\t<div class=\"elementor-widget-container\">\n\t\t\t\t\t<div class=\"ekit-wid-con\" >        <!-- link opening -->\n                <!-- end link opening -->\n\n        <div class=\"elementskit-infobox text- text-left icon-lef-right-aligin elementor-animation- media  \">\n                    <div class=\"elementskit-box-header elementor-animation-\">\n                <div class=\"elementskit-info-box-icon  text-center\">\n                    <i aria-hidden=\"true\" class=\"elementkit-infobox-icon icon icon-Leaf\"><\/i>\n                <\/div>\n          <\/div>\n                        <div class=\"box-body\">\n                            <h3 class=\"elementskit-info-box-title\">\n                    Verbrauchsausweis                <\/h3>\n                        \t\t  \t<p>Der Verbrauchsausweis gibt den Energieverbrauch der Geb\u00e4udebewohner in den vergangenen drei Jahren f\u00fcr Heizung und Warmwasserbereitung an. Er wird als \"kleiner\" Energieausweis bezeichnet und kann bei Vermietung und Verkauf in den meisten F\u00e4llen verwendet werden. Der Verbrauchsausweis ist eine gute Wahl, wenn das Geb\u00e4ude bereits einige Jahre alt ist und der Energieverbrauch der Bewohner bekannt ist.<\/p>\n                                <\/div>\n        \n        \n                <\/div>\n        <\/div>\t\t\t\t<\/div>\n\t\t\t\t<\/div>\n\t\t\t\t<div class=\"elementor-element elementor-element-f69538f ekit-equal-height-disable elementor-widget elementor-widget-elementskit-icon-box\" data-id=\"f69538f\" data-element_type=\"widget\" data-widget_type=\"elementskit-icon-box.default\">\n\t\t\t\t<div class=\"elementor-widget-container\">\n\t\t\t\t\t<div class=\"ekit-wid-con\" >        <!-- link opening -->\n                <!-- end link opening -->\n\n        <div class=\"elementskit-infobox text- text-left icon-lef-right-aligin elementor-animation- media  \">\n                    <div class=\"elementskit-box-header elementor-animation-\">\n                <div class=\"elementskit-info-box-icon  text-center\">\n                    <i aria-hidden=\"true\" class=\"elementkit-infobox-icon icon icon-Leaf\"><\/i>\n                <\/div>\n          <\/div>\n                        <div class=\"box-body\">\n                            <h3 class=\"elementskit-info-box-title\">\n                    Bedarfsausweis                <\/h3>\n                        \t\t  \t<p>Der Bedarfsausweis wird auch als \"gro\u00dfer\" Energieausweis bezeichnet und kann immer verwendet werden. Er bewertet die Energieeffizienz eines Geb\u00e4udes anhand verschiedener Kennwerte und beruht auf einem anderen Berechnungsverfahren als der Verbrauchsausweis. Der Bedarfsausweis ist besonders sinnvoll bei Neubauten und umfassenden Sanierungen, da er die Energieeffizienz des Geb\u00e4udes auf Basis von Baupl\u00e4nen und technischen Daten bewertet.<\/p>\n                                <\/div>\n        \n        \n                <\/div>\n        <\/div>\t\t\t\t<\/div>\n\t\t\t\t<\/div>\n\t\t\t\t<\/div>\n\t\t\t\t\t<\/div>\n\t\t\t\t<\/div>\n\t\t<div class=\"elementor-element elementor-element-3deceb5 e-flex e-con-boxed e-con e-parent\" data-id=\"3deceb5\" data-element_type=\"container\" data-settings=\"{&quot;background_background&quot;:&quot;gradient&quot;}\">\n\t\t\t\t\t<div class=\"e-con-inner\">\n\t\t<div class=\"elementor-element elementor-element-49d8230 e-con-full e-flex e-con e-child\" data-id=\"49d8230\" data-element_type=\"container\">\n\t\t\t\t<div class=\"elementor-element elementor-element-a32c57a elementor-widget elementor-widget-heading\" data-id=\"a32c57a\" data-element_type=\"widget\" data-widget_type=\"heading.default\">\n\t\t\t\t<div class=\"elementor-widget-container\">\n\t\t\t\t\t<h2 class=\"elementor-heading-title elementor-size-default\">Wir freuen uns \u00fcber Ihren Anruf. <\/h2>\t\t\t\t<\/div>\n\t\t\t\t<\/div>\n\t\t\t\t<div class=\"elementor-element elementor-element-28c8058 elementor-align-center elementor-widget elementor-widget-button\" data-id=\"28c8058\" data-element_type=\"widget\" data-widget_type=\"button.default\">\n\t\t\t\t<div class=\"elementor-widget-container\">\n\t\t\t\t\t\t\t\t\t<div class=\"elementor-button-wrapper\">\n\t\t\t\t\t<a class=\"elementor-button elementor-button-link elementor-size-sm\" href=\"https:\/\/webery-server1.de\/t13-energieberatung\/kontakt\/\">\n\t\t\t\t\t\t<span class=\"elementor-button-content-wrapper\">\n\t\t\t\t\t\t\t\t\t<span class=\"elementor-button-text\">jetzt kontaktieren<\/span>\n\t\t\t\t\t<\/span>\n\t\t\t\t\t<\/a>\n\t\t\t\t<\/div>\n\t\t\t\t\t\t\t\t<\/div>\n\t\t\t\t<\/div>\n\t\t\t\t<\/div>\n\t\t\t\t\t<\/div>\n\t\t\t\t<\/div>\n\t\t\t\t<\/div>\n\t\t","protected":false},"excerpt":{"rendered":"<p>Energieverbrauchs- und Energiebedarfsausweise F\u00fcr ein Unternehmen der Energieberatung k\u00f6nnte der folgende Text f\u00fcr die Internetseite zum Thema Energieverbrauchs- und Energiebedarfsausweise verwendet werden: Energieausweise Beide Arten von Energieausweisen sind gesetzlich vorgeschrieben und m\u00fcssen bei Vermietung oder Verkauf eines Geb\u00e4udes vorgelegt werden. Wir von der Energieberatungs GmbH helfen Ihnen gerne bei der Erstellung des passenden Energieausweises f\u00fcr [&hellip;]<\/p>\n","protected":false},"author":1,"featured_media":0,"parent":0,"menu_order":0,"comment_status":"closed","ping_status":"closed","template":"","meta":{"footnotes":""},"class_list":["post-344","page","type-page","status-publish","hentry"],"_links":{"self":[{"href":"https:\/\/webery-server1.de\/t13-energieberatung\/wp-json\/wp\/v2\/pages\/344","targetHints":{"allow":["GET"]}}],"collection":[{"href":"https:\/\/webery-server1.de\/t13-energieberatung\/wp-json\/wp\/v2\/pages"}],"about":[{"href":"https:\/\/webery-server1.de\/t13-energieberatung\/wp-json\/wp\/v2\/types\/page"}],"author":[{"embeddable":true,"href":"https:\/\/webery-server1.de\/t13-energieberatung\/wp-json\/wp\/v2\/users\/1"}],"replies":[{"embeddable":true,"href":"https:\/\/webery-server1.de\/t13-energieberatung\/wp-json\/wp\/v2\/comments?post=344"}],"version-history":[{"count":6,"href":"https:\/\/webery-server1.de\/t13-energieberatung\/wp-json\/wp\/v2\/pages\/344\/revisions"}],"predecessor-version":[{"id":1100,"href":"https:\/\/webery-server1.de\/t13-energieberatung\/wp-json\/wp\/v2\/pages\/344\/revisions\/1100"}],"wp:attachment":[{"href":"https:\/\/webery-server1.de\/t13-energieberatung\/wp-json\/wp\/v2\/media?parent=344"}],"curies":[{"name":"wp","href":"https:\/\/api.w.org\/{rel}","templated":true}]}}