{"id":85,"date":"2023-08-12T14:17:58","date_gmt":"2023-08-12T12:17:58","guid":{"rendered":"https:\/\/webery-server1.de\/t13-energieberatung\/?page_id=85"},"modified":"2025-04-01T12:17:31","modified_gmt":"2025-04-01T10:17:31","slug":"konzepterstellung","status":"publish","type":"page","link":"https:\/\/webery-server1.de\/t13-energieberatung\/konzepterstellung\/","title":{"rendered":"Konzepterstellung"},"content":{"rendered":"\t\t<div data-elementor-type=\"wp-page\" data-elementor-id=\"85\" class=\"elementor elementor-85\" data-elementor-post-type=\"page\">\n\t\t\t\t<div class=\"elementor-element elementor-element-ae679b4 e-flex e-con-boxed e-con e-parent\" data-id=\"ae679b4\" data-element_type=\"container\" data-settings=\"{&quot;background_background&quot;:&quot;gradient&quot;}\">\n\t\t\t\t\t<div class=\"e-con-inner\">\n\t\t<div class=\"elementor-element elementor-element-5f2689d e-con-full e-flex e-con e-child\" data-id=\"5f2689d\" data-element_type=\"container\">\n\t\t\t\t<div class=\"elementor-element elementor-element-5d13935 elementor-widget elementor-widget-elementskit-heading\" data-id=\"5d13935\" data-element_type=\"widget\" data-widget_type=\"elementskit-heading.default\">\n\t\t\t\t<div class=\"elementor-widget-container\">\n\t\t\t\t\t<div class=\"ekit-wid-con\" ><div class=\"ekit-heading elementskit-section-title-wraper text_left   ekit_heading_tablet-   ekit_heading_mobile-text_center\"><\/div><\/div>\t\t\t\t<\/div>\n\t\t\t\t<\/div>\n\t\t\t\t<\/div>\n\t\t\t\t\t<\/div>\n\t\t\t\t<\/div>\n\t\t<div class=\"elementor-element elementor-element-8003a10 e-flex e-con-boxed e-con e-parent\" data-id=\"8003a10\" data-element_type=\"container\">\n\t\t\t\t\t<div class=\"e-con-inner\">\n\t\t<div class=\"elementor-element elementor-element-d5f8961 e-con-full e-flex e-con e-child\" data-id=\"d5f8961\" data-element_type=\"container\">\n\t\t\t\t<div class=\"elementor-element elementor-element-4536c82 elementor-widget elementor-widget-text-editor\" data-id=\"4536c82\" data-element_type=\"widget\" data-widget_type=\"text-editor.default\">\n\t\t\t\t<div class=\"elementor-widget-container\">\n\t\t\t\t\t\t\t\t\t<p>Unser Unternehmen f\u00fcr Energieberatung bietet Ihnen ma\u00dfgeschneiderte Konzepte, die auf Ihre individuellen Bed\u00fcrfnisse zugeschnitten sind. Wir beraten Sie gerne pers\u00f6nlich zu F\u00f6rderm\u00f6glichkeiten und anderen Leistungen f\u00fcr Neubauten und Altbauten. Wenn Sie eine energetische Sanierung planen, k\u00f6nnen wir Ihnen einen individuellen Sanierungsfahrplan erstellen, der Ihnen Schritt f\u00fcr Schritt zeigt, wie Sie Ihr Haus modernisieren und umbauen k\u00f6nnen. F\u00fcr Privat- und Gewerbekunden, die monatliche Abrechnungen erhalten, optimieren wir die Kosten und schreiben Strom und Gas aus. Bei uns erhalten Sie konzeptionelle und strategische Beratung sowie Kampagnenplanung. Wenn Sie umfangreiche Modernisierungsma\u00dfnahmen f\u00fcr Ihren Altbau planen, sind wir der richtige Ansprechpartner f\u00fcr eine ganzheitliche Konzepterstellung.<\/p>\t\t\t\t\t\t\t\t<\/div>\n\t\t\t\t<\/div>\n\t\t\t\t<div class=\"elementor-element elementor-element-7cb401d elementor-widget elementor-widget-heading\" data-id=\"7cb401d\" data-element_type=\"widget\" data-widget_type=\"heading.default\">\n\t\t\t\t<div class=\"elementor-widget-container\">\n\t\t\t\t\t<h2 class=\"elementor-heading-title elementor-size-default\">Entscheiden auch Sie sich f\u00fcr nat\u00fcrliche und nachhaltige L\u00f6sungen und lassen Sie sich von uns beraten. <\/h2>\t\t\t\t<\/div>\n\t\t\t\t<\/div>\n\t\t\t\t<div class=\"elementor-element elementor-element-638cdeb elementor-widget elementor-widget-button\" data-id=\"638cdeb\" data-element_type=\"widget\" data-widget_type=\"button.default\">\n\t\t\t\t<div class=\"elementor-widget-container\">\n\t\t\t\t\t\t\t\t\t<div class=\"elementor-button-wrapper\">\n\t\t\t\t\t<a class=\"elementor-button elementor-button-link elementor-size-sm\" href=\"https:\/\/webery-server1.de\/t13-energieberatung\/kontakt\/\">\n\t\t\t\t\t\t<span class=\"elementor-button-content-wrapper\">\n\t\t\t\t\t\t\t\t\t<span class=\"elementor-button-text\">Kontakt aufnehmen!<\/span>\n\t\t\t\t\t<\/span>\n\t\t\t\t\t<\/a>\n\t\t\t\t<\/div>\n\t\t\t\t\t\t\t\t<\/div>\n\t\t\t\t<\/div>\n\t\t\t\t<\/div>\n\t\t<div class=\"elementor-element elementor-element-8ac1ad2 e-con-full e-flex e-con e-child\" data-id=\"8ac1ad2\" data-element_type=\"container\">\n\t\t\t\t<div class=\"elementor-element elementor-element-e5ef021 elementor-widget elementor-widget-image\" data-id=\"e5ef021\" data-element_type=\"widget\" data-widget_type=\"image.default\">\n\t\t\t\t<div class=\"elementor-widget-container\">\n\t\t\t\t\t\t\t\t\t\t\t\t\t\t\t<img fetchpriority=\"high\" decoding=\"async\" width=\"800\" height=\"526\" src=\"https:\/\/webery-server1.de\/t13-energieberatung\/wp-content\/uploads\/2023\/08\/Energie-Slider2-1024x673.jpeg\" class=\"attachment-large size-large wp-image-849\" alt=\"\" srcset=\"https:\/\/webery-server1.de\/t13-energieberatung\/wp-content\/uploads\/2023\/08\/Energie-Slider2-1024x673.jpeg 1024w, https:\/\/webery-server1.de\/t13-energieberatung\/wp-content\/uploads\/2023\/08\/Energie-Slider2-300x197.jpeg 300w, https:\/\/webery-server1.de\/t13-energieberatung\/wp-content\/uploads\/2023\/08\/Energie-Slider2-768x505.jpeg 768w, https:\/\/webery-server1.de\/t13-energieberatung\/wp-content\/uploads\/2023\/08\/Energie-Slider2-1536x1010.jpeg 1536w, https:\/\/webery-server1.de\/t13-energieberatung\/wp-content\/uploads\/2023\/08\/Energie-Slider2.jpeg 2000w\" sizes=\"(max-width: 800px) 100vw, 800px\" \/>\t\t\t\t\t\t\t\t\t\t\t\t\t\t\t<\/div>\n\t\t\t\t<\/div>\n\t\t\t\t<\/div>\n\t\t\t\t\t<\/div>\n\t\t\t\t<\/div>\n\t\t<div class=\"elementor-element elementor-element-f051e73 e-flex e-con-boxed e-con e-parent\" data-id=\"f051e73\" data-element_type=\"container\" data-settings=\"{&quot;background_background&quot;:&quot;gradient&quot;}\">\n\t\t\t\t\t<div class=\"e-con-inner\">\n\t\t<div class=\"elementor-element elementor-element-4f6318b e-con-full e-flex e-con e-child\" data-id=\"4f6318b\" data-element_type=\"container\">\n\t\t\t\t<div class=\"elementor-element elementor-element-64bb8bb elementor-widget elementor-widget-heading\" data-id=\"64bb8bb\" data-element_type=\"widget\" data-widget_type=\"heading.default\">\n\t\t\t\t<div class=\"elementor-widget-container\">\n\t\t\t\t\t<h2 class=\"elementor-heading-title elementor-size-default\">Wir freuen uns auf Ihre Kontaktaufnahme.<\/h2>\t\t\t\t<\/div>\n\t\t\t\t<\/div>\n\t\t\t\t<div class=\"elementor-element elementor-element-701116b elementor-align-center elementor-widget elementor-widget-button\" data-id=\"701116b\" data-element_type=\"widget\" data-widget_type=\"button.default\">\n\t\t\t\t<div class=\"elementor-widget-container\">\n\t\t\t\t\t\t\t\t\t<div class=\"elementor-button-wrapper\">\n\t\t\t\t\t<a class=\"elementor-button elementor-button-link elementor-size-sm\" href=\"https:\/\/webery-server1.de\/t13-energieberatung\/kontakt\/\">\n\t\t\t\t\t\t<span class=\"elementor-button-content-wrapper\">\n\t\t\t\t\t\t\t\t\t<span class=\"elementor-button-text\">jetzt kontaktieren<\/span>\n\t\t\t\t\t<\/span>\n\t\t\t\t\t<\/a>\n\t\t\t\t<\/div>\n\t\t\t\t\t\t\t\t<\/div>\n\t\t\t\t<\/div>\n\t\t\t\t<\/div>\n\t\t\t\t\t<\/div>\n\t\t\t\t<\/div>\n\t\t\t\t<\/div>\n\t\t","protected":false},"excerpt":{"rendered":"<p>Unser Unternehmen f\u00fcr Energieberatung bietet Ihnen ma\u00dfgeschneiderte Konzepte, die auf Ihre individuellen Bed\u00fcrfnisse zugeschnitten sind. Wir beraten Sie gerne pers\u00f6nlich zu F\u00f6rderm\u00f6glichkeiten und anderen Leistungen f\u00fcr Neubauten und Altbauten. Wenn Sie eine energetische Sanierung planen, k\u00f6nnen wir Ihnen einen individuellen Sanierungsfahrplan erstellen, der Ihnen Schritt f\u00fcr Schritt zeigt, wie Sie Ihr Haus modernisieren und umbauen [&hellip;]<\/p>\n","protected":false},"author":1,"featured_media":0,"parent":0,"menu_order":0,"comment_status":"closed","ping_status":"closed","template":"","meta":{"footnotes":""},"class_list":["post-85","page","type-page","status-publish","hentry"],"_links":{"self":[{"href":"https:\/\/webery-server1.de\/t13-energieberatung\/wp-json\/wp\/v2\/pages\/85","targetHints":{"allow":["GET"]}}],"collection":[{"href":"https:\/\/webery-server1.de\/t13-energieberatung\/wp-json\/wp\/v2\/pages"}],"about":[{"href":"https:\/\/webery-server1.de\/t13-energieberatung\/wp-json\/wp\/v2\/types\/page"}],"author":[{"embeddable":true,"href":"https:\/\/webery-server1.de\/t13-energieberatung\/wp-json\/wp\/v2\/users\/1"}],"replies":[{"embeddable":true,"href":"https:\/\/webery-server1.de\/t13-energieberatung\/wp-json\/wp\/v2\/comments?post=85"}],"version-history":[{"count":3,"href":"https:\/\/webery-server1.de\/t13-energieberatung\/wp-json\/wp\/v2\/pages\/85\/revisions"}],"predecessor-version":[{"id":1112,"href":"https:\/\/webery-server1.de\/t13-energieberatung\/wp-json\/wp\/v2\/pages\/85\/revisions\/1112"}],"wp:attachment":[{"href":"https:\/\/webery-server1.de\/t13-energieberatung\/wp-json\/wp\/v2\/media?parent=85"}],"curies":[{"name":"wp","href":"https:\/\/api.w.org\/{rel}","templated":true}]}}