{"id":344,"date":"2023-08-12T18:49:16","date_gmt":"2023-08-12T16:49:16","guid":{"rendered":"https:\/\/webery-server1.de\/t16-galabau\/?page_id=344"},"modified":"2025-04-01T12:43:07","modified_gmt":"2025-04-01T10:43:07","slug":"partner","status":"publish","type":"page","link":"https:\/\/webery-server1.de\/t16-galabau\/partner\/","title":{"rendered":"Partner"},"content":{"rendered":"\t\t<div data-elementor-type=\"wp-page\" data-elementor-id=\"344\" class=\"elementor elementor-344\" data-elementor-post-type=\"page\">\n\t\t\t\t<div class=\"elementor-element elementor-element-5a2ac3d e-flex e-con-boxed e-con e-parent\" data-id=\"5a2ac3d\" data-element_type=\"container\" data-settings=\"{&quot;background_background&quot;:&quot;gradient&quot;}\">\n\t\t\t\t\t<div class=\"e-con-inner\">\n\t\t<div class=\"elementor-element elementor-element-37cd428 e-con-full e-flex e-con e-child\" data-id=\"37cd428\" data-element_type=\"container\">\n\t\t\t\t<div class=\"elementor-element elementor-element-34b1a4b elementor-widget elementor-widget-elementskit-heading\" data-id=\"34b1a4b\" data-element_type=\"widget\" data-widget_type=\"elementskit-heading.default\">\n\t\t\t\t<div class=\"elementor-widget-container\">\n\t\t\t\t\t<div class=\"ekit-wid-con\" ><div class=\"ekit-heading elementskit-section-title-wraper text_left   ekit_heading_tablet-   ekit_heading_mobile-text_center\"><\/div><\/div>\t\t\t\t<\/div>\n\t\t\t\t<\/div>\n\t\t\t\t<\/div>\n\t\t\t\t\t<\/div>\n\t\t\t\t<\/div>\n\t\t<div class=\"elementor-element elementor-element-9cf15b3 e-flex e-con-boxed e-con e-parent\" data-id=\"9cf15b3\" data-element_type=\"container\">\n\t\t\t\t\t<div class=\"e-con-inner\">\n\t\t<div class=\"elementor-element elementor-element-559fcdf e-con-full e-flex e-con e-child\" data-id=\"559fcdf\" data-element_type=\"container\">\n\t\t\t\t<div class=\"elementor-element elementor-element-975d88b elementor-widget elementor-widget-text-editor\" data-id=\"975d88b\" data-element_type=\"widget\" data-widget_type=\"text-editor.default\">\n\t\t\t\t<div class=\"elementor-widget-container\">\n\t\t\t\t\t\t\t\t\t<p>Als Unternehmen des Garten- und Landschaftsbaus arbeiten wir eng mit verschiedenen Partnern zusammen, um unseren Kunden eine breite Palette an Dienstleistungen anbieten zu k\u00f6nnen. Hier sind einige unserer Partner, mit denen wir regelm\u00e4\u00dfig zusammenarbeiten:<\/p>\t\t\t\t\t\t\t\t<\/div>\n\t\t\t\t<\/div>\n\t\t\t\t<div class=\"elementor-element elementor-element-7eff497 elementor-widget elementor-widget-elementskit-client-logo\" data-id=\"7eff497\" data-element_type=\"widget\" data-widget_type=\"elementskit-client-logo.default\">\n\t\t\t\t<div class=\"elementor-widget-container\">\n\t\t\t\t\t<div class=\"ekit-wid-con\" >\t\t<div class=\"elementskit-clients-slider slider-dotted dot_dotted simple_logo_image\" data-config=\"{&quot;rtl&quot;:false,&quot;arrows&quot;:false,&quot;dots&quot;:true,&quot;autoplay&quot;:true,&quot;speed&quot;:1000,&quot;slidesPerView&quot;:&quot;5&quot;,&quot;slidesPerGroup&quot;:1,&quot;pauseOnHover&quot;:true,&quot;loop&quot;:true,&quot;breakpoints&quot;:{&quot;320&quot;:{&quot;slidesPerView&quot;:1,&quot;slidesPerGroup&quot;:1,&quot;spaceBetween&quot;:10},&quot;768&quot;:{&quot;slidesPerView&quot;:2,&quot;slidesPerGroup&quot;:1,&quot;spaceBetween&quot;:10},&quot;1024&quot;:{&quot;slidesPerView&quot;:&quot;5&quot;,&quot;slidesPerGroup&quot;:1,&quot;spaceBetween&quot;:15}}}\" data-direction=\"\">\n\t\t\t<div class=\"ekit-main-swiper swiper\">\n\t\t\t\t<div class=\"swiper-wrapper\">\n\t\t\t\t\t\t\t\t\t\t\t<div class=\"elementskit-client-slider-item swiper-slide \">\n\t\t\t\t\t\t\t<div class=\"swiper-slide-inner\">\n\t\t\t\t\t\t\t\t<div class=\"single-client image-switcher\" title=\"Title #1\">\n\t\t\t\t\t\t\t\t\t\t\t\t\t\t\t\t\t\t\t<div class=\"content-image\">\n\t\t\t\t\t\t\t\t\t\t\t<img fetchpriority=\"high\" decoding=\"async\" width=\"644\" height=\"506\" src=\"https:\/\/webery-server1.de\/t16-galabau\/wp-content\/uploads\/2023\/11\/Bildschirmfoto-2023-11-06-um-15.49.14.jpg\" class=\"\" alt=\"\" srcset=\"https:\/\/webery-server1.de\/t16-galabau\/wp-content\/uploads\/2023\/11\/Bildschirmfoto-2023-11-06-um-15.49.14.jpg 644w, https:\/\/webery-server1.de\/t16-galabau\/wp-content\/uploads\/2023\/11\/Bildschirmfoto-2023-11-06-um-15.49.14-300x236.jpg 300w\" sizes=\"(max-width: 644px) 100vw, 644px\" \/>\t\t\t\t\t\t\t\t\t\t<\/div>\n\t\t\t\t\t\t\t\t\t\t\t\t\t\t\t\t\t<\/div>\n\t\t\t\t\t\t\t<\/div>\n\t\t\t\t\t\t<\/div>\n\t\t\t\t\t\t\t\t\t\t\t<div class=\"elementskit-client-slider-item swiper-slide \">\n\t\t\t\t\t\t\t<div class=\"swiper-slide-inner\">\n\t\t\t\t\t\t\t\t<div class=\"single-client image-switcher\" title=\"Title #2\">\n\t\t\t\t\t\t\t\t\t\t\t\t\t\t\t\t\t\t\t<div class=\"content-image\">\n\t\t\t\t\t\t\t\t\t\t\t<img decoding=\"async\" width=\"1082\" height=\"858\" src=\"https:\/\/webery-server1.de\/t16-galabau\/wp-content\/uploads\/2023\/09\/Bildschirmfoto-2023-11-06-um-15.49.09-1.jpg\" class=\"\" alt=\"\" srcset=\"https:\/\/webery-server1.de\/t16-galabau\/wp-content\/uploads\/2023\/09\/Bildschirmfoto-2023-11-06-um-15.49.09-1.jpg 1082w, https:\/\/webery-server1.de\/t16-galabau\/wp-content\/uploads\/2023\/09\/Bildschirmfoto-2023-11-06-um-15.49.09-1-300x238.jpg 300w, https:\/\/webery-server1.de\/t16-galabau\/wp-content\/uploads\/2023\/09\/Bildschirmfoto-2023-11-06-um-15.49.09-1-1024x812.jpg 1024w, https:\/\/webery-server1.de\/t16-galabau\/wp-content\/uploads\/2023\/09\/Bildschirmfoto-2023-11-06-um-15.49.09-1-768x609.jpg 768w\" sizes=\"(max-width: 1082px) 100vw, 1082px\" \/>\t\t\t\t\t\t\t\t\t\t<\/div>\n\t\t\t\t\t\t\t\t\t\t\t\t\t\t\t\t\t<\/div>\n\t\t\t\t\t\t\t<\/div>\n\t\t\t\t\t\t<\/div>\n\t\t\t\t\t\t\t\t\t\t\t<div class=\"elementskit-client-slider-item swiper-slide \">\n\t\t\t\t\t\t\t<div class=\"swiper-slide-inner\">\n\t\t\t\t\t\t\t\t<div class=\"single-client image-switcher\" title=\"Title #3\">\n\t\t\t\t\t\t\t\t\t\t\t\t\t\t\t\t\t\t\t<div class=\"content-image\">\n\t\t\t\t\t\t\t\t\t\t\t<img decoding=\"async\" width=\"392\" height=\"394\" src=\"https:\/\/webery-server1.de\/t16-galabau\/wp-content\/uploads\/2023\/11\/Bildschirmfoto-2023-11-06-um-15.49.18.jpg\" class=\"\" alt=\"\" srcset=\"https:\/\/webery-server1.de\/t16-galabau\/wp-content\/uploads\/2023\/11\/Bildschirmfoto-2023-11-06-um-15.49.18.jpg 392w, https:\/\/webery-server1.de\/t16-galabau\/wp-content\/uploads\/2023\/11\/Bildschirmfoto-2023-11-06-um-15.49.18-298x300.jpg 298w, https:\/\/webery-server1.de\/t16-galabau\/wp-content\/uploads\/2023\/11\/Bildschirmfoto-2023-11-06-um-15.49.18-150x150.jpg 150w\" sizes=\"(max-width: 392px) 100vw, 392px\" \/>\t\t\t\t\t\t\t\t\t\t<\/div>\n\t\t\t\t\t\t\t\t\t\t\t\t\t\t\t\t\t<\/div>\n\t\t\t\t\t\t\t<\/div>\n\t\t\t\t\t\t<\/div>\n\t\t\t\t\t\t\t\t\t\t\t<div class=\"elementskit-client-slider-item swiper-slide \">\n\t\t\t\t\t\t\t<div class=\"swiper-slide-inner\">\n\t\t\t\t\t\t\t\t<div class=\"single-client image-switcher\" title=\"Title #4\">\n\t\t\t\t\t\t\t\t\t\t\t\t\t\t\t\t\t\t\t<div class=\"content-image\">\n\t\t\t\t\t\t\t\t\t\t\t<img loading=\"lazy\" decoding=\"async\" width=\"852\" height=\"802\" src=\"https:\/\/webery-server1.de\/t16-galabau\/wp-content\/uploads\/2023\/11\/Bildschirmfoto-2023-11-06-um-15.49.22.jpg\" class=\"\" alt=\"\" srcset=\"https:\/\/webery-server1.de\/t16-galabau\/wp-content\/uploads\/2023\/11\/Bildschirmfoto-2023-11-06-um-15.49.22.jpg 852w, https:\/\/webery-server1.de\/t16-galabau\/wp-content\/uploads\/2023\/11\/Bildschirmfoto-2023-11-06-um-15.49.22-300x282.jpg 300w, https:\/\/webery-server1.de\/t16-galabau\/wp-content\/uploads\/2023\/11\/Bildschirmfoto-2023-11-06-um-15.49.22-768x723.jpg 768w\" sizes=\"(max-width: 852px) 100vw, 852px\" \/>\t\t\t\t\t\t\t\t\t\t<\/div>\n\t\t\t\t\t\t\t\t\t\t\t\t\t\t\t\t\t<\/div>\n\t\t\t\t\t\t\t<\/div>\n\t\t\t\t\t\t<\/div>\n\t\t\t\t\t\t\t\t\t\t\t<div class=\"elementskit-client-slider-item swiper-slide \">\n\t\t\t\t\t\t\t<div class=\"swiper-slide-inner\">\n\t\t\t\t\t\t\t\t<div class=\"single-client image-switcher\" title=\"Title #5\">\n\t\t\t\t\t\t\t\t\t\t\t\t\t\t\t\t\t\t\t<div class=\"content-image\">\n\t\t\t\t\t\t\t\t\t\t\t<img loading=\"lazy\" decoding=\"async\" width=\"1410\" height=\"1286\" src=\"https:\/\/webery-server1.de\/t16-galabau\/wp-content\/uploads\/2023\/09\/Bildschirmfoto-2023-11-06-um-15.46.36.jpg\" class=\"\" alt=\"\" srcset=\"https:\/\/webery-server1.de\/t16-galabau\/wp-content\/uploads\/2023\/09\/Bildschirmfoto-2023-11-06-um-15.46.36.jpg 1410w, https:\/\/webery-server1.de\/t16-galabau\/wp-content\/uploads\/2023\/09\/Bildschirmfoto-2023-11-06-um-15.46.36-300x274.jpg 300w, https:\/\/webery-server1.de\/t16-galabau\/wp-content\/uploads\/2023\/09\/Bildschirmfoto-2023-11-06-um-15.46.36-1024x934.jpg 1024w, https:\/\/webery-server1.de\/t16-galabau\/wp-content\/uploads\/2023\/09\/Bildschirmfoto-2023-11-06-um-15.46.36-768x700.jpg 768w\" sizes=\"(max-width: 1410px) 100vw, 1410px\" \/>\t\t\t\t\t\t\t\t\t\t<\/div>\n\t\t\t\t\t\t\t\t\t\t\t\t\t\t\t\t\t<\/div>\n\t\t\t\t\t\t\t<\/div>\n\t\t\t\t\t\t<\/div>\n\t\t\t\t\t\t\t\t\t\t\t<div class=\"elementskit-client-slider-item swiper-slide \">\n\t\t\t\t\t\t\t<div class=\"swiper-slide-inner\">\n\t\t\t\t\t\t\t\t<div class=\"single-client image-switcher\" title=\"Title #3\">\n\t\t\t\t\t\t\t\t\t\t\t\t\t\t\t\t\t\t\t<div class=\"content-image\">\n\t\t\t\t\t\t\t\t\t\t\t<img decoding=\"async\" width=\"392\" height=\"394\" src=\"https:\/\/webery-server1.de\/t16-galabau\/wp-content\/uploads\/2023\/11\/Bildschirmfoto-2023-11-06-um-15.49.18.jpg\" class=\"\" alt=\"\" srcset=\"https:\/\/webery-server1.de\/t16-galabau\/wp-content\/uploads\/2023\/11\/Bildschirmfoto-2023-11-06-um-15.49.18.jpg 392w, https:\/\/webery-server1.de\/t16-galabau\/wp-content\/uploads\/2023\/11\/Bildschirmfoto-2023-11-06-um-15.49.18-298x300.jpg 298w, https:\/\/webery-server1.de\/t16-galabau\/wp-content\/uploads\/2023\/11\/Bildschirmfoto-2023-11-06-um-15.49.18-150x150.jpg 150w\" sizes=\"(max-width: 392px) 100vw, 392px\" \/>\t\t\t\t\t\t\t\t\t\t<\/div>\n\t\t\t\t\t\t\t\t\t\t\t\t\t\t\t\t\t<\/div>\n\t\t\t\t\t\t\t<\/div>\n\t\t\t\t\t\t<\/div>\n\t\t\t\t\t\t\t\t\t<\/div>\n\n\t\t\t\t\t\t\t\t\t<div class=\"swiper-pagination\"><\/div>\n\t\t\t\t\n\t\t\t\t\t\t\t<\/div><!-- .elementskit-clients-slider END -->\n\t\t<\/div>\n\t\t<\/div>\t\t\t\t<\/div>\n\t\t\t\t<\/div>\n\t\t\t\t<\/div>\n\t\t\t\t\t<\/div>\n\t\t\t\t<\/div>\n\t\t<div class=\"elementor-element elementor-element-74ab893 e-flex e-con-boxed e-con e-parent\" data-id=\"74ab893\" data-element_type=\"container\" data-settings=\"{&quot;background_background&quot;:&quot;gradient&quot;}\">\n\t\t\t\t\t<div class=\"e-con-inner\">\n\t\t<div class=\"elementor-element elementor-element-22bcb85 e-con-full e-flex e-con e-child\" data-id=\"22bcb85\" data-element_type=\"container\">\n\t\t\t\t<div class=\"elementor-element elementor-element-7164d64 elementor-widget elementor-widget-heading\" data-id=\"7164d64\" data-element_type=\"widget\" data-widget_type=\"heading.default\">\n\t\t\t\t<div class=\"elementor-widget-container\">\n\t\t\t\t\t<h2 class=\"elementor-heading-title elementor-size-default\">Rufen Sie uns gerne an!<\/h2>\t\t\t\t<\/div>\n\t\t\t\t<\/div>\n\t\t\t\t<div class=\"elementor-element elementor-element-a85f57f elementor-align-center elementor-widget elementor-widget-button\" data-id=\"a85f57f\" data-element_type=\"widget\" data-widget_type=\"button.default\">\n\t\t\t\t<div class=\"elementor-widget-container\">\n\t\t\t\t\t\t\t\t\t<div class=\"elementor-button-wrapper\">\n\t\t\t\t\t<a class=\"elementor-button elementor-button-link elementor-size-sm\" href=\"https:\/\/webery-server1.de\/t16-galabau\/kontakt\/\">\n\t\t\t\t\t\t<span class=\"elementor-button-content-wrapper\">\n\t\t\t\t\t\t\t\t\t<span class=\"elementor-button-text\">jetzt kontaktieren<\/span>\n\t\t\t\t\t<\/span>\n\t\t\t\t\t<\/a>\n\t\t\t\t<\/div>\n\t\t\t\t\t\t\t\t<\/div>\n\t\t\t\t<\/div>\n\t\t\t\t<\/div>\n\t\t\t\t\t<\/div>\n\t\t\t\t<\/div>\n\t\t\t\t<\/div>\n\t\t","protected":false},"excerpt":{"rendered":"<p>Als Unternehmen des Garten- und Landschaftsbaus arbeiten wir eng mit verschiedenen Partnern zusammen, um unseren Kunden eine breite Palette an Dienstleistungen anbieten zu k\u00f6nnen. Hier sind einige unserer Partner, mit denen wir regelm\u00e4\u00dfig zusammenarbeiten: Rufen Sie uns gerne an! jetzt kontaktieren<\/p>\n","protected":false},"author":1,"featured_media":0,"parent":0,"menu_order":0,"comment_status":"closed","ping_status":"closed","template":"","meta":{"footnotes":""},"class_list":["post-344","page","type-page","status-publish","hentry"],"_links":{"self":[{"href":"https:\/\/webery-server1.de\/t16-galabau\/wp-json\/wp\/v2\/pages\/344","targetHints":{"allow":["GET"]}}],"collection":[{"href":"https:\/\/webery-server1.de\/t16-galabau\/wp-json\/wp\/v2\/pages"}],"about":[{"href":"https:\/\/webery-server1.de\/t16-galabau\/wp-json\/wp\/v2\/types\/page"}],"author":[{"embeddable":true,"href":"https:\/\/webery-server1.de\/t16-galabau\/wp-json\/wp\/v2\/users\/1"}],"replies":[{"embeddable":true,"href":"https:\/\/webery-server1.de\/t16-galabau\/wp-json\/wp\/v2\/comments?post=344"}],"version-history":[{"count":6,"href":"https:\/\/webery-server1.de\/t16-galabau\/wp-json\/wp\/v2\/pages\/344\/revisions"}],"predecessor-version":[{"id":1306,"href":"https:\/\/webery-server1.de\/t16-galabau\/wp-json\/wp\/v2\/pages\/344\/revisions\/1306"}],"wp:attachment":[{"href":"https:\/\/webery-server1.de\/t16-galabau\/wp-json\/wp\/v2\/media?parent=344"}],"curies":[{"name":"wp","href":"https:\/\/api.w.org\/{rel}","templated":true}]}}