{"id":1221,"date":"2023-09-11T15:20:34","date_gmt":"2023-09-11T13:20:34","guid":{"rendered":"https:\/\/webery-server1.de\/t18-steuerberater\/?page_id=1221"},"modified":"2025-04-01T13:05:00","modified_gmt":"2025-04-01T11:05:00","slug":"internationale-steuerberatung","status":"publish","type":"page","link":"https:\/\/webery-server1.de\/t18-steuerberater\/internationale-steuerberatung\/","title":{"rendered":"Internationale Steuerberatung"},"content":{"rendered":"\t\t<div data-elementor-type=\"wp-page\" data-elementor-id=\"1221\" class=\"elementor elementor-1221\" data-elementor-post-type=\"page\">\n\t\t\t\t<div class=\"elementor-element elementor-element-639178b e-flex e-con-boxed e-con e-parent\" data-id=\"639178b\" data-element_type=\"container\" data-settings=\"{&quot;background_background&quot;:&quot;gradient&quot;}\">\n\t\t\t\t\t<div class=\"e-con-inner\">\n\t\t<div class=\"elementor-element elementor-element-ccfc365 e-con-full e-flex e-con e-child\" data-id=\"ccfc365\" data-element_type=\"container\">\n\t\t\t\t<div class=\"elementor-element elementor-element-fba5b2a elementor-widget elementor-widget-elementskit-heading\" data-id=\"fba5b2a\" data-element_type=\"widget\" data-widget_type=\"elementskit-heading.default\">\n\t\t\t\t<div class=\"elementor-widget-container\">\n\t\t\t\t\t<div class=\"ekit-wid-con\" ><div class=\"ekit-heading elementskit-section-title-wraper text_center   ekit_heading_tablet-   ekit_heading_mobile-text_center\"><\/div><\/div>\t\t\t\t<\/div>\n\t\t\t\t<\/div>\n\t\t\t\t<\/div>\n\t\t\t\t\t<\/div>\n\t\t\t\t<\/div>\n\t\t<div class=\"elementor-element elementor-element-7508ca8 e-flex e-con-boxed e-con e-parent\" data-id=\"7508ca8\" data-element_type=\"container\">\n\t\t\t\t\t<div class=\"e-con-inner\">\n\t\t<div class=\"elementor-element elementor-element-59dcc1a e-con-full e-flex e-con e-child\" data-id=\"59dcc1a\" data-element_type=\"container\">\n\t\t<div class=\"elementor-element elementor-element-c87ebbc e-con-full e-flex e-con e-child\" data-id=\"c87ebbc\" data-element_type=\"container\" data-settings=\"{&quot;background_background&quot;:&quot;classic&quot;}\">\n\t\t<div class=\"elementor-element elementor-element-d2d4dc8 e-con-full e-flex e-con e-child\" data-id=\"d2d4dc8\" data-element_type=\"container\" data-settings=\"{&quot;background_background&quot;:&quot;classic&quot;}\">\n\t\t\t\t<div class=\"elementor-element elementor-element-4c56f2a elementor-widget elementor-widget-heading\" data-id=\"4c56f2a\" data-element_type=\"widget\" data-widget_type=\"heading.default\">\n\t\t\t\t<div class=\"elementor-widget-container\">\n\t\t\t\t\t<h1 class=\"elementor-heading-title elementor-size-default\">Steuerberatung ohne Grenzen: Wir begleiten Sie weltweit!<\/h1>\t\t\t\t<\/div>\n\t\t\t\t<\/div>\n\t\t\t\t<div class=\"elementor-element elementor-element-6e3697e elementor-widget elementor-widget-text-editor\" data-id=\"6e3697e\" data-element_type=\"widget\" data-widget_type=\"text-editor.default\">\n\t\t\t\t<div class=\"elementor-widget-container\">\n\t\t\t\t\t\t\t\t\t<p>Wir haben Expertise in der Einhaltung der Steuervorschriften f\u00fcr die USA und bieten unseren Kunden eine umfassende Beratung zu internationalen Steuerfragen an. Wir helfen unseren Kunden bei der korrekten Rechnungsstellung f\u00fcr Dienstleistungen an ausl\u00e4ndische Unternehmenskunden und kl\u00e4ren die umsatzsteuerliche Behandlung von Dienstleistungen \u00fcber die Grenze.<\/p>\t\t\t\t\t\t\t\t<\/div>\n\t\t\t\t<\/div>\n\t\t\t\t<\/div>\n\t\t<div class=\"elementor-element elementor-element-86c0d14 e-con-full e-flex e-con e-child\" data-id=\"86c0d14\" data-element_type=\"container\">\n\t\t\t\t<\/div>\n\t\t\t\t<\/div>\n\t\t<div class=\"elementor-element elementor-element-0e0087c e-con-full e-flex e-con e-child\" data-id=\"0e0087c\" data-element_type=\"container\" data-settings=\"{&quot;background_background&quot;:&quot;classic&quot;}\">\n\t\t<div class=\"elementor-element elementor-element-6ba76bc e-con-full e-flex e-con e-child\" data-id=\"6ba76bc\" data-element_type=\"container\">\n\t\t\t\t<\/div>\n\t\t<div class=\"elementor-element elementor-element-f33e4f2 e-con-full e-flex e-con e-child\" data-id=\"f33e4f2\" data-element_type=\"container\" data-settings=\"{&quot;background_background&quot;:&quot;classic&quot;}\">\n\t\t\t\t<div class=\"elementor-element elementor-element-30366f5 elementor-widget elementor-widget-heading\" data-id=\"30366f5\" data-element_type=\"widget\" data-widget_type=\"heading.default\">\n\t\t\t\t<div class=\"elementor-widget-container\">\n\t\t\t\t\t<h1 class=\"elementor-heading-title elementor-size-default\">Steuerberatung ohne Grenzen: Wir begleiten Sie weltweit<\/h1>\t\t\t\t<\/div>\n\t\t\t\t<\/div>\n\t\t\t\t<div class=\"elementor-element elementor-element-56d3272 elementor-widget elementor-widget-text-editor\" data-id=\"56d3272\" data-element_type=\"widget\" data-widget_type=\"text-editor.default\">\n\t\t\t\t<div class=\"elementor-widget-container\">\n\t\t\t\t\t\t\t\t\t<p>Unser Unternehmen bietet Ihnen eine umfassende internationale Steuerberatung an. Wir verstehen, dass die steuerlichen Regelungen sowohl auf nationaler als auch auf internationaler Ebene komplex sein k\u00f6nnen. Daher stehen wir Ihnen mit unserem Wissen, unserer Erfahrung und unserem umfassenden Netzwerk an Spezialisten zur Seite, um Ihnen die Antworten und L\u00f6sungen zu liefern, die Sie ben\u00f6tigen.<\/p>\t\t\t\t\t\t\t\t<\/div>\n\t\t\t\t<\/div>\n\t\t\t\t<\/div>\n\t\t\t\t<\/div>\n\t\t\t\t<\/div>\n\t\t\t\t\t<\/div>\n\t\t\t\t<\/div>\n\t\t<div class=\"elementor-element elementor-element-ac09399 e-flex e-con-boxed e-con e-parent\" data-id=\"ac09399\" data-element_type=\"container\" data-settings=\"{&quot;background_background&quot;:&quot;classic&quot;}\">\n\t\t\t\t\t<div class=\"e-con-inner\">\n\t\t<div class=\"elementor-element elementor-element-bff19e8 e-con-full e-flex e-con e-child\" data-id=\"bff19e8\" data-element_type=\"container\">\n\t\t\t\t<div class=\"elementor-element elementor-element-e4d991e elementor-widget elementor-widget-text-editor\" data-id=\"e4d991e\" data-element_type=\"widget\" data-widget_type=\"text-editor.default\">\n\t\t\t\t<div class=\"elementor-widget-container\">\n\t\t\t\t\t\t\t\t\t<p>Unsere Leistungen umfassen:<\/p>\t\t\t\t\t\t\t\t<\/div>\n\t\t\t\t<\/div>\n\t\t<div class=\"elementor-element elementor-element-2f33e0e e-con-full e-flex e-con e-child\" data-id=\"2f33e0e\" data-element_type=\"container\">\n\t\t<div class=\"elementor-element elementor-element-2eeeabc e-con-full e-flex e-con e-child\" data-id=\"2eeeabc\" data-element_type=\"container\">\n\t\t\t\t<div class=\"elementor-element elementor-element-3324526 elementor-widget elementor-widget-text-editor\" data-id=\"3324526\" data-element_type=\"widget\" data-widget_type=\"text-editor.default\">\n\t\t\t\t<div class=\"elementor-widget-container\">\n\t\t\t\t\t\t\t\t\t<p><strong>Beratung zu nationalen und internationalen Steuerregelungen:<\/strong> Wir unterst\u00fctzen Sie bei allen Fragen zu den jeweiligen nationalen und internationalen Steuerregelungen. Egal ob es um die Steuerplanung, die Optimierung von Unternehmensstrukturen oder die Senkung der steuerlichen Gesamtbelastung geht, wir haben das Know-how, um Ihnen zu helfen.<\/p><p><strong>Steuerberatung f\u00fcr Unternehmen:<\/strong> Wir bieten umfassende Unterst\u00fctzung in allen aktuellen Steuerfragen f\u00fcr Unternehmen. Unsere Steuerexperten l\u00f6sen komplexe Aufgabenstellungen der Steuerplanung und helfen Ihnen dabei, die bestehenden Strukturen zu \u00fcberpr\u00fcfen und zu optimieren.<\/p><p><strong>Steuerberatung f\u00fcr Privatpersonen:<\/strong> Auch Privatpersonen k\u00f6nnen von unserer Steuerberatung profitieren. Wir helfen Ihnen dabei, Ihre steuerliche Gesamtbelastung zu senken und Ihre steuerlichen Angelegenheiten effizient zu verwalten.<\/p>\t\t\t\t\t\t\t\t<\/div>\n\t\t\t\t<\/div>\n\t\t\t\t<\/div>\n\t\t<div class=\"elementor-element elementor-element-19ba0a0 e-con-full e-flex e-con e-child\" data-id=\"19ba0a0\" data-element_type=\"container\">\n\t\t\t\t<div class=\"elementor-element elementor-element-e57be19 elementor-widget elementor-widget-text-editor\" data-id=\"e57be19\" data-element_type=\"widget\" data-widget_type=\"text-editor.default\">\n\t\t\t\t<div class=\"elementor-widget-container\">\n\t\t\t\t\t\t\t\t\t<p><strong>Internationale Steuerplanung:<\/strong> Wenn Sie im Ausland t\u00e4tig sind oder ins Ausland exportieren, unterst\u00fctzen wir Sie mit unserer Expertise im internationalen Steuerrecht. Wir helfen Ihnen dabei, die steuerlichen Aspekte Ihrer internationalen Gesch\u00e4ftst\u00e4tigkeit zu verstehen und zu optimieren.<\/p><p>\u00a0<\/p><p><strong>Grenz\u00fcberschreitende Umwandlungen und Unternehmensk\u00e4ufe:<\/strong> Wenn Sie grenz\u00fcberschreitende Umwandlungen oder Unternehmensk\u00e4ufe planen, stehen wir Ihnen mit unserer internationalen Steuerberatung zur Seite. Wir unterst\u00fctzen Sie bei der Optimierung Ihrer Unternehmensstrukturen und sorgen daf\u00fcr, dass Sie steuerlich optimal aufgestellt sind.<\/p>\t\t\t\t\t\t\t\t<\/div>\n\t\t\t\t<\/div>\n\t\t\t\t<\/div>\n\t\t\t\t<\/div>\n\t\t\t\t<div class=\"elementor-element elementor-element-2f298ba elementor-widget elementor-widget-text-editor\" data-id=\"2f298ba\" data-element_type=\"widget\" data-widget_type=\"text-editor.default\">\n\t\t\t\t<div class=\"elementor-widget-container\">\n\t\t\t\t\t\t\t\t\t<p>Mit unserer Steuerberatung ohne Grenzen begleiten wir Sie weltweit und sorgen daf\u00fcr, dass Sie die steuerlichen Herausforderungen auf nationaler und internationaler Ebene erfolgreich meistern. Vertrauen Sie auf unsere Expertise und lassen Sie uns gemeinsam Ihre steuerlichen Angelegenheiten effizient und professionell regeln.<\/p>\t\t\t\t\t\t\t\t<\/div>\n\t\t\t\t<\/div>\n\t\t\t\t<\/div>\n\t\t\t\t\t<\/div>\n\t\t\t\t<\/div>\n\t\t<div class=\"elementor-element elementor-element-ceea0a0 e-flex e-con-boxed e-con e-parent\" data-id=\"ceea0a0\" data-element_type=\"container\" data-settings=\"{&quot;background_background&quot;:&quot;classic&quot;}\">\n\t\t\t\t\t<div class=\"e-con-inner\">\n\t\t<div class=\"elementor-element elementor-element-de00b47 e-con-full e-flex e-con e-child\" data-id=\"de00b47\" data-element_type=\"container\" data-settings=\"{&quot;background_background&quot;:&quot;classic&quot;}\">\n\t\t\t\t<div class=\"elementor-element elementor-element-c0d3eda elementor-widget elementor-widget-heading\" data-id=\"c0d3eda\" data-element_type=\"widget\" data-widget_type=\"heading.default\">\n\t\t\t\t<div class=\"elementor-widget-container\">\n\t\t\t\t\t<h1 class=\"elementor-heading-title elementor-size-default\">\u00dcberzeugt? <br>Dann rechnen wir gern mit Ihnen<\/h1>\t\t\t\t<\/div>\n\t\t\t\t<\/div>\n\t\t\t\t<div class=\"elementor-element elementor-element-010cd43 elementor-widget elementor-widget-text-editor\" data-id=\"010cd43\" data-element_type=\"widget\" data-widget_type=\"text-editor.default\">\n\t\t\t\t<div class=\"elementor-widget-container\">\n\t\t\t\t\t\t\t\t\t<p>Ihr Team von Steuerberatungsgesellschaft mbH<\/p>\t\t\t\t\t\t\t\t<\/div>\n\t\t\t\t<\/div>\n\t\t\t\t<div class=\"elementor-element elementor-element-a8b786d elementor-align-left elementor-widget elementor-widget-button\" data-id=\"a8b786d\" data-element_type=\"widget\" data-widget_type=\"button.default\">\n\t\t\t\t<div class=\"elementor-widget-container\">\n\t\t\t\t\t\t\t\t\t<div class=\"elementor-button-wrapper\">\n\t\t\t\t\t<a class=\"elementor-button elementor-button-link elementor-size-sm\" href=\"https:\/\/webery-server1.de\/t18-steuerberater\/kontakt\/\">\n\t\t\t\t\t\t<span class=\"elementor-button-content-wrapper\">\n\t\t\t\t\t\t\t\t\t<span class=\"elementor-button-text\">Kontakt aufnehmen!<\/span>\n\t\t\t\t\t<\/span>\n\t\t\t\t\t<\/a>\n\t\t\t\t<\/div>\n\t\t\t\t\t\t\t\t<\/div>\n\t\t\t\t<\/div>\n\t\t\t\t<\/div>\n\t\t<div class=\"elementor-element elementor-element-1c6f6d6 e-con-full e-flex e-con e-child\" data-id=\"1c6f6d6\" data-element_type=\"container\">\n\t\t\t\t<\/div>\n\t\t\t\t\t<\/div>\n\t\t\t\t<\/div>\n\t\t\t\t<\/div>\n\t\t","protected":false},"excerpt":{"rendered":"<p>Steuerberatung ohne Grenzen: Wir begleiten Sie weltweit! Wir haben Expertise in der Einhaltung der Steuervorschriften f\u00fcr die USA und bieten unseren Kunden eine umfassende Beratung zu internationalen Steuerfragen an. Wir helfen unseren Kunden bei der korrekten Rechnungsstellung f\u00fcr Dienstleistungen an ausl\u00e4ndische Unternehmenskunden und kl\u00e4ren die umsatzsteuerliche Behandlung von Dienstleistungen \u00fcber die Grenze. Steuerberatung ohne Grenzen: [&hellip;]<\/p>\n","protected":false},"author":1,"featured_media":0,"parent":0,"menu_order":0,"comment_status":"closed","ping_status":"closed","template":"","meta":{"footnotes":""},"class_list":["post-1221","page","type-page","status-publish","hentry"],"_links":{"self":[{"href":"https:\/\/webery-server1.de\/t18-steuerberater\/wp-json\/wp\/v2\/pages\/1221","targetHints":{"allow":["GET"]}}],"collection":[{"href":"https:\/\/webery-server1.de\/t18-steuerberater\/wp-json\/wp\/v2\/pages"}],"about":[{"href":"https:\/\/webery-server1.de\/t18-steuerberater\/wp-json\/wp\/v2\/types\/page"}],"author":[{"embeddable":true,"href":"https:\/\/webery-server1.de\/t18-steuerberater\/wp-json\/wp\/v2\/users\/1"}],"replies":[{"embeddable":true,"href":"https:\/\/webery-server1.de\/t18-steuerberater\/wp-json\/wp\/v2\/comments?post=1221"}],"version-history":[{"count":3,"href":"https:\/\/webery-server1.de\/t18-steuerberater\/wp-json\/wp\/v2\/pages\/1221\/revisions"}],"predecessor-version":[{"id":1569,"href":"https:\/\/webery-server1.de\/t18-steuerberater\/wp-json\/wp\/v2\/pages\/1221\/revisions\/1569"}],"wp:attachment":[{"href":"https:\/\/webery-server1.de\/t18-steuerberater\/wp-json\/wp\/v2\/media?parent=1221"}],"curies":[{"name":"wp","href":"https:\/\/api.w.org\/{rel}","templated":true}]}}