{"id":91,"date":"2023-08-12T14:54:30","date_gmt":"2023-08-12T12:54:30","guid":{"rendered":"https:\/\/webery-server1.de\/t18-steuerberater\/?page_id=91"},"modified":"2025-04-01T13:06:04","modified_gmt":"2025-04-01T11:06:04","slug":"spezialisierung","status":"publish","type":"page","link":"https:\/\/webery-server1.de\/t18-steuerberater\/spezialisierung\/","title":{"rendered":"Spezialisierung"},"content":{"rendered":"\t\t<div data-elementor-type=\"wp-page\" data-elementor-id=\"91\" class=\"elementor elementor-91\" data-elementor-post-type=\"page\">\n\t\t\t\t<div class=\"elementor-element elementor-element-d3d7bba e-flex e-con-boxed e-con e-parent\" data-id=\"d3d7bba\" data-element_type=\"container\" data-settings=\"{&quot;background_background&quot;:&quot;gradient&quot;}\">\n\t\t\t\t\t<div class=\"e-con-inner\">\n\t\t<div class=\"elementor-element elementor-element-caa823a e-con-full e-flex e-con e-child\" data-id=\"caa823a\" data-element_type=\"container\">\n\t\t\t\t<div class=\"elementor-element elementor-element-edd3b9e elementor-widget elementor-widget-elementskit-heading\" data-id=\"edd3b9e\" data-element_type=\"widget\" data-widget_type=\"elementskit-heading.default\">\n\t\t\t\t<div class=\"elementor-widget-container\">\n\t\t\t\t\t<div class=\"ekit-wid-con\" ><div class=\"ekit-heading elementskit-section-title-wraper text_center   ekit_heading_tablet-   ekit_heading_mobile-text_center\"><\/div><\/div>\t\t\t\t<\/div>\n\t\t\t\t<\/div>\n\t\t\t\t<\/div>\n\t\t\t\t\t<\/div>\n\t\t\t\t<\/div>\n\t\t<div class=\"elementor-element elementor-element-3b78923 e-flex e-con-boxed e-con e-parent\" data-id=\"3b78923\" data-element_type=\"container\">\n\t\t\t\t\t<div class=\"e-con-inner\">\n\t\t<div class=\"elementor-element elementor-element-b9b046d e-con-full e-flex e-con e-child\" data-id=\"b9b046d\" data-element_type=\"container\">\n\t\t<div class=\"elementor-element elementor-element-6f096bd e-con-full e-flex e-con e-child\" data-id=\"6f096bd\" data-element_type=\"container\" data-settings=\"{&quot;background_background&quot;:&quot;classic&quot;}\">\n\t\t<div class=\"elementor-element elementor-element-013bc3a e-con-full e-flex e-con e-child\" data-id=\"013bc3a\" data-element_type=\"container\" data-settings=\"{&quot;background_background&quot;:&quot;classic&quot;}\">\n\t\t\t\t<div class=\"elementor-element elementor-element-9fd547e elementor-widget elementor-widget-heading\" data-id=\"9fd547e\" data-element_type=\"widget\" data-widget_type=\"heading.default\">\n\t\t\t\t<div class=\"elementor-widget-container\">\n\t\t\t\t\t<h1 class=\"elementor-heading-title elementor-size-default\">Unsere Steuerberatungskanzlei in Hannover ist spezialisiert auf verschiedene Bereiche rund um Testament, Erbschaft und Schenkung. <\/h1>\t\t\t\t<\/div>\n\t\t\t\t<\/div>\n\t\t\t\t<\/div>\n\t\t<div class=\"elementor-element elementor-element-547f799 e-con-full e-flex e-con e-child\" data-id=\"547f799\" data-element_type=\"container\">\n\t\t\t\t<\/div>\n\t\t\t\t<\/div>\n\t\t\t\t<\/div>\n\t\t\t\t\t<\/div>\n\t\t\t\t<\/div>\n\t\t<div class=\"elementor-element elementor-element-51d5b33 e-flex e-con-boxed e-con e-parent\" data-id=\"51d5b33\" data-element_type=\"container\" data-settings=\"{&quot;background_background&quot;:&quot;classic&quot;}\">\n\t\t\t\t\t<div class=\"e-con-inner\">\n\t\t<div class=\"elementor-element elementor-element-1a92fc3 e-con-full e-flex e-con e-child\" data-id=\"1a92fc3\" data-element_type=\"container\">\n\t\t\t\t<div class=\"elementor-element elementor-element-42eb021 elementor-widget elementor-widget-text-editor\" data-id=\"42eb021\" data-element_type=\"widget\" data-widget_type=\"text-editor.default\">\n\t\t\t\t<div class=\"elementor-widget-container\">\n\t\t\t\t\t\t\t\t\t<p>Wir verf\u00fcgen \u00fcber Expertise in folgenden Bereichen:<\/p>\t\t\t\t\t\t\t\t<\/div>\n\t\t\t\t<\/div>\n\t\t<div class=\"elementor-element elementor-element-27a36ef e-con-full e-flex e-con e-child\" data-id=\"27a36ef\" data-element_type=\"container\">\n\t\t<div class=\"elementor-element elementor-element-ae68379 e-con-full e-flex e-con e-child\" data-id=\"ae68379\" data-element_type=\"container\">\n\t\t\t\t<div class=\"elementor-element elementor-element-4ba3678 elementor-widget elementor-widget-text-editor\" data-id=\"4ba3678\" data-element_type=\"widget\" data-widget_type=\"text-editor.default\">\n\t\t\t\t<div class=\"elementor-widget-container\">\n\t\t\t\t\t\t\t\t\t<p><strong>Testament und Erbvertrag:<\/strong> Mit einem Testament oder Erbvertrag k\u00f6nnen Sie als Erblasser eine andere als die gesetzliche Erbfolge festlegen.<\/p>\t\t\t\t\t\t\t\t<\/div>\n\t\t\t\t<\/div>\n\t\t\t\t<\/div>\n\t\t<div class=\"elementor-element elementor-element-a86ee49 e-con-full e-flex e-con e-child\" data-id=\"a86ee49\" data-element_type=\"container\">\n\t\t\t\t<div class=\"elementor-element elementor-element-823966c elementor-widget elementor-widget-text-editor\" data-id=\"823966c\" data-element_type=\"widget\" data-widget_type=\"text-editor.default\">\n\t\t\t\t<div class=\"elementor-widget-container\">\n\t\t\t\t\t\t\t\t\t<p><strong>Erbschaftsteuer und Schenkungsteuer:<\/strong> Wir bieten Steuerberatung rund um die Erbschaftsteuer und Schenkungsteuer an, um Ihnen bei der Planung und Umsetzung Ihrer Erbschaft oder Schenkung zu helfen.<\/p>\t\t\t\t\t\t\t\t<\/div>\n\t\t\t\t<\/div>\n\t\t\t\t<\/div>\n\t\t<div class=\"elementor-element elementor-element-a4697d1 e-con-full e-flex e-con e-child\" data-id=\"a4697d1\" data-element_type=\"container\">\n\t\t\t\t<div class=\"elementor-element elementor-element-660e2e8 elementor-widget elementor-widget-text-editor\" data-id=\"660e2e8\" data-element_type=\"widget\" data-widget_type=\"text-editor.default\">\n\t\t\t\t<div class=\"elementor-widget-container\">\n\t\t\t\t\t\t\t\t\t<p><strong>Expertise f\u00fcr Testament, Erbschaft und Schenkung: <\/strong>Unsere Steuerberater verf\u00fcgen \u00fcber umfassende Kenntnisse im Bereich Testament, Erbschaft und Schenkung und k\u00f6nnen Sie bei allen Fragen und Anliegen kompetent beraten.<\/p>\t\t\t\t\t\t\t\t<\/div>\n\t\t\t\t<\/div>\n\t\t\t\t<\/div>\n\t\t\t\t<\/div>\n\t\t\t\t<\/div>\n\t\t\t\t\t<\/div>\n\t\t\t\t<\/div>\n\t\t<div class=\"elementor-element elementor-element-a2be56c e-flex e-con-boxed e-con e-parent\" data-id=\"a2be56c\" data-element_type=\"container\" data-settings=\"{&quot;background_background&quot;:&quot;classic&quot;}\">\n\t\t\t\t\t<div class=\"e-con-inner\">\n\t\t<div class=\"elementor-element elementor-element-91539ea e-con-full e-flex e-con e-child\" data-id=\"91539ea\" data-element_type=\"container\" data-settings=\"{&quot;background_background&quot;:&quot;classic&quot;}\">\n\t\t\t\t<div class=\"elementor-element elementor-element-6a8b6cb elementor-widget elementor-widget-heading\" data-id=\"6a8b6cb\" data-element_type=\"widget\" data-widget_type=\"heading.default\">\n\t\t\t\t<div class=\"elementor-widget-container\">\n\t\t\t\t\t<h1 class=\"elementor-heading-title elementor-size-default\">\u00dcberzeugt? <br>Dann rechnen wir gern mit Ihnen<\/h1>\t\t\t\t<\/div>\n\t\t\t\t<\/div>\n\t\t\t\t<div class=\"elementor-element elementor-element-f2dfe01 elementor-widget elementor-widget-text-editor\" data-id=\"f2dfe01\" data-element_type=\"widget\" data-widget_type=\"text-editor.default\">\n\t\t\t\t<div class=\"elementor-widget-container\">\n\t\t\t\t\t\t\t\t\t<p>Ihr Team von Steuerberatungsgesellschaft mbH<\/p>\t\t\t\t\t\t\t\t<\/div>\n\t\t\t\t<\/div>\n\t\t\t\t<div class=\"elementor-element elementor-element-7b0c43c elementor-align-left elementor-widget elementor-widget-button\" data-id=\"7b0c43c\" data-element_type=\"widget\" data-widget_type=\"button.default\">\n\t\t\t\t<div class=\"elementor-widget-container\">\n\t\t\t\t\t\t\t\t\t<div class=\"elementor-button-wrapper\">\n\t\t\t\t\t<a class=\"elementor-button elementor-button-link elementor-size-sm\" href=\"https:\/\/webery-server1.de\/t18-steuerberater\/kontakt\/\">\n\t\t\t\t\t\t<span class=\"elementor-button-content-wrapper\">\n\t\t\t\t\t\t\t\t\t<span class=\"elementor-button-text\">Kontakt aufnehmen!<\/span>\n\t\t\t\t\t<\/span>\n\t\t\t\t\t<\/a>\n\t\t\t\t<\/div>\n\t\t\t\t\t\t\t\t<\/div>\n\t\t\t\t<\/div>\n\t\t\t\t<\/div>\n\t\t<div class=\"elementor-element elementor-element-13360b3 e-con-full e-flex e-con e-child\" data-id=\"13360b3\" data-element_type=\"container\">\n\t\t\t\t<\/div>\n\t\t\t\t\t<\/div>\n\t\t\t\t<\/div>\n\t\t\t\t<\/div>\n\t\t","protected":false},"excerpt":{"rendered":"<p>Unsere Steuerberatungskanzlei in Hannover ist spezialisiert auf verschiedene Bereiche rund um Testament, Erbschaft und Schenkung. Wir verf\u00fcgen \u00fcber Expertise in folgenden Bereichen: Testament und Erbvertrag: Mit einem Testament oder Erbvertrag k\u00f6nnen Sie als Erblasser eine andere als die gesetzliche Erbfolge festlegen. Erbschaftsteuer und Schenkungsteuer: Wir bieten Steuerberatung rund um die Erbschaftsteuer und Schenkungsteuer an, um [&hellip;]<\/p>\n","protected":false},"author":1,"featured_media":0,"parent":0,"menu_order":0,"comment_status":"closed","ping_status":"closed","template":"","meta":{"footnotes":""},"class_list":["post-91","page","type-page","status-publish","hentry"],"_links":{"self":[{"href":"https:\/\/webery-server1.de\/t18-steuerberater\/wp-json\/wp\/v2\/pages\/91","targetHints":{"allow":["GET"]}}],"collection":[{"href":"https:\/\/webery-server1.de\/t18-steuerberater\/wp-json\/wp\/v2\/pages"}],"about":[{"href":"https:\/\/webery-server1.de\/t18-steuerberater\/wp-json\/wp\/v2\/types\/page"}],"author":[{"embeddable":true,"href":"https:\/\/webery-server1.de\/t18-steuerberater\/wp-json\/wp\/v2\/users\/1"}],"replies":[{"embeddable":true,"href":"https:\/\/webery-server1.de\/t18-steuerberater\/wp-json\/wp\/v2\/comments?post=91"}],"version-history":[{"count":6,"href":"https:\/\/webery-server1.de\/t18-steuerberater\/wp-json\/wp\/v2\/pages\/91\/revisions"}],"predecessor-version":[{"id":1578,"href":"https:\/\/webery-server1.de\/t18-steuerberater\/wp-json\/wp\/v2\/pages\/91\/revisions\/1578"}],"wp:attachment":[{"href":"https:\/\/webery-server1.de\/t18-steuerberater\/wp-json\/wp\/v2\/media?parent=91"}],"curies":[{"name":"wp","href":"https:\/\/api.w.org\/{rel}","templated":true}]}}