{"id":584,"date":"2023-08-13T13:04:04","date_gmt":"2023-08-13T11:04:04","guid":{"rendered":"https:\/\/webery-server1.de\/t3-tischlerei\/?page_id=584"},"modified":"2025-03-26T12:35:48","modified_gmt":"2025-03-26T11:35:48","slug":"kuechen","status":"publish","type":"page","link":"https:\/\/webery-server1.de\/t3-tischlerei\/kuechen\/","title":{"rendered":"K\u00fcchen"},"content":{"rendered":"\t\t<div data-elementor-type=\"wp-page\" data-elementor-id=\"584\" class=\"elementor elementor-584\" data-elementor-post-type=\"page\">\n\t\t\t\t<div class=\"elementor-element elementor-element-5e40afa e-flex e-con-boxed e-con e-parent\" data-id=\"5e40afa\" data-element_type=\"container\" data-settings=\"{&quot;background_background&quot;:&quot;classic&quot;}\">\n\t\t\t\t\t<div class=\"e-con-inner\">\n\t\t<div class=\"elementor-element elementor-element-d7bc6c0 e-con-full e-flex e-con e-child\" data-id=\"d7bc6c0\" data-element_type=\"container\">\n\t\t\t\t<div class=\"elementor-element elementor-element-f43e677 elementor-widget elementor-widget-elementskit-heading\" data-id=\"f43e677\" data-element_type=\"widget\" data-widget_type=\"elementskit-heading.default\">\n\t\t\t\t<div class=\"elementor-widget-container\">\n\t\t\t\t\t<div class=\"ekit-wid-con\" ><div class=\"ekit-heading elementskit-section-title-wraper text_center   ekit_heading_tablet-   ekit_heading_mobile-text_center\"><h1 class=\"ekit-heading--title elementskit-section-title \">K\u00fcchen<\/h1><\/div><\/div>\t\t\t\t<\/div>\n\t\t\t\t<\/div>\n\t\t\t\t<\/div>\n\t\t\t\t\t<\/div>\n\t\t\t\t<\/div>\n\t\t<div class=\"elementor-element elementor-element-59f7d92 e-flex e-con-boxed e-con e-parent\" data-id=\"59f7d92\" data-element_type=\"container\">\n\t\t\t\t\t<div class=\"e-con-inner\">\n\t\t<div class=\"elementor-element elementor-element-171293a e-con-full e-flex e-con e-child\" data-id=\"171293a\" data-element_type=\"container\">\n\t\t\t\t<div class=\"elementor-element elementor-element-6540cb6 elementor-widget elementor-widget-text-editor\" data-id=\"6540cb6\" data-element_type=\"widget\" data-widget_type=\"text-editor.default\">\n\t\t\t\t<div class=\"elementor-widget-container\">\n\t\t\t\t\t\t\t\t\tUnsere Tischlerei bietet Ihnen ma\u00dfgefertigte K\u00fcchen zu einem attraktiven Preis-Leistungs-Verh\u00e4ltnis. Wir planen und bauen individuelle K\u00fcchen, die preislich nicht teurer sind als die im Laden. Dabei legen wir gro\u00dfen Wert auf hochwertige Materialien und eine sorgf\u00e4ltige Verarbeitung. Unsere K\u00fcchen sind Unikate vom Tischler und werden speziell auf Ihre W\u00fcnsche und Bed\u00fcrfnisse angepasst. Besuchen Sie uns gerne in unserem Showroom und lassen Sie sich von unseren Referenzen \u00fcberzeugen.\t\t\t\t\t\t\t\t<\/div>\n\t\t\t\t<\/div>\n\t\t\t\t<div class=\"elementor-element elementor-element-5f470fb elementor-align-left elementor-widget elementor-widget-button\" data-id=\"5f470fb\" data-element_type=\"widget\" data-widget_type=\"button.default\">\n\t\t\t\t<div class=\"elementor-widget-container\">\n\t\t\t\t\t\t\t\t\t<div class=\"elementor-button-wrapper\">\n\t\t\t\t\t<a class=\"elementor-button elementor-button-link elementor-size-sm\" href=\"\/t1-maler\/kontakt\">\n\t\t\t\t\t\t<span class=\"elementor-button-content-wrapper\">\n\t\t\t\t\t\t\t\t\t<span class=\"elementor-button-text\">jetzt kontaktieren<\/span>\n\t\t\t\t\t<\/span>\n\t\t\t\t\t<\/a>\n\t\t\t\t<\/div>\n\t\t\t\t\t\t\t\t<\/div>\n\t\t\t\t<\/div>\n\t\t\t\t<\/div>\n\t\t<div class=\"elementor-element elementor-element-2b7f6f5 e-con-full e-flex e-con e-child\" data-id=\"2b7f6f5\" data-element_type=\"container\">\n\t\t\t\t<div class=\"elementor-element elementor-element-eb6d416 elementor-widget elementor-widget-image\" data-id=\"eb6d416\" data-element_type=\"widget\" data-widget_type=\"image.default\">\n\t\t\t\t<div class=\"elementor-widget-container\">\n\t\t\t\t\t\t\t\t\t\t\t\t\t\t\t<img fetchpriority=\"high\" decoding=\"async\" width=\"800\" height=\"533\" src=\"https:\/\/webery-server1.de\/t3-tischlerei\/wp-content\/uploads\/2023\/08\/AdobeStock_603445468-1024x682.jpeg\" class=\"attachment-large size-large wp-image-485\" alt=\"\" srcset=\"https:\/\/webery-server1.de\/t3-tischlerei\/wp-content\/uploads\/2023\/08\/AdobeStock_603445468-1024x682.jpeg 1024w, https:\/\/webery-server1.de\/t3-tischlerei\/wp-content\/uploads\/2023\/08\/AdobeStock_603445468-300x200.jpeg 300w, https:\/\/webery-server1.de\/t3-tischlerei\/wp-content\/uploads\/2023\/08\/AdobeStock_603445468-768x512.jpeg 768w, https:\/\/webery-server1.de\/t3-tischlerei\/wp-content\/uploads\/2023\/08\/AdobeStock_603445468-1536x1024.jpeg 1536w, https:\/\/webery-server1.de\/t3-tischlerei\/wp-content\/uploads\/2023\/08\/AdobeStock_603445468.jpeg 2000w\" sizes=\"(max-width: 800px) 100vw, 800px\" \/>\t\t\t\t\t\t\t\t\t\t\t\t\t\t\t<\/div>\n\t\t\t\t<\/div>\n\t\t\t\t<\/div>\n\t\t\t\t\t<\/div>\n\t\t\t\t<\/div>\n\t\t<div class=\"elementor-element elementor-element-57e83a9 e-flex e-con-boxed e-con e-parent\" data-id=\"57e83a9\" data-element_type=\"container\" data-settings=\"{&quot;background_background&quot;:&quot;classic&quot;}\">\n\t\t\t\t\t<div class=\"e-con-inner\">\n\t\t<div class=\"elementor-element elementor-element-0b05200 e-con-full e-flex e-con e-child\" data-id=\"0b05200\" data-element_type=\"container\">\n\t\t\t\t<div class=\"elementor-element elementor-element-ed75dce elementor-widget elementor-widget-text-editor\" data-id=\"ed75dce\" data-element_type=\"widget\" data-widget_type=\"text-editor.default\">\n\t\t\t\t<div class=\"elementor-widget-container\">\n\t\t\t\t\t\t\t\t\t<p>Ma\u00dfgeschneiderte K\u00fcchen bieten viele Vorteile gegen\u00fcber Standardl\u00f6sungen. Hier sind einige der Vorteile:<\/p>\t\t\t\t\t\t\t\t<\/div>\n\t\t\t\t<\/div>\n\t\t<div class=\"elementor-element elementor-element-2db38fc e-con-full e-flex e-con e-child\" data-id=\"2db38fc\" data-element_type=\"container\">\n\t\t<div class=\"elementor-element elementor-element-9bfa0ca e-con-full e-flex e-con e-child\" data-id=\"9bfa0ca\" data-element_type=\"container\">\n\t\t\t\t<div class=\"elementor-element elementor-element-d9a4af3 ekit-equal-height-enable elementor-widget elementor-widget-elementskit-icon-box\" data-id=\"d9a4af3\" data-element_type=\"widget\" data-widget_type=\"elementskit-icon-box.default\">\n\t\t\t\t<div class=\"elementor-widget-container\">\n\t\t\t\t\t<div class=\"ekit-wid-con\" >        <!-- link opening -->\n                <a href=\"#\" class=\"ekit_global_links\">\n                <!-- end link opening -->\n\n        <div class=\"elementskit-infobox text-left text-left icon-lef-right-aligin elementor-animation- media  \">\n                    <div class=\"elementskit-box-header elementor-animation-\">\n                <div class=\"elementskit-info-box-icon  text-center\">\n                    <i aria-hidden=\"true\" class=\"elementkit-infobox-icon icon icon-pencil_art\"><\/i>\n                <\/div>\n          <\/div>\n                        <div class=\"box-body\">\n                            <h3 class=\"elementskit-info-box-title\">\n                    Freiheit bei der Gestaltung                <\/h3>\n                        \t\t  \t<p>Der gr\u00f6\u00dfte Vorteil einer ma\u00dfgeschneiderten K\u00fcche ist die M\u00f6glichkeit, die Struktur der M\u00f6bel v\u00f6llig frei zu bestimmen. Je nach verf\u00fcgbarem Platz und der Art und Weise, wie die K\u00fcche genutzt wird, kann die K\u00fcche individuell gestaltet werden<\/p>\n                                <\/div>\n        \n        \n                <\/div>\n                <\/a>\n        <\/div>\t\t\t\t<\/div>\n\t\t\t\t<\/div>\n\t\t\t\t<\/div>\n\t\t<div class=\"elementor-element elementor-element-70b635f e-con-full e-flex e-con e-child\" data-id=\"70b635f\" data-element_type=\"container\">\n\t\t\t\t<div class=\"elementor-element elementor-element-231a426 ekit-equal-height-enable elementor-widget elementor-widget-elementskit-icon-box\" data-id=\"231a426\" data-element_type=\"widget\" data-widget_type=\"elementskit-icon-box.default\">\n\t\t\t\t<div class=\"elementor-widget-container\">\n\t\t\t\t\t<div class=\"ekit-wid-con\" >        <!-- link opening -->\n                <a href=\"#\" class=\"ekit_global_links\">\n                <!-- end link opening -->\n\n        <div class=\"elementskit-infobox text- text-left icon-lef-right-aligin elementor-animation- media  \">\n                    <div class=\"elementskit-box-header elementor-animation-\">\n                <div class=\"elementskit-info-box-icon  text-center\">\n                    <i aria-hidden=\"true\" class=\"elementkit-infobox-icon icon icon-settings-2\"><\/i>\n                <\/div>\n          <\/div>\n                        <div class=\"box-body\">\n                            <h3 class=\"elementskit-info-box-title\">\n                    Anpassung an individuelle Bed\u00fcrfnisse                <\/h3>\n                        \t\t  \t<p>Eine ma\u00dfgeschneiderte K\u00fcche kann perfekt an die Bed\u00fcrfnisse und Vorstellungen des Kunden angepasst werden<\/p>\n                                <\/div>\n        \n        \n                <\/div>\n                <\/a>\n        <\/div>\t\t\t\t<\/div>\n\t\t\t\t<\/div>\n\t\t\t\t<\/div>\n\t\t<div class=\"elementor-element elementor-element-7a9775e e-con-full e-flex e-con e-child\" data-id=\"7a9775e\" data-element_type=\"container\">\n\t\t\t\t<div class=\"elementor-element elementor-element-30a17b8 ekit-equal-height-enable elementor-widget elementor-widget-elementskit-icon-box\" data-id=\"30a17b8\" data-element_type=\"widget\" data-widget_type=\"elementskit-icon-box.default\">\n\t\t\t\t<div class=\"elementor-widget-container\">\n\t\t\t\t\t<div class=\"ekit-wid-con\" >        <!-- link opening -->\n                <a href=\"#\" class=\"ekit_global_links\">\n                <!-- end link opening -->\n\n        <div class=\"elementskit-infobox text- text-left icon-lef-right-aligin elementor-animation- media  \">\n                    <div class=\"elementskit-box-header elementor-animation-\">\n                <div class=\"elementskit-info-box-icon  text-center\">\n                    <i aria-hidden=\"true\" class=\"elementkit-infobox-icon icon icon-star-empty\"><\/i>\n                <\/div>\n          <\/div>\n                        <div class=\"box-body\">\n                            <h3 class=\"elementskit-info-box-title\">\n                    Hochwertige Verarbeitung                <\/h3>\n                        \t\t  \t<p>Ma\u00dfgeschneiderte K\u00fcchen werden mit gro\u00dfer Sorgfalt und hochwertigen Materialien hergestellt, was zu einer besseren Qualit\u00e4t und Haltbarkeit f\u00fchrt<\/p>\n                                <\/div>\n        \n        \n                <\/div>\n                <\/a>\n        <\/div>\t\t\t\t<\/div>\n\t\t\t\t<\/div>\n\t\t\t\t<\/div>\n\t\t\t\t<\/div>\n\t\t<div class=\"elementor-element elementor-element-63ee719 e-con-full e-flex e-con e-child\" data-id=\"63ee719\" data-element_type=\"container\">\n\t\t<div class=\"elementor-element elementor-element-c466a12 e-con-full e-flex e-con e-child\" data-id=\"c466a12\" data-element_type=\"container\">\n\t\t\t\t<div class=\"elementor-element elementor-element-29a05b7 ekit-equal-height-enable elementor-widget elementor-widget-elementskit-icon-box\" data-id=\"29a05b7\" data-element_type=\"widget\" data-widget_type=\"elementskit-icon-box.default\">\n\t\t\t\t<div class=\"elementor-widget-container\">\n\t\t\t\t\t<div class=\"ekit-wid-con\" >        <!-- link opening -->\n                <a href=\"#\" class=\"ekit_global_links\">\n                <!-- end link opening -->\n\n        <div class=\"elementskit-infobox text-left text-left icon-lef-right-aligin elementor-animation- media  \">\n                    <div class=\"elementskit-box-header elementor-animation-\">\n                <div class=\"elementskit-info-box-icon  text-center\">\n                    <i aria-hidden=\"true\" class=\"elementkit-infobox-icon icon icon-Design-2\"><\/i>\n                <\/div>\n          <\/div>\n                        <div class=\"box-body\">\n                            <h3 class=\"elementskit-info-box-title\">\n                    Mehr Stauraum                <\/h3>\n                        \t\t  \t<p>Durch eine individuelle Planung k\u00f6nnen Schr\u00e4nke, Regale und Schubladen an die Bed\u00fcrfnisse des Kunden angepasst werden, was zu mehr Stauraum f\u00fchrt<\/p>\n                                <\/div>\n        \n        \n                <\/div>\n                <\/a>\n        <\/div>\t\t\t\t<\/div>\n\t\t\t\t<\/div>\n\t\t\t\t<\/div>\n\t\t<div class=\"elementor-element elementor-element-9702c2a e-con-full e-flex e-con e-child\" data-id=\"9702c2a\" data-element_type=\"container\">\n\t\t\t\t<div class=\"elementor-element elementor-element-8400e05 ekit-equal-height-enable elementor-widget elementor-widget-elementskit-icon-box\" data-id=\"8400e05\" data-element_type=\"widget\" data-widget_type=\"elementskit-icon-box.default\">\n\t\t\t\t<div class=\"elementor-widget-container\">\n\t\t\t\t\t<div class=\"ekit-wid-con\" >        <!-- link opening -->\n                <a href=\"#\" class=\"ekit_global_links\">\n                <!-- end link opening -->\n\n        <div class=\"elementskit-infobox text- text-left icon-lef-right-aligin elementor-animation- media  \">\n                    <div class=\"elementskit-box-header elementor-animation-\">\n                <div class=\"elementskit-info-box-icon  text-center\">\n                    <i aria-hidden=\"true\" class=\"elementkit-infobox-icon icon icon-flower\"><\/i>\n                <\/div>\n          <\/div>\n                        <div class=\"box-body\">\n                            <h3 class=\"elementskit-info-box-title\">\n                    Design und \u00c4sthetik                <\/h3>\n                        \t\t  \t<p>Eine ma\u00dfgeschneiderte K\u00fcche ist eine Hommage an Design und \u00c4sthetik, die den Wohlf\u00fchlcharakter der K\u00fcche verbessern kann<\/p>\n                                <\/div>\n        \n        \n                <\/div>\n                <\/a>\n        <\/div>\t\t\t\t<\/div>\n\t\t\t\t<\/div>\n\t\t\t\t<\/div>\n\t\t<div class=\"elementor-element elementor-element-795ded8 e-con-full e-flex e-con e-child\" data-id=\"795ded8\" data-element_type=\"container\">\n\t\t\t\t<div class=\"elementor-element elementor-element-5e9eabe ekit-equal-height-enable elementor-widget elementor-widget-elementskit-icon-box\" data-id=\"5e9eabe\" data-element_type=\"widget\" data-widget_type=\"elementskit-icon-box.default\">\n\t\t\t\t<div class=\"elementor-widget-container\">\n\t\t\t\t\t<div class=\"ekit-wid-con\" >        <!-- link opening -->\n                <a href=\"#\" class=\"ekit_global_links\">\n                <!-- end link opening -->\n\n        <div class=\"elementskit-infobox text- text-left icon-lef-right-aligin elementor-animation- media  \">\n                    <div class=\"elementskit-box-header elementor-animation-\">\n                <div class=\"elementskit-info-box-icon  text-center\">\n                    <i aria-hidden=\"true\" class=\"elementkit-infobox-icon icon icon-settings1\"><\/i>\n                <\/div>\n          <\/div>\n                        <div class=\"box-body\">\n                            <h3 class=\"elementskit-info-box-title\">\n                    Elektronik und Mechanik                <\/h3>\n                        \t\t  \t<p>Eine ma\u00dfgeschneiderte K\u00fcche kann auch mit Elektronik und weiterentwickelter Mechanik ausgestattet werden, was zu mehr Komfort und Spa\u00df beim Kochen f\u00fchren kann<\/p>\n                                <\/div>\n        \n        \n                <\/div>\n                <\/a>\n        <\/div>\t\t\t\t<\/div>\n\t\t\t\t<\/div>\n\t\t\t\t<\/div>\n\t\t\t\t<\/div>\n\t\t\t\t<div class=\"elementor-element elementor-element-f193fdf elementor-widget elementor-widget-spacer\" data-id=\"f193fdf\" data-element_type=\"widget\" data-widget_type=\"spacer.default\">\n\t\t\t\t<div class=\"elementor-widget-container\">\n\t\t\t\t\t\t\t<div class=\"elementor-spacer\">\n\t\t\t<div class=\"elementor-spacer-inner\"><\/div>\n\t\t<\/div>\n\t\t\t\t\t\t<\/div>\n\t\t\t\t<\/div>\n\t\t\t\t<div class=\"elementor-element elementor-element-88d3baa elementor-widget elementor-widget-text-editor\" data-id=\"88d3baa\" data-element_type=\"widget\" data-widget_type=\"text-editor.default\">\n\t\t\t\t<div class=\"elementor-widget-container\">\n\t\t\t\t\t\t\t\t\t<p>Zusammenfassend bieten ma\u00dfgeschneiderte K\u00fcchen mehr Freiheit bei der Gestaltung, Anpassung an individuelle Bed\u00fcrfnisse, hochwertige Verarbeitung, mehr Stauraum, verbessertes Design und \u00c4sthetik sowie zus\u00e4tzliche Funktionen wie Elektronik und Mechanik.<\/p>\t\t\t\t\t\t\t\t<\/div>\n\t\t\t\t<\/div>\n\t\t\t\t<\/div>\n\t\t\t\t\t<\/div>\n\t\t\t\t<\/div>\n\t\t<div class=\"elementor-element elementor-element-a2c2c37 e-flex e-con-boxed e-con e-parent\" data-id=\"a2c2c37\" data-element_type=\"container\">\n\t\t\t\t\t<div class=\"e-con-inner\">\n\t\t<div class=\"elementor-element elementor-element-a896183 e-con-full e-flex e-con e-child\" data-id=\"a896183\" data-element_type=\"container\">\n\t\t<div class=\"elementor-element elementor-element-c5deb9b e-con-full e-flex e-con e-child\" data-id=\"c5deb9b\" data-element_type=\"container\" data-settings=\"{&quot;background_background&quot;:&quot;classic&quot;}\">\n\t\t<div class=\"elementor-element elementor-element-4555a78 e-con-full e-flex e-con e-child\" data-id=\"4555a78\" data-element_type=\"container\">\n\t\t\t\t<div class=\"elementor-element elementor-element-f44e4d3 elementor-widget elementor-widget-heading\" data-id=\"f44e4d3\" data-element_type=\"widget\" data-widget_type=\"heading.default\">\n\t\t\t\t<div class=\"elementor-widget-container\">\n\t\t\t\t\t<h2 class=\"elementor-heading-title elementor-size-default\">Wir freuen uns auf Ihre Kontaktaufnahme.<\/h2>\t\t\t\t<\/div>\n\t\t\t\t<\/div>\n\t\t\t\t<\/div>\n\t\t<div class=\"elementor-element elementor-element-f4a4d89 e-con-full e-flex e-con e-child\" data-id=\"f4a4d89\" data-element_type=\"container\">\n\t\t\t\t<div class=\"elementor-element elementor-element-73637f8 elementor-align-center elementor-widget elementor-widget-button\" data-id=\"73637f8\" data-element_type=\"widget\" data-widget_type=\"button.default\">\n\t\t\t\t<div class=\"elementor-widget-container\">\n\t\t\t\t\t\t\t\t\t<div class=\"elementor-button-wrapper\">\n\t\t\t\t\t<a class=\"elementor-button elementor-button-link elementor-size-sm\" href=\"\/t1-maler\/kontakt\">\n\t\t\t\t\t\t<span class=\"elementor-button-content-wrapper\">\n\t\t\t\t\t\t\t\t\t<span class=\"elementor-button-text\">jetzt kontaktieren<\/span>\n\t\t\t\t\t<\/span>\n\t\t\t\t\t<\/a>\n\t\t\t\t<\/div>\n\t\t\t\t\t\t\t\t<\/div>\n\t\t\t\t<\/div>\n\t\t\t\t<\/div>\n\t\t\t\t<\/div>\n\t\t\t\t<\/div>\n\t\t\t\t\t<\/div>\n\t\t\t\t<\/div>\n\t\t\t\t<\/div>\n\t\t","protected":false},"excerpt":{"rendered":"<p>K\u00fcchen Unsere Tischlerei bietet Ihnen ma\u00dfgefertigte K\u00fcchen zu einem attraktiven Preis-Leistungs-Verh\u00e4ltnis. Wir planen und bauen individuelle K\u00fcchen, die preislich nicht teurer sind als die im Laden. Dabei legen wir gro\u00dfen Wert auf hochwertige Materialien und eine sorgf\u00e4ltige Verarbeitung. Unsere K\u00fcchen sind Unikate vom Tischler und werden speziell auf Ihre W\u00fcnsche und Bed\u00fcrfnisse angepasst. Besuchen Sie [&hellip;]<\/p>\n","protected":false},"author":1,"featured_media":0,"parent":0,"menu_order":0,"comment_status":"closed","ping_status":"closed","template":"","meta":{"footnotes":""},"class_list":["post-584","page","type-page","status-publish","hentry"],"_links":{"self":[{"href":"https:\/\/webery-server1.de\/t3-tischlerei\/wp-json\/wp\/v2\/pages\/584","targetHints":{"allow":["GET"]}}],"collection":[{"href":"https:\/\/webery-server1.de\/t3-tischlerei\/wp-json\/wp\/v2\/pages"}],"about":[{"href":"https:\/\/webery-server1.de\/t3-tischlerei\/wp-json\/wp\/v2\/types\/page"}],"author":[{"embeddable":true,"href":"https:\/\/webery-server1.de\/t3-tischlerei\/wp-json\/wp\/v2\/users\/1"}],"replies":[{"embeddable":true,"href":"https:\/\/webery-server1.de\/t3-tischlerei\/wp-json\/wp\/v2\/comments?post=584"}],"version-history":[{"count":3,"href":"https:\/\/webery-server1.de\/t3-tischlerei\/wp-json\/wp\/v2\/pages\/584\/revisions"}],"predecessor-version":[{"id":755,"href":"https:\/\/webery-server1.de\/t3-tischlerei\/wp-json\/wp\/v2\/pages\/584\/revisions\/755"}],"wp:attachment":[{"href":"https:\/\/webery-server1.de\/t3-tischlerei\/wp-json\/wp\/v2\/media?parent=584"}],"curies":[{"name":"wp","href":"https:\/\/api.w.org\/{rel}","templated":true}]}}