{"id":589,"date":"2023-08-13T13:05:27","date_gmt":"2023-08-13T11:05:27","guid":{"rendered":"https:\/\/webery-server1.de\/t3-tischlerei\/?page_id=589"},"modified":"2025-03-26T12:33:19","modified_gmt":"2025-03-26T11:33:19","slug":"fenster-tueren","status":"publish","type":"page","link":"https:\/\/webery-server1.de\/t3-tischlerei\/fenster-tueren\/","title":{"rendered":"Fenster &#038; T\u00fcren"},"content":{"rendered":"\t\t<div data-elementor-type=\"wp-page\" data-elementor-id=\"589\" class=\"elementor elementor-589\" data-elementor-post-type=\"page\">\n\t\t\t\t<div class=\"elementor-element elementor-element-d89cd18 e-flex e-con-boxed e-con e-parent\" data-id=\"d89cd18\" data-element_type=\"container\" data-settings=\"{&quot;background_background&quot;:&quot;classic&quot;}\">\n\t\t\t\t\t<div class=\"e-con-inner\">\n\t\t<div class=\"elementor-element elementor-element-a7c2b21 e-con-full e-flex e-con e-child\" data-id=\"a7c2b21\" data-element_type=\"container\">\n\t\t\t\t<div class=\"elementor-element elementor-element-e6e1e78 elementor-widget elementor-widget-elementskit-heading\" data-id=\"e6e1e78\" data-element_type=\"widget\" data-widget_type=\"elementskit-heading.default\">\n\t\t\t\t<div class=\"elementor-widget-container\">\n\t\t\t\t\t<div class=\"ekit-wid-con\" ><div class=\"ekit-heading elementskit-section-title-wraper text_center   ekit_heading_tablet-   ekit_heading_mobile-text_center\"><h1 class=\"ekit-heading--title elementskit-section-title \">Fenster &amp; T\u00fcren<\/h1><\/div><\/div>\t\t\t\t<\/div>\n\t\t\t\t<\/div>\n\t\t\t\t<\/div>\n\t\t\t\t\t<\/div>\n\t\t\t\t<\/div>\n\t\t<div class=\"elementor-element elementor-element-83fcccc e-flex e-con-boxed e-con e-parent\" data-id=\"83fcccc\" data-element_type=\"container\">\n\t\t\t\t\t<div class=\"e-con-inner\">\n\t\t<div class=\"elementor-element elementor-element-8e8fba8 e-con-full e-flex e-con e-child\" data-id=\"8e8fba8\" data-element_type=\"container\">\n\t\t\t\t<div class=\"elementor-element elementor-element-709065d elementor-widget elementor-widget-text-editor\" data-id=\"709065d\" data-element_type=\"widget\" data-widget_type=\"text-editor.default\">\n\t\t\t\t<div class=\"elementor-widget-container\">\n\t\t\t\t\t\t\t\t\t<p>In der Tischlerei M\u00fcller legen wir gro\u00dfen Wert auf qualitativ hochwertige Fenster und T\u00fcren, die sowohl funktional als auch \u00e4sthetisch sind. Unsere Produkte bieten optimale W\u00e4rme- und Schalld\u00e4mmung und sind in verschiedenen Materialien wie Holz, Aluminium und Kunststoff erh\u00e4ltlich. Zudem garantieren sie Sicherheit und Langlebigkeit. Egal ob modernes oder klassisches Design, wir haben die passende L\u00f6sung f\u00fcr Ihr Zuhause. Lassen Sie sich von uns beraten!<\/p>\t\t\t\t\t\t\t\t<\/div>\n\t\t\t\t<\/div>\n\t\t\t\t<div class=\"elementor-element elementor-element-0899be3 elementor-align-left elementor-widget elementor-widget-button\" data-id=\"0899be3\" data-element_type=\"widget\" data-widget_type=\"button.default\">\n\t\t\t\t<div class=\"elementor-widget-container\">\n\t\t\t\t\t\t\t\t\t<div class=\"elementor-button-wrapper\">\n\t\t\t\t\t<a class=\"elementor-button elementor-button-link elementor-size-sm\" href=\"\/t1-maler\/kontakt\">\n\t\t\t\t\t\t<span class=\"elementor-button-content-wrapper\">\n\t\t\t\t\t\t\t\t\t<span class=\"elementor-button-text\">jetzt kontaktieren<\/span>\n\t\t\t\t\t<\/span>\n\t\t\t\t\t<\/a>\n\t\t\t\t<\/div>\n\t\t\t\t\t\t\t\t<\/div>\n\t\t\t\t<\/div>\n\t\t\t\t<\/div>\n\t\t<div class=\"elementor-element elementor-element-b8b9d63 e-con-full e-flex e-con e-child\" data-id=\"b8b9d63\" data-element_type=\"container\">\n\t\t\t\t<div class=\"elementor-element elementor-element-f10f547 elementor-widget elementor-widget-image\" data-id=\"f10f547\" data-element_type=\"widget\" data-widget_type=\"image.default\">\n\t\t\t\t<div class=\"elementor-widget-container\">\n\t\t\t\t\t\t\t\t\t\t\t\t\t\t\t<img fetchpriority=\"high\" decoding=\"async\" width=\"800\" height=\"457\" src=\"https:\/\/webery-server1.de\/t3-tischlerei\/wp-content\/uploads\/2023\/08\/AdobeStock_574038947-1024x585.jpeg\" class=\"attachment-large size-large wp-image-482\" alt=\"\" srcset=\"https:\/\/webery-server1.de\/t3-tischlerei\/wp-content\/uploads\/2023\/08\/AdobeStock_574038947-1024x585.jpeg 1024w, https:\/\/webery-server1.de\/t3-tischlerei\/wp-content\/uploads\/2023\/08\/AdobeStock_574038947-300x171.jpeg 300w, https:\/\/webery-server1.de\/t3-tischlerei\/wp-content\/uploads\/2023\/08\/AdobeStock_574038947-768x439.jpeg 768w, https:\/\/webery-server1.de\/t3-tischlerei\/wp-content\/uploads\/2023\/08\/AdobeStock_574038947-1536x878.jpeg 1536w, https:\/\/webery-server1.de\/t3-tischlerei\/wp-content\/uploads\/2023\/08\/AdobeStock_574038947.jpeg 2000w\" sizes=\"(max-width: 800px) 100vw, 800px\" \/>\t\t\t\t\t\t\t\t\t\t\t\t\t\t\t<\/div>\n\t\t\t\t<\/div>\n\t\t\t\t<\/div>\n\t\t\t\t\t<\/div>\n\t\t\t\t<\/div>\n\t\t<div class=\"elementor-element elementor-element-f583393 e-flex e-con-boxed e-con e-parent\" data-id=\"f583393\" data-element_type=\"container\" data-settings=\"{&quot;background_background&quot;:&quot;classic&quot;}\">\n\t\t\t\t\t<div class=\"e-con-inner\">\n\t\t<div class=\"elementor-element elementor-element-e15ca36 e-con-full e-flex e-con e-child\" data-id=\"e15ca36\" data-element_type=\"container\">\n\t\t\t\t<div class=\"elementor-element elementor-element-6905d73 elementor-widget elementor-widget-text-editor\" data-id=\"6905d73\" data-element_type=\"widget\" data-widget_type=\"text-editor.default\">\n\t\t\t\t<div class=\"elementor-widget-container\">\n\t\t\t\t\t\t\t\t\t<p>Eine ma\u00dfgeschneiderte T\u00fcr bietet mehrere Vorteile:<\/p>\t\t\t\t\t\t\t\t<\/div>\n\t\t\t\t<\/div>\n\t\t<div class=\"elementor-element elementor-element-e9e253e e-con-full e-flex e-con e-child\" data-id=\"e9e253e\" data-element_type=\"container\">\n\t\t<div class=\"elementor-element elementor-element-e43ee9e e-con-full e-flex e-con e-child\" data-id=\"e43ee9e\" data-element_type=\"container\">\n\t\t\t\t<div class=\"elementor-element elementor-element-a8de55e ekit-equal-height-enable elementor-widget elementor-widget-elementskit-icon-box\" data-id=\"a8de55e\" data-element_type=\"widget\" data-widget_type=\"elementskit-icon-box.default\">\n\t\t\t\t<div class=\"elementor-widget-container\">\n\t\t\t\t\t<div class=\"ekit-wid-con\" >        <!-- link opening -->\n                <a href=\"#\" class=\"ekit_global_links\">\n                <!-- end link opening -->\n\n        <div class=\"elementskit-infobox text-left text-left icon-lef-right-aligin elementor-animation- media  \">\n                    <div class=\"elementskit-box-header elementor-animation-\">\n                <div class=\"elementskit-info-box-icon  text-center\">\n                    <i aria-hidden=\"true\" class=\"elementkit-infobox-icon icon icon-page-break\"><\/i>\n                <\/div>\n          <\/div>\n                        <div class=\"box-body\">\n                            <h3 class=\"elementskit-info-box-title\">\n                    Passgenauigkeit                <\/h3>\n                        \t\t  \t<p>Ma\u00dfgeschneiderte T\u00fcren werden speziell nach den individuellen Ma\u00dfen und Anforderungen des Kunden angefertigt. Dadurch passt die T\u00fcr perfekt in den vorhandenen T\u00fcr\u00f6ffnungsbereich und sorgt f\u00fcr eine optimale Passform.<\/p>\n                                <\/div>\n        \n        \n                <\/div>\n                <\/a>\n        <\/div>\t\t\t\t<\/div>\n\t\t\t\t<\/div>\n\t\t\t\t<\/div>\n\t\t<div class=\"elementor-element elementor-element-fa2faa5 e-con-full e-flex e-con e-child\" data-id=\"fa2faa5\" data-element_type=\"container\">\n\t\t\t\t<div class=\"elementor-element elementor-element-5bb2b0d ekit-equal-height-enable elementor-widget elementor-widget-elementskit-icon-box\" data-id=\"5bb2b0d\" data-element_type=\"widget\" data-widget_type=\"elementskit-icon-box.default\">\n\t\t\t\t<div class=\"elementor-widget-container\">\n\t\t\t\t\t<div class=\"ekit-wid-con\" >        <!-- link opening -->\n                <a href=\"#\" class=\"ekit_global_links\">\n                <!-- end link opening -->\n\n        <div class=\"elementskit-infobox text- text-left icon-lef-right-aligin elementor-animation- media  \">\n                    <div class=\"elementskit-box-header elementor-animation-\">\n                <div class=\"elementskit-info-box-icon  text-center\">\n                    <i aria-hidden=\"true\" class=\"elementkit-infobox-icon icon icon-pencil_art\"><\/i>\n                <\/div>\n          <\/div>\n                        <div class=\"box-body\">\n                            <h3 class=\"elementskit-info-box-title\">\n                    Design und \u00c4sthetik                <\/h3>\n                        \t\t  \t<p>Ma\u00dfgeschneiderte T\u00fcren bieten eine Vielzahl von Designoptionen, um den pers\u00f6nlichen Stil und die \u00c4sthetik des Kunden zu erf\u00fcllen. Kunden k\u00f6nnen das Material, die Farbe, das Finish und andere Details ausw\u00e4hlen, um eine T\u00fcr zu erhalten, die perfekt zum Gesamtdesign ihres Hauses oder ihrer R\u00e4umlichkeiten passt.<\/p>\n                                <\/div>\n        \n        \n                <\/div>\n                <\/a>\n        <\/div>\t\t\t\t<\/div>\n\t\t\t\t<\/div>\n\t\t\t\t<\/div>\n\t\t<div class=\"elementor-element elementor-element-31d1579 e-con-full e-flex e-con e-child\" data-id=\"31d1579\" data-element_type=\"container\">\n\t\t\t\t<div class=\"elementor-element elementor-element-8414230 ekit-equal-height-enable elementor-widget elementor-widget-elementskit-icon-box\" data-id=\"8414230\" data-element_type=\"widget\" data-widget_type=\"elementskit-icon-box.default\">\n\t\t\t\t<div class=\"elementor-widget-container\">\n\t\t\t\t\t<div class=\"ekit-wid-con\" >        <!-- link opening -->\n                <a href=\"#\" class=\"ekit_global_links\">\n                <!-- end link opening -->\n\n        <div class=\"elementskit-infobox text- text-left icon-lef-right-aligin elementor-animation- media  \">\n                    <div class=\"elementskit-box-header elementor-animation-\">\n                <div class=\"elementskit-info-box-icon  text-center\">\n                    <i aria-hidden=\"true\" class=\"elementkit-infobox-icon icon icon-star-empty\"><\/i>\n                <\/div>\n          <\/div>\n                        <div class=\"box-body\">\n                            <h3 class=\"elementskit-info-box-title\">\n                    Qualit\u00e4t und Langlebigkeit                <\/h3>\n                        \t\t  \t<p>Ma\u00dfgeschneiderte T\u00fcren werden in der Regel aus hochwertigen Materialien hergestellt und unterliegen strengen Qualit\u00e4tskontrollen. Dadurch gew\u00e4hrleisten sie eine hohe Haltbarkeit und Langlebigkeit im Vergleich zu vorgefertigten T\u00fcren.<\/p>\n                                <\/div>\n        \n        \n                <\/div>\n                <\/a>\n        <\/div>\t\t\t\t<\/div>\n\t\t\t\t<\/div>\n\t\t\t\t<\/div>\n\t\t\t\t<\/div>\n\t\t<div class=\"elementor-element elementor-element-99c975e e-con-full e-flex e-con e-child\" data-id=\"99c975e\" data-element_type=\"container\">\n\t\t<div class=\"elementor-element elementor-element-9874ff6 e-con-full e-flex e-con e-child\" data-id=\"9874ff6\" data-element_type=\"container\">\n\t\t\t\t<div class=\"elementor-element elementor-element-063fdc0 ekit-equal-height-enable elementor-widget elementor-widget-elementskit-icon-box\" data-id=\"063fdc0\" data-element_type=\"widget\" data-widget_type=\"elementskit-icon-box.default\">\n\t\t\t\t<div class=\"elementor-widget-container\">\n\t\t\t\t\t<div class=\"ekit-wid-con\" >        <!-- link opening -->\n                <a href=\"#\" class=\"ekit_global_links\">\n                <!-- end link opening -->\n\n        <div class=\"elementskit-infobox text-left text-left icon-lef-right-aligin elementor-animation- media  \">\n                    <div class=\"elementskit-box-header elementor-animation-\">\n                <div class=\"elementskit-info-box-icon  text-center\">\n                    <i aria-hidden=\"true\" class=\"elementkit-infobox-icon icon icon-settings1\"><\/i>\n                <\/div>\n          <\/div>\n                        <div class=\"box-body\">\n                            <h3 class=\"elementskit-info-box-title\">\n                    Funktionale Anpassungen                <\/h3>\n                        \t\t  \t<p>Ma\u00dfgeschneiderte T\u00fcren k\u00f6nnen auch funktionale Anpassungen enthalten, um den spezifischen Bed\u00fcrfnissen des Kunden gerecht zu werden. Dies kann beispielsweise die Integration von Sicherheitsfunktionen, Schallschutz oder W\u00e4rmed\u00e4mmung umfassen.<\/p>\n                                <\/div>\n        \n        \n                <\/div>\n                <\/a>\n        <\/div>\t\t\t\t<\/div>\n\t\t\t\t<\/div>\n\t\t\t\t<\/div>\n\t\t<div class=\"elementor-element elementor-element-bed85ea e-con-full e-flex e-con e-child\" data-id=\"bed85ea\" data-element_type=\"container\">\n\t\t\t\t<div class=\"elementor-element elementor-element-d99570e ekit-equal-height-enable elementor-widget elementor-widget-elementskit-icon-box\" data-id=\"d99570e\" data-element_type=\"widget\" data-widget_type=\"elementskit-icon-box.default\">\n\t\t\t\t<div class=\"elementor-widget-container\">\n\t\t\t\t\t<div class=\"ekit-wid-con\" >        <!-- link opening -->\n                <a href=\"#\" class=\"ekit_global_links\">\n                <!-- end link opening -->\n\n        <div class=\"elementskit-infobox text- text-left icon-lef-right-aligin elementor-animation- media  \">\n                    <div class=\"elementskit-box-header elementor-animation-\">\n                <div class=\"elementskit-info-box-icon  text-center\">\n                    <i aria-hidden=\"true\" class=\"elementkit-infobox-icon icon icon-coins\"><\/i>\n                <\/div>\n          <\/div>\n                        <div class=\"box-body\">\n                            <h3 class=\"elementskit-info-box-title\">\n                    Kosteneffizienz                <\/h3>\n                        \t\t  \t<p>Obwohl ma\u00dfgeschneiderte T\u00fcren m\u00f6glicherweise etwas teurer sind als vorgefertigte T\u00fcren, bieten sie den Vorteil der Kosteneffizienz auf lange Sicht. Durch die perfekte Passform und die hochwertige Verarbeitung k\u00f6nnen Energieverluste minimiert und Reparatur- oder Austauschkosten in der Zukunft reduziert werden<\/p>\n                                <\/div>\n        \n        \n                <\/div>\n                <\/a>\n        <\/div>\t\t\t\t<\/div>\n\t\t\t\t<\/div>\n\t\t\t\t<\/div>\n\t\t\t\t<\/div>\n\t\t\t\t<div class=\"elementor-element elementor-element-695b06b elementor-widget elementor-widget-spacer\" data-id=\"695b06b\" data-element_type=\"widget\" data-widget_type=\"spacer.default\">\n\t\t\t\t<div class=\"elementor-widget-container\">\n\t\t\t\t\t\t\t<div class=\"elementor-spacer\">\n\t\t\t<div class=\"elementor-spacer-inner\"><\/div>\n\t\t<\/div>\n\t\t\t\t\t\t<\/div>\n\t\t\t\t<\/div>\n\t\t\t\t<div class=\"elementor-element elementor-element-0c140cb elementor-widget elementor-widget-text-editor\" data-id=\"0c140cb\" data-element_type=\"widget\" data-widget_type=\"text-editor.default\">\n\t\t\t\t<div class=\"elementor-widget-container\">\n\t\t\t\t\t\t\t\t\t<p>Insgesamt bieten unsere Tischlerei unseren Kunden, die M\u00f6glichkeit, eine T\u00fcr zu erhalten, die genau ihren Anforderungen und Vorlieben entspricht und gleichzeitig hohe Qualit\u00e4t und Langlebigkeit bietet.<\/p>\t\t\t\t\t\t\t\t<\/div>\n\t\t\t\t<\/div>\n\t\t\t\t<\/div>\n\t\t\t\t\t<\/div>\n\t\t\t\t<\/div>\n\t\t<div class=\"elementor-element elementor-element-3866e81 e-flex e-con-boxed e-con e-parent\" data-id=\"3866e81\" data-element_type=\"container\">\n\t\t\t\t\t<div class=\"e-con-inner\">\n\t\t<div class=\"elementor-element elementor-element-4ec47cb e-con-full e-flex e-con e-child\" data-id=\"4ec47cb\" data-element_type=\"container\">\n\t\t<div class=\"elementor-element elementor-element-10fe76e e-con-full e-flex e-con e-child\" data-id=\"10fe76e\" data-element_type=\"container\" data-settings=\"{&quot;background_background&quot;:&quot;classic&quot;}\">\n\t\t<div class=\"elementor-element elementor-element-64f56b3 e-con-full e-flex e-con e-child\" data-id=\"64f56b3\" data-element_type=\"container\">\n\t\t\t\t<div class=\"elementor-element elementor-element-642343c elementor-widget elementor-widget-heading\" data-id=\"642343c\" data-element_type=\"widget\" data-widget_type=\"heading.default\">\n\t\t\t\t<div class=\"elementor-widget-container\">\n\t\t\t\t\t<h2 class=\"elementor-heading-title elementor-size-default\">Wir freuen uns auf Ihre Kontaktaufnahme.<\/h2>\t\t\t\t<\/div>\n\t\t\t\t<\/div>\n\t\t\t\t<\/div>\n\t\t<div class=\"elementor-element elementor-element-5cd3a76 e-con-full e-flex e-con e-child\" data-id=\"5cd3a76\" data-element_type=\"container\">\n\t\t\t\t<div class=\"elementor-element elementor-element-dbf60eb elementor-align-center elementor-widget elementor-widget-button\" data-id=\"dbf60eb\" data-element_type=\"widget\" data-widget_type=\"button.default\">\n\t\t\t\t<div class=\"elementor-widget-container\">\n\t\t\t\t\t\t\t\t\t<div class=\"elementor-button-wrapper\">\n\t\t\t\t\t<a class=\"elementor-button elementor-button-link elementor-size-sm\" href=\"\/t1-maler\/kontakt\">\n\t\t\t\t\t\t<span class=\"elementor-button-content-wrapper\">\n\t\t\t\t\t\t\t\t\t<span class=\"elementor-button-text\">jetzt kontaktieren<\/span>\n\t\t\t\t\t<\/span>\n\t\t\t\t\t<\/a>\n\t\t\t\t<\/div>\n\t\t\t\t\t\t\t\t<\/div>\n\t\t\t\t<\/div>\n\t\t\t\t<\/div>\n\t\t\t\t<\/div>\n\t\t\t\t<\/div>\n\t\t\t\t\t<\/div>\n\t\t\t\t<\/div>\n\t\t\t\t<\/div>\n\t\t","protected":false},"excerpt":{"rendered":"<p>Fenster &amp; T\u00fcren In der Tischlerei M\u00fcller legen wir gro\u00dfen Wert auf qualitativ hochwertige Fenster und T\u00fcren, die sowohl funktional als auch \u00e4sthetisch sind. Unsere Produkte bieten optimale W\u00e4rme- und Schalld\u00e4mmung und sind in verschiedenen Materialien wie Holz, Aluminium und Kunststoff erh\u00e4ltlich. Zudem garantieren sie Sicherheit und Langlebigkeit. Egal ob modernes oder klassisches Design, wir [&hellip;]<\/p>\n","protected":false},"author":1,"featured_media":0,"parent":0,"menu_order":0,"comment_status":"closed","ping_status":"closed","template":"","meta":{"footnotes":""},"class_list":["post-589","page","type-page","status-publish","hentry"],"_links":{"self":[{"href":"https:\/\/webery-server1.de\/t3-tischlerei\/wp-json\/wp\/v2\/pages\/589","targetHints":{"allow":["GET"]}}],"collection":[{"href":"https:\/\/webery-server1.de\/t3-tischlerei\/wp-json\/wp\/v2\/pages"}],"about":[{"href":"https:\/\/webery-server1.de\/t3-tischlerei\/wp-json\/wp\/v2\/types\/page"}],"author":[{"embeddable":true,"href":"https:\/\/webery-server1.de\/t3-tischlerei\/wp-json\/wp\/v2\/users\/1"}],"replies":[{"embeddable":true,"href":"https:\/\/webery-server1.de\/t3-tischlerei\/wp-json\/wp\/v2\/comments?post=589"}],"version-history":[{"count":3,"href":"https:\/\/webery-server1.de\/t3-tischlerei\/wp-json\/wp\/v2\/pages\/589\/revisions"}],"predecessor-version":[{"id":746,"href":"https:\/\/webery-server1.de\/t3-tischlerei\/wp-json\/wp\/v2\/pages\/589\/revisions\/746"}],"wp:attachment":[{"href":"https:\/\/webery-server1.de\/t3-tischlerei\/wp-json\/wp\/v2\/media?parent=589"}],"curies":[{"name":"wp","href":"https:\/\/api.w.org\/{rel}","templated":true}]}}