{"id":601,"date":"2023-08-13T13:07:51","date_gmt":"2023-08-13T11:07:51","guid":{"rendered":"https:\/\/webery-server1.de\/t3-tischlerei\/?page_id=601"},"modified":"2025-03-26T12:51:33","modified_gmt":"2025-03-26T11:51:33","slug":"trockenbau","status":"publish","type":"page","link":"https:\/\/webery-server1.de\/t3-tischlerei\/trockenbau\/","title":{"rendered":"Trockenbau"},"content":{"rendered":"\t\t<div data-elementor-type=\"wp-page\" data-elementor-id=\"601\" class=\"elementor elementor-601\" data-elementor-post-type=\"page\">\n\t\t\t\t<div class=\"elementor-element elementor-element-37c4c0f e-flex e-con-boxed e-con e-parent\" data-id=\"37c4c0f\" data-element_type=\"container\" data-settings=\"{&quot;background_background&quot;:&quot;classic&quot;}\">\n\t\t\t\t\t<div class=\"e-con-inner\">\n\t\t<div class=\"elementor-element elementor-element-7c483c2 e-con-full e-flex e-con e-child\" data-id=\"7c483c2\" data-element_type=\"container\">\n\t\t\t\t<div class=\"elementor-element elementor-element-8f02198 elementor-widget elementor-widget-elementskit-heading\" data-id=\"8f02198\" data-element_type=\"widget\" data-widget_type=\"elementskit-heading.default\">\n\t\t\t\t<div class=\"elementor-widget-container\">\n\t\t\t\t\t<div class=\"ekit-wid-con\" ><div class=\"ekit-heading elementskit-section-title-wraper text_center   ekit_heading_tablet-   ekit_heading_mobile-text_center\"><h1 class=\"ekit-heading--title elementskit-section-title \">Trockenbau<\/h1><\/div><\/div>\t\t\t\t<\/div>\n\t\t\t\t<\/div>\n\t\t\t\t<\/div>\n\t\t\t\t\t<\/div>\n\t\t\t\t<\/div>\n\t\t<div class=\"elementor-element elementor-element-a0aa08a e-flex e-con-boxed e-con e-parent\" data-id=\"a0aa08a\" data-element_type=\"container\">\n\t\t\t\t\t<div class=\"e-con-inner\">\n\t\t<div class=\"elementor-element elementor-element-9323277 e-con-full e-flex e-con e-child\" data-id=\"9323277\" data-element_type=\"container\">\n\t\t\t\t<div class=\"elementor-element elementor-element-1a35e85 elementor-widget elementor-widget-text-editor\" data-id=\"1a35e85\" data-element_type=\"widget\" data-widget_type=\"text-editor.default\">\n\t\t\t\t<div class=\"elementor-widget-container\">\n\t\t\t\t\t\t\t\t\t<p>Trockenbau bietet eine schnelle und flexible M\u00f6glichkeit, R\u00e4ume zu gestalten und zu ver\u00e4ndern, ohne dass dabei viel Schmutz und L\u00e4rm entstehen. Zudem kann Trockenbau dazu beitragen, den Schallschutz und die W\u00e4rmed\u00e4mmung im Haus zu verbessern. Wir bringen unsere handwerklichen Erfahrungen und unser Fachwissen ein, um individuelle L\u00f6sungen f\u00fcr unsere Kunden zu entwickeln. So k\u00f6nnen beispielsweise Anpassungen an Zimmert\u00fcren, Hauseingangst\u00fcren und Fenster sowie Einbaum\u00f6bel vorgenommen werden.<\/p>\t\t\t\t\t\t\t\t<\/div>\n\t\t\t\t<\/div>\n\t\t\t\t<div class=\"elementor-element elementor-element-c817608 elementor-align-left elementor-widget elementor-widget-button\" data-id=\"c817608\" data-element_type=\"widget\" data-widget_type=\"button.default\">\n\t\t\t\t<div class=\"elementor-widget-container\">\n\t\t\t\t\t\t\t\t\t<div class=\"elementor-button-wrapper\">\n\t\t\t\t\t<a class=\"elementor-button elementor-button-link elementor-size-sm\" href=\"\/t1-maler\/kontakt\">\n\t\t\t\t\t\t<span class=\"elementor-button-content-wrapper\">\n\t\t\t\t\t\t\t\t\t<span class=\"elementor-button-text\">jetzt kontaktieren<\/span>\n\t\t\t\t\t<\/span>\n\t\t\t\t\t<\/a>\n\t\t\t\t<\/div>\n\t\t\t\t\t\t\t\t<\/div>\n\t\t\t\t<\/div>\n\t\t\t\t<\/div>\n\t\t<div class=\"elementor-element elementor-element-c6c0042 e-con-full e-flex e-con e-child\" data-id=\"c6c0042\" data-element_type=\"container\">\n\t\t\t\t<div class=\"elementor-element elementor-element-f36351f elementor-widget elementor-widget-image\" data-id=\"f36351f\" data-element_type=\"widget\" data-widget_type=\"image.default\">\n\t\t\t\t<div class=\"elementor-widget-container\">\n\t\t\t\t\t\t\t\t\t\t\t\t\t\t\t<img fetchpriority=\"high\" decoding=\"async\" width=\"800\" height=\"437\" src=\"https:\/\/webery-server1.de\/t3-tischlerei\/wp-content\/uploads\/2023\/08\/AdobeStock_76640055-1024x559.jpeg\" class=\"attachment-large size-large wp-image-481\" alt=\"\" srcset=\"https:\/\/webery-server1.de\/t3-tischlerei\/wp-content\/uploads\/2023\/08\/AdobeStock_76640055-1024x559.jpeg 1024w, https:\/\/webery-server1.de\/t3-tischlerei\/wp-content\/uploads\/2023\/08\/AdobeStock_76640055-300x164.jpeg 300w, https:\/\/webery-server1.de\/t3-tischlerei\/wp-content\/uploads\/2023\/08\/AdobeStock_76640055-768x419.jpeg 768w, https:\/\/webery-server1.de\/t3-tischlerei\/wp-content\/uploads\/2023\/08\/AdobeStock_76640055-1536x839.jpeg 1536w, https:\/\/webery-server1.de\/t3-tischlerei\/wp-content\/uploads\/2023\/08\/AdobeStock_76640055.jpeg 2000w\" sizes=\"(max-width: 800px) 100vw, 800px\" \/>\t\t\t\t\t\t\t\t\t\t\t\t\t\t\t<\/div>\n\t\t\t\t<\/div>\n\t\t\t\t<\/div>\n\t\t\t\t\t<\/div>\n\t\t\t\t<\/div>\n\t\t<div class=\"elementor-element elementor-element-a712bd2 e-flex e-con-boxed e-con e-parent\" data-id=\"a712bd2\" data-element_type=\"container\" data-settings=\"{&quot;background_background&quot;:&quot;classic&quot;}\">\n\t\t\t\t\t<div class=\"e-con-inner\">\n\t\t<div class=\"elementor-element elementor-element-0c37a2b e-con-full e-flex e-con e-child\" data-id=\"0c37a2b\" data-element_type=\"container\">\n\t\t\t\t<div class=\"elementor-element elementor-element-387e692 elementor-widget elementor-widget-text-editor\" data-id=\"387e692\" data-element_type=\"widget\" data-widget_type=\"text-editor.default\">\n\t\t\t\t<div class=\"elementor-widget-container\">\n\t\t\t\t\t\t\t\t\t<p>Trockenbau bietet eine Vielzahl von Vorteilen gegen\u00fcber anderen Baumaterialien:<\/p>\t\t\t\t\t\t\t\t<\/div>\n\t\t\t\t<\/div>\n\t\t<div class=\"elementor-element elementor-element-4f55b4f e-con-full e-flex e-con e-child\" data-id=\"4f55b4f\" data-element_type=\"container\">\n\t\t<div class=\"elementor-element elementor-element-f207030 e-con-full e-flex e-con e-child\" data-id=\"f207030\" data-element_type=\"container\">\n\t\t\t\t<div class=\"elementor-element elementor-element-00b1d37 ekit-equal-height-enable elementor-widget elementor-widget-elementskit-icon-box\" data-id=\"00b1d37\" data-element_type=\"widget\" data-widget_type=\"elementskit-icon-box.default\">\n\t\t\t\t<div class=\"elementor-widget-container\">\n\t\t\t\t\t<div class=\"ekit-wid-con\" >        <!-- link opening -->\n                <a href=\"#\" class=\"ekit_global_links\">\n                <!-- end link opening -->\n\n        <div class=\"elementskit-infobox text-left text-left icon-lef-right-aligin elementor-animation- media  \">\n                    <div class=\"elementskit-box-header elementor-animation-\">\n                <div class=\"elementskit-info-box-icon  text-center\">\n                    <i aria-hidden=\"true\" class=\"elementkit-infobox-icon icon icon-clock-1\"><\/i>\n                <\/div>\n          <\/div>\n                        <div class=\"box-body\">\n                            <h3 class=\"elementskit-info-box-title\">\n                    Schnelligkeit                <\/h3>\n                        \t\t  \t<p>Der Trockenbau ist im Vergleich zu anderen Baumaterialien wie Spachtel schneller und einfacher zu verarbeiten. Dadurch k\u00f6nnen Bau- oder Renovierungsprojekte effizienter durchgef\u00fchrt werden.<\/p>\n                                <\/div>\n        \n        \n                <\/div>\n                <\/a>\n        <\/div>\t\t\t\t<\/div>\n\t\t\t\t<\/div>\n\t\t\t\t<\/div>\n\t\t<div class=\"elementor-element elementor-element-abc306b e-con-full e-flex e-con e-child\" data-id=\"abc306b\" data-element_type=\"container\">\n\t\t\t\t<div class=\"elementor-element elementor-element-7b8523a ekit-equal-height-enable elementor-widget elementor-widget-elementskit-icon-box\" data-id=\"7b8523a\" data-element_type=\"widget\" data-widget_type=\"elementskit-icon-box.default\">\n\t\t\t\t<div class=\"elementor-widget-container\">\n\t\t\t\t\t<div class=\"ekit-wid-con\" >        <!-- link opening -->\n                <a href=\"#\" class=\"ekit_global_links\">\n                <!-- end link opening -->\n\n        <div class=\"elementskit-infobox text- text-left icon-lef-right-aligin elementor-animation- media  \">\n                    <div class=\"elementskit-box-header elementor-animation-\">\n                <div class=\"elementskit-info-box-icon  text-center\">\n                    <i aria-hidden=\"true\" class=\"elementkit-infobox-icon icon icon-image-morphing\"><\/i>\n                <\/div>\n          <\/div>\n                        <div class=\"box-body\">\n                            <h3 class=\"elementskit-info-box-title\">\n                    Flexibilit\u00e4t                <\/h3>\n                        \t\t  \t<p>Trockenbau erm\u00f6glicht eine hohe Flexibilit\u00e4t bei der Raumgestaltung. Durch den Einsatz von Gipskartonplatten k\u00f6nnen R\u00e4ume leicht angepasst und ver\u00e4ndert werden. Dies ist besonders vorteilhaft, wenn sich die Raumbed\u00fcrfnisse im Laufe der Zeit \u00e4ndern.<\/p>\n                                <\/div>\n        \n        \n                <\/div>\n                <\/a>\n        <\/div>\t\t\t\t<\/div>\n\t\t\t\t<\/div>\n\t\t\t\t<\/div>\n\t\t\t\t<\/div>\n\t\t<div class=\"elementor-element elementor-element-94feee8 e-con-full e-flex e-con e-child\" data-id=\"94feee8\" data-element_type=\"container\">\n\t\t<div class=\"elementor-element elementor-element-7e2e8b2 e-con-full e-flex e-con e-child\" data-id=\"7e2e8b2\" data-element_type=\"container\">\n\t\t\t\t<div class=\"elementor-element elementor-element-a779e49 ekit-equal-height-enable elementor-widget elementor-widget-elementskit-icon-box\" data-id=\"a779e49\" data-element_type=\"widget\" data-widget_type=\"elementskit-icon-box.default\">\n\t\t\t\t<div class=\"elementor-widget-container\">\n\t\t\t\t\t<div class=\"ekit-wid-con\" >        <!-- link opening -->\n                <a href=\"#\" class=\"ekit_global_links\">\n                <!-- end link opening -->\n\n        <div class=\"elementskit-infobox text- text-left icon-lef-right-aligin elementor-animation- media  \">\n                    <div class=\"elementskit-box-header elementor-animation-\">\n                <div class=\"elementskit-info-box-icon  text-center\">\n                    <i aria-hidden=\"true\" class=\"elementkit-infobox-icon fab fa-gripfire\"><\/i>\n                <\/div>\n          <\/div>\n                        <div class=\"box-body\">\n                            <h3 class=\"elementskit-info-box-title\">\n                    Brandschutz                <\/h3>\n                        \t\t  \t<p>Trockenbauw\u00e4nde bieten einen erh\u00f6hten Brandschutz. Die entsprechenden Bauteile k\u00f6nnen im Falle eines Brandes dazu beitragen, die Ausbreitung des Feuers zu verlangsamen. Dies ist ein wichtiger Sicherheitsaspekt, insbesondere in Wohn- und Gewerbegeb\u00e4uden.<\/p>\n                                <\/div>\n        \n        \n                <\/div>\n                <\/a>\n        <\/div>\t\t\t\t<\/div>\n\t\t\t\t<\/div>\n\t\t\t\t<\/div>\n\t\t<div class=\"elementor-element elementor-element-9312349 e-con-full e-flex e-con e-child\" data-id=\"9312349\" data-element_type=\"container\">\n\t\t\t\t<div class=\"elementor-element elementor-element-594c48d ekit-equal-height-enable elementor-widget elementor-widget-elementskit-icon-box\" data-id=\"594c48d\" data-element_type=\"widget\" data-widget_type=\"elementskit-icon-box.default\">\n\t\t\t\t<div class=\"elementor-widget-container\">\n\t\t\t\t\t<div class=\"ekit-wid-con\" >        <!-- link opening -->\n                <a href=\"#\" class=\"ekit_global_links\">\n                <!-- end link opening -->\n\n        <div class=\"elementskit-infobox text-left text-left icon-lef-right-aligin elementor-animation- media  \">\n                    <div class=\"elementskit-box-header elementor-animation-\">\n                <div class=\"elementskit-info-box-icon  text-center\">\n                    <i aria-hidden=\"true\" class=\"elementkit-infobox-icon icon icon-hamburger-2\"><\/i>\n                <\/div>\n          <\/div>\n                        <div class=\"box-body\">\n                            <h3 class=\"elementskit-info-box-title\">\n                    Schallschutz                <\/h3>\n                        \t\t  \t<p>Trockenbauw\u00e4nde k\u00f6nnen auch den Schallschutz verbessern. Durch den Einsatz von Schallisolierungsma\u00dfnahmen wie speziellen D\u00e4mmmaterialien und Schallschutzplatten k\u00f6nnen unerw\u00fcnschte Ger\u00e4usche reduziert werden. Dies ist besonders wichtig in Mehrfamilienh\u00e4usern oder B\u00fcrogeb\u00e4uden, um eine angenehme und ruhige Umgebung zu schaffen.<\/p>\n                                <\/div>\n        \n        \n                <\/div>\n                <\/a>\n        <\/div>\t\t\t\t<\/div>\n\t\t\t\t<\/div>\n\t\t\t\t<\/div>\n\t\t\t\t<\/div>\n\t\t<div class=\"elementor-element elementor-element-baa278e e-con-full e-flex e-con e-child\" data-id=\"baa278e\" data-element_type=\"container\">\n\t\t<div class=\"elementor-element elementor-element-7271952 e-con-full e-flex e-con e-child\" data-id=\"7271952\" data-element_type=\"container\">\n\t\t\t\t<div class=\"elementor-element elementor-element-196423a ekit-equal-height-enable elementor-widget elementor-widget-elementskit-icon-box\" data-id=\"196423a\" data-element_type=\"widget\" data-widget_type=\"elementskit-icon-box.default\">\n\t\t\t\t<div class=\"elementor-widget-container\">\n\t\t\t\t\t<div class=\"ekit-wid-con\" >        <!-- link opening -->\n                <a href=\"#\" class=\"ekit_global_links\">\n                <!-- end link opening -->\n\n        <div class=\"elementskit-infobox text- text-left icon-lef-right-aligin elementor-animation- media  \">\n                    <div class=\"elementskit-box-header elementor-animation-\">\n                <div class=\"elementskit-info-box-icon  text-center\">\n                    <i aria-hidden=\"true\" class=\"elementkit-infobox-icon icon icon-countdown-timer\"><\/i>\n                <\/div>\n          <\/div>\n                        <div class=\"box-body\">\n                            <h3 class=\"elementskit-info-box-title\">\n                    Kosten- und Zeitersparnis                <\/h3>\n                        \t\t  \t<p>Im Vergleich zu massiven Bauteilen sind viele Ma\u00dfnahmen im Trockenbau kosteng\u00fcnstiger und schneller durchzuf\u00fchren. Zudem k\u00f6nnen Trockenbauw\u00e4nde leicht wieder entfernt oder ver\u00e4ndert werden, falls R\u00e4umlichkeiten umgestaltet werden m\u00fcssen. Dies spart Zeit und Kosten bei Renovierungsarbeiten.<\/p>\n                                <\/div>\n        \n        \n                <\/div>\n                <\/a>\n        <\/div>\t\t\t\t<\/div>\n\t\t\t\t<\/div>\n\t\t\t\t<\/div>\n\t\t<div class=\"elementor-element elementor-element-24b17a9 e-con-full e-flex e-con e-child\" data-id=\"24b17a9\" data-element_type=\"container\">\n\t\t\t\t<div class=\"elementor-element elementor-element-4d6f0ce ekit-equal-height-enable elementor-widget elementor-widget-elementskit-icon-box\" data-id=\"4d6f0ce\" data-element_type=\"widget\" data-widget_type=\"elementskit-icon-box.default\">\n\t\t\t\t<div class=\"elementor-widget-container\">\n\t\t\t\t\t<div class=\"ekit-wid-con\" >        <!-- link opening -->\n                <a href=\"#\" class=\"ekit_global_links\">\n                <!-- end link opening -->\n\n        <div class=\"elementskit-infobox text- text-left icon-lef-right-aligin elementor-animation- media  \">\n                    <div class=\"elementskit-box-header elementor-animation-\">\n                <div class=\"elementskit-info-box-icon  text-center\">\n                    <i aria-hidden=\"true\" class=\"elementkit-infobox-icon icon icon-planting\"><\/i>\n                <\/div>\n          <\/div>\n                        <div class=\"box-body\">\n                            <h3 class=\"elementskit-info-box-title\">\n                    Umweltfreundlichkeit                <\/h3>\n                        \t\t  \t<p>Trockenbau ist ein umweltfreundliches Baumaterial, da es zu einem gro\u00dfen Teil aus recyceltem Gips besteht. Durch den Einsatz von Trockenbau k\u00f6nnen Ressourcen geschont und der \u00f6kologische Fu\u00dfabdruck reduziert werden.<\/p>\n                                <\/div>\n        \n        \n                <\/div>\n                <\/a>\n        <\/div>\t\t\t\t<\/div>\n\t\t\t\t<\/div>\n\t\t\t\t<\/div>\n\t\t\t\t<\/div>\n\t\t\t\t<div class=\"elementor-element elementor-element-f8b8312 elementor-widget elementor-widget-spacer\" data-id=\"f8b8312\" data-element_type=\"widget\" data-widget_type=\"spacer.default\">\n\t\t\t\t<div class=\"elementor-widget-container\">\n\t\t\t\t\t\t\t<div class=\"elementor-spacer\">\n\t\t\t<div class=\"elementor-spacer-inner\"><\/div>\n\t\t<\/div>\n\t\t\t\t\t\t<\/div>\n\t\t\t\t<\/div>\n\t\t\t\t<div class=\"elementor-element elementor-element-a77cdc2 elementor-widget elementor-widget-text-editor\" data-id=\"a77cdc2\" data-element_type=\"widget\" data-widget_type=\"text-editor.default\">\n\t\t\t\t<div class=\"elementor-widget-container\">\n\t\t\t\t\t\t\t\t\t<p>Insgesamt bietet der Trockenbau eine praktische und vielseitige L\u00f6sung f\u00fcr den Innenausbau von Geb\u00e4uden. Unsere Tischlerei bietet Ihnen durch den Einsatz von Trockenbau individuelle und ma\u00dfgeschneiderte L\u00f6sungen an, die Ihren Bed\u00fcrfnissen und Anforderungen gerecht werden. Wir freuen uns auf Ihre Kontaktaufnahme.<\/p>\t\t\t\t\t\t\t\t<\/div>\n\t\t\t\t<\/div>\n\t\t\t\t<\/div>\n\t\t\t\t\t<\/div>\n\t\t\t\t<\/div>\n\t\t<div class=\"elementor-element elementor-element-36c7a2d e-flex e-con-boxed e-con e-parent\" data-id=\"36c7a2d\" data-element_type=\"container\">\n\t\t\t\t\t<div class=\"e-con-inner\">\n\t\t<div class=\"elementor-element elementor-element-d6e7908 e-con-full e-flex e-con e-child\" data-id=\"d6e7908\" data-element_type=\"container\">\n\t\t<div class=\"elementor-element elementor-element-ab42689 e-con-full e-flex e-con e-child\" data-id=\"ab42689\" data-element_type=\"container\" data-settings=\"{&quot;background_background&quot;:&quot;classic&quot;}\">\n\t\t<div class=\"elementor-element elementor-element-ae203fa e-con-full e-flex e-con e-child\" data-id=\"ae203fa\" data-element_type=\"container\">\n\t\t\t\t<div class=\"elementor-element elementor-element-9358eb2 elementor-widget elementor-widget-heading\" data-id=\"9358eb2\" data-element_type=\"widget\" data-widget_type=\"heading.default\">\n\t\t\t\t<div class=\"elementor-widget-container\">\n\t\t\t\t\t<h2 class=\"elementor-heading-title elementor-size-default\">Wir freuen uns auf Ihre Kontaktaufnahme.<\/h2>\t\t\t\t<\/div>\n\t\t\t\t<\/div>\n\t\t\t\t<\/div>\n\t\t<div class=\"elementor-element elementor-element-3160468 e-con-full e-flex e-con e-child\" data-id=\"3160468\" data-element_type=\"container\">\n\t\t\t\t<div class=\"elementor-element elementor-element-afadddf elementor-align-center elementor-widget elementor-widget-button\" data-id=\"afadddf\" data-element_type=\"widget\" data-widget_type=\"button.default\">\n\t\t\t\t<div class=\"elementor-widget-container\">\n\t\t\t\t\t\t\t\t\t<div class=\"elementor-button-wrapper\">\n\t\t\t\t\t<a class=\"elementor-button elementor-button-link elementor-size-sm\" href=\"\/t1-maler\/kontakt\">\n\t\t\t\t\t\t<span class=\"elementor-button-content-wrapper\">\n\t\t\t\t\t\t\t\t\t<span class=\"elementor-button-text\">jetzt kontaktieren<\/span>\n\t\t\t\t\t<\/span>\n\t\t\t\t\t<\/a>\n\t\t\t\t<\/div>\n\t\t\t\t\t\t\t\t<\/div>\n\t\t\t\t<\/div>\n\t\t\t\t<\/div>\n\t\t\t\t<\/div>\n\t\t\t\t<\/div>\n\t\t\t\t\t<\/div>\n\t\t\t\t<\/div>\n\t\t\t\t<\/div>\n\t\t","protected":false},"excerpt":{"rendered":"<p>Trockenbau Trockenbau bietet eine schnelle und flexible M\u00f6glichkeit, R\u00e4ume zu gestalten und zu ver\u00e4ndern, ohne dass dabei viel Schmutz und L\u00e4rm entstehen. Zudem kann Trockenbau dazu beitragen, den Schallschutz und die W\u00e4rmed\u00e4mmung im Haus zu verbessern. Wir bringen unsere handwerklichen Erfahrungen und unser Fachwissen ein, um individuelle L\u00f6sungen f\u00fcr unsere Kunden zu entwickeln. So k\u00f6nnen [&hellip;]<\/p>\n","protected":false},"author":1,"featured_media":0,"parent":0,"menu_order":0,"comment_status":"closed","ping_status":"closed","template":"","meta":{"footnotes":""},"class_list":["post-601","page","type-page","status-publish","hentry"],"_links":{"self":[{"href":"https:\/\/webery-server1.de\/t3-tischlerei\/wp-json\/wp\/v2\/pages\/601","targetHints":{"allow":["GET"]}}],"collection":[{"href":"https:\/\/webery-server1.de\/t3-tischlerei\/wp-json\/wp\/v2\/pages"}],"about":[{"href":"https:\/\/webery-server1.de\/t3-tischlerei\/wp-json\/wp\/v2\/types\/page"}],"author":[{"embeddable":true,"href":"https:\/\/webery-server1.de\/t3-tischlerei\/wp-json\/wp\/v2\/users\/1"}],"replies":[{"embeddable":true,"href":"https:\/\/webery-server1.de\/t3-tischlerei\/wp-json\/wp\/v2\/comments?post=601"}],"version-history":[{"count":3,"href":"https:\/\/webery-server1.de\/t3-tischlerei\/wp-json\/wp\/v2\/pages\/601\/revisions"}],"predecessor-version":[{"id":771,"href":"https:\/\/webery-server1.de\/t3-tischlerei\/wp-json\/wp\/v2\/pages\/601\/revisions\/771"}],"wp:attachment":[{"href":"https:\/\/webery-server1.de\/t3-tischlerei\/wp-json\/wp\/v2\/media?parent=601"}],"curies":[{"name":"wp","href":"https:\/\/api.w.org\/{rel}","templated":true}]}}