{"id":11,"date":"2023-08-12T13:30:29","date_gmt":"2023-08-12T11:30:29","guid":{"rendered":"https:\/\/webery-server1.de\/t5-gebaeudereinigung\/?page_id=11"},"modified":"2025-03-26T13:13:11","modified_gmt":"2025-03-26T12:13:11","slug":"startseite","status":"publish","type":"page","link":"https:\/\/webery-server1.de\/t5-gebaeudereinigung\/","title":{"rendered":"Startseite"},"content":{"rendered":"\t\t<div data-elementor-type=\"wp-page\" data-elementor-id=\"11\" class=\"elementor elementor-11\" data-elementor-post-type=\"page\">\n\t\t\t\t<div class=\"elementor-element elementor-element-c0a437d e-flex e-con-boxed e-con e-parent\" data-id=\"c0a437d\" data-element_type=\"container\" data-settings=\"{&quot;background_background&quot;:&quot;classic&quot;}\">\n\t\t\t\t\t<div class=\"e-con-inner\">\n\t\t<div class=\"elementor-element elementor-element-0a637cc e-con-full e-flex e-con e-child\" data-id=\"0a637cc\" data-element_type=\"container\">\n\t\t\t\t<div class=\"elementor-element elementor-element-61caef5 elementor-widget elementor-widget-elementskit-heading\" data-id=\"61caef5\" data-element_type=\"widget\" data-widget_type=\"elementskit-heading.default\">\n\t\t\t\t<div class=\"elementor-widget-container\">\n\t\t\t\t\t<div class=\"ekit-wid-con\" ><div class=\"ekit-heading elementskit-section-title-wraper text_center   ekit_heading_tablet-   ekit_heading_mobile-text_center\"><h1 class=\"ekit-heading--title elementskit-section-title \">Willkommen bei der Geb\u00e4udereinigung <br>in Hamburg und Hannover!<\/h1><\/div><\/div>\t\t\t\t<\/div>\n\t\t\t\t<\/div>\n\t\t\t\t<\/div>\n\t\t\t\t\t<\/div>\n\t\t\t\t<\/div>\n\t\t<div class=\"elementor-element elementor-element-8b1b8fc e-flex e-con-boxed e-con e-parent\" data-id=\"8b1b8fc\" data-element_type=\"container\">\n\t\t\t\t\t<div class=\"e-con-inner\">\n\t\t<div class=\"elementor-element elementor-element-07c2bbd e-con-full e-flex e-con e-child\" data-id=\"07c2bbd\" data-element_type=\"container\">\n\t\t\t\t<div class=\"elementor-element elementor-element-02933f1 elementor-widget elementor-widget-heading\" data-id=\"02933f1\" data-element_type=\"widget\" data-widget_type=\"heading.default\">\n\t\t\t\t<div class=\"elementor-widget-container\">\n\t\t\t\t\t<h2 class=\"elementor-heading-title elementor-size-default\">Leistungen<\/h2>\t\t\t\t<\/div>\n\t\t\t\t<\/div>\n\t\t<div class=\"elementor-element elementor-element-afb0595 e-con-full e-flex e-con e-child\" data-id=\"afb0595\" data-element_type=\"container\">\n\t\t<div class=\"elementor-element elementor-element-0d43154 e-con-full e-flex e-con e-child\" data-id=\"0d43154\" data-element_type=\"container\">\n\t\t\t\t<div class=\"elementor-element elementor-element-fedb5eb ekit-equal-height-enable elementor-widget elementor-widget-elementskit-image-box\" data-id=\"fedb5eb\" data-element_type=\"widget\" data-widget_type=\"elementskit-image-box.default\">\n\t\t\t\t<div class=\"elementor-widget-container\">\n\t\t\t\t\t<div class=\"ekit-wid-con\" >\n            <div class=\"elementskit-info-image-box ekit-image-box text-center simple-card\" >\n\n                \n                <div class=\"elementskit-box-header image-box-img-center\">\n\n                    <img fetchpriority=\"high\" decoding=\"async\" width=\"2000\" height=\"1333\" src=\"https:\/\/webery-server1.de\/t5-gebaeudereinigung\/wp-content\/uploads\/2023\/09\/GR-Treppenhaus-Reinigung.jpeg\" class=\"attachment-full size-full wp-image-734\" alt=\"\" srcset=\"https:\/\/webery-server1.de\/t5-gebaeudereinigung\/wp-content\/uploads\/2023\/09\/GR-Treppenhaus-Reinigung.jpeg 2000w, https:\/\/webery-server1.de\/t5-gebaeudereinigung\/wp-content\/uploads\/2023\/09\/GR-Treppenhaus-Reinigung-300x200.jpeg 300w, https:\/\/webery-server1.de\/t5-gebaeudereinigung\/wp-content\/uploads\/2023\/09\/GR-Treppenhaus-Reinigung-1024x682.jpeg 1024w, https:\/\/webery-server1.de\/t5-gebaeudereinigung\/wp-content\/uploads\/2023\/09\/GR-Treppenhaus-Reinigung-768x512.jpeg 768w, https:\/\/webery-server1.de\/t5-gebaeudereinigung\/wp-content\/uploads\/2023\/09\/GR-Treppenhaus-Reinigung-1536x1024.jpeg 1536w\" sizes=\"(max-width: 2000px) 100vw, 2000px\" \/>\n                <\/div>\n                \n                <div class=\"elementskit-box-body ekit-image-box-body\">\n                    <div class=\"elementskit-box-content ekit-image-box-body-inner\">\n                                                <h2 class=\"elementskit-info-box-title\">\n\n                        Treppenhausreinigung\n                        \n                    <\/h2>\n                                                            <div class=\"elementskit-box-style-content\">\n                        Reinigung von Briefk\u00e4sten, Klingelkn\u00f6pfe, Treppengel\u00e4nder, sowie auf Kundenwunsch auf das Entfernen von Spinnenweben.                    <\/div>\n                                    <\/div>\n\n                                <div class=\"elementskit-box-footer\">\n                    <div class=\"box-footer\">\n                        <div class=\"btn-wraper\">\n                                                            <a href=\"\/t5-gebaeudereinigung\/leistungen#treppen\" class=\"elementskit-btn whitespace--normal\">\n                                    mehr erfahren                                <\/a>\n                                                    <\/div>\n                    <\/div>\n                <\/div>\n                            <\/div>\n            <\/div>\n    <\/div>\t\t\t\t<\/div>\n\t\t\t\t<\/div>\n\t\t\t\t<\/div>\n\t\t<div class=\"elementor-element elementor-element-48567d7 e-con-full e-flex e-con e-child\" data-id=\"48567d7\" data-element_type=\"container\">\n\t\t\t\t<div class=\"elementor-element elementor-element-15685d4 ekit-equal-height-enable elementor-widget elementor-widget-elementskit-image-box\" data-id=\"15685d4\" data-element_type=\"widget\" data-widget_type=\"elementskit-image-box.default\">\n\t\t\t\t<div class=\"elementor-widget-container\">\n\t\t\t\t\t<div class=\"ekit-wid-con\" >\n            <div class=\"elementskit-info-image-box ekit-image-box text-center simple-card\" >\n\n                \n                <div class=\"elementskit-box-header image-box-img-center\">\n\n                    <img decoding=\"async\" width=\"2000\" height=\"1335\" src=\"https:\/\/webery-server1.de\/t5-gebaeudereinigung\/wp-content\/uploads\/2023\/09\/GR-Content-3.jpeg\" class=\"attachment-full size-full wp-image-729\" alt=\"\" srcset=\"https:\/\/webery-server1.de\/t5-gebaeudereinigung\/wp-content\/uploads\/2023\/09\/GR-Content-3.jpeg 2000w, https:\/\/webery-server1.de\/t5-gebaeudereinigung\/wp-content\/uploads\/2023\/09\/GR-Content-3-300x200.jpeg 300w, https:\/\/webery-server1.de\/t5-gebaeudereinigung\/wp-content\/uploads\/2023\/09\/GR-Content-3-1024x684.jpeg 1024w, https:\/\/webery-server1.de\/t5-gebaeudereinigung\/wp-content\/uploads\/2023\/09\/GR-Content-3-768x513.jpeg 768w, https:\/\/webery-server1.de\/t5-gebaeudereinigung\/wp-content\/uploads\/2023\/09\/GR-Content-3-1536x1025.jpeg 1536w\" sizes=\"(max-width: 2000px) 100vw, 2000px\" \/>\n                <\/div>\n                \n                <div class=\"elementskit-box-body ekit-image-box-body\">\n                    <div class=\"elementskit-box-content ekit-image-box-body-inner\">\n                                                <h2 class=\"elementskit-info-box-title\">\n\n                        Glasreinigung\n                        \n                    <\/h2>\n                                                            <div class=\"elementskit-box-style-content\">\n                        Reinigung von Fenster und Rahmen, T\u00fcren, Winterg\u00e4rten, Terrassend\u00e4cher und Schaufenstern.                     <\/div>\n                                    <\/div>\n\n                                <div class=\"elementskit-box-footer\">\n                    <div class=\"box-footer\">\n                        <div class=\"btn-wraper\">\n                                                            <a href=\"\/t5-gebaeudereinigung\/leistungen#glas\" class=\"elementskit-btn whitespace--normal\">\n                                    mehr erfahren                                <\/a>\n                                                    <\/div>\n                    <\/div>\n                <\/div>\n                            <\/div>\n            <\/div>\n    <\/div>\t\t\t\t<\/div>\n\t\t\t\t<\/div>\n\t\t\t\t<\/div>\n\t\t\t\t<\/div>\n\t\t<div class=\"elementor-element elementor-element-cd33852 e-con-full e-flex e-con e-child\" data-id=\"cd33852\" data-element_type=\"container\">\n\t\t<div class=\"elementor-element elementor-element-b55674d e-con-full e-flex e-con e-child\" data-id=\"b55674d\" data-element_type=\"container\">\n\t\t\t\t<div class=\"elementor-element elementor-element-e5c4f13 ekit-equal-height-enable elementor-widget elementor-widget-elementskit-image-box\" data-id=\"e5c4f13\" data-element_type=\"widget\" data-widget_type=\"elementskit-image-box.default\">\n\t\t\t\t<div class=\"elementor-widget-container\">\n\t\t\t\t\t<div class=\"ekit-wid-con\" >\n            <div class=\"elementskit-info-image-box ekit-image-box text-center simple-card\" >\n\n                \n                <div class=\"elementskit-box-header image-box-img-center\">\n\n                    <img decoding=\"async\" width=\"2000\" height=\"1333\" src=\"https:\/\/webery-server1.de\/t5-gebaeudereinigung\/wp-content\/uploads\/2023\/09\/GR-Wir-u\u0308ber-uns.jpeg\" class=\"attachment-full size-full wp-image-735\" alt=\"\" srcset=\"https:\/\/webery-server1.de\/t5-gebaeudereinigung\/wp-content\/uploads\/2023\/09\/GR-Wir-u\u0308ber-uns.jpeg 2000w, https:\/\/webery-server1.de\/t5-gebaeudereinigung\/wp-content\/uploads\/2023\/09\/GR-Wir-u\u0308ber-uns-300x200.jpeg 300w, https:\/\/webery-server1.de\/t5-gebaeudereinigung\/wp-content\/uploads\/2023\/09\/GR-Wir-u\u0308ber-uns-1024x682.jpeg 1024w, https:\/\/webery-server1.de\/t5-gebaeudereinigung\/wp-content\/uploads\/2023\/09\/GR-Wir-u\u0308ber-uns-768x512.jpeg 768w, https:\/\/webery-server1.de\/t5-gebaeudereinigung\/wp-content\/uploads\/2023\/09\/GR-Wir-u\u0308ber-uns-1536x1024.jpeg 1536w\" sizes=\"(max-width: 2000px) 100vw, 2000px\" \/>\n                <\/div>\n                \n                <div class=\"elementskit-box-body ekit-image-box-body\">\n                    <div class=\"elementskit-box-content ekit-image-box-body-inner\">\n                                                <h2 class=\"elementskit-info-box-title\">\n\n                        B\u00fcror\u00e4ume\n                        \n                    <\/h2>\n                                                            <div class=\"elementskit-box-style-content\">\n                        Reinigung der Schreibtische, Schr\u00e4nke, Papierk\u00f6rbe- und M\u00fclleimer leeren, Reinigung der K\u00fcchen- und Sanit\u00e4rbereiche sowie der Bodenbel\u00e4ge.                    <\/div>\n                                    <\/div>\n\n                                <div class=\"elementskit-box-footer\">\n                    <div class=\"box-footer\">\n                        <div class=\"btn-wraper\">\n                                                            <a href=\"\/t5-gebaeudereinigung\/leistungen#buero\" class=\"elementskit-btn whitespace--normal\">\n                                    mehr erfahren                                <\/a>\n                                                    <\/div>\n                    <\/div>\n                <\/div>\n                            <\/div>\n            <\/div>\n    <\/div>\t\t\t\t<\/div>\n\t\t\t\t<\/div>\n\t\t\t\t<\/div>\n\t\t<div class=\"elementor-element elementor-element-9a8eeb9 e-con-full e-flex e-con e-child\" data-id=\"9a8eeb9\" data-element_type=\"container\">\n\t\t\t\t<div class=\"elementor-element elementor-element-a4ccc9b ekit-equal-height-enable elementor-widget elementor-widget-elementskit-image-box\" data-id=\"a4ccc9b\" data-element_type=\"widget\" data-widget_type=\"elementskit-image-box.default\">\n\t\t\t\t<div class=\"elementor-widget-container\">\n\t\t\t\t\t<div class=\"ekit-wid-con\" >\n            <div class=\"elementskit-info-image-box ekit-image-box text-center simple-card\" >\n\n                \n                <div class=\"elementskit-box-header image-box-img-center\">\n\n                    <img loading=\"lazy\" decoding=\"async\" width=\"2000\" height=\"1253\" src=\"https:\/\/webery-server1.de\/t5-gebaeudereinigung\/wp-content\/uploads\/2023\/09\/GR-Tiefgarage-Reinigung.jpeg\" class=\"attachment-full size-full wp-image-733\" alt=\"\" srcset=\"https:\/\/webery-server1.de\/t5-gebaeudereinigung\/wp-content\/uploads\/2023\/09\/GR-Tiefgarage-Reinigung.jpeg 2000w, https:\/\/webery-server1.de\/t5-gebaeudereinigung\/wp-content\/uploads\/2023\/09\/GR-Tiefgarage-Reinigung-300x188.jpeg 300w, https:\/\/webery-server1.de\/t5-gebaeudereinigung\/wp-content\/uploads\/2023\/09\/GR-Tiefgarage-Reinigung-1024x642.jpeg 1024w, https:\/\/webery-server1.de\/t5-gebaeudereinigung\/wp-content\/uploads\/2023\/09\/GR-Tiefgarage-Reinigung-768x481.jpeg 768w, https:\/\/webery-server1.de\/t5-gebaeudereinigung\/wp-content\/uploads\/2023\/09\/GR-Tiefgarage-Reinigung-1536x962.jpeg 1536w\" sizes=\"(max-width: 2000px) 100vw, 2000px\" \/>\n                <\/div>\n                \n                <div class=\"elementskit-box-body ekit-image-box-body\">\n                    <div class=\"elementskit-box-content ekit-image-box-body-inner\">\n                                                <h2 class=\"elementskit-info-box-title\">\n\n                        Tiefgaragenreinigung\n                        \n                    <\/h2>\n                                                            <div class=\"elementskit-box-style-content\">\n                        Reinigung von Fahrbahnen, Parkpl\u00e4tzen, W\u00e4ndem, Decken und Treppenh\u00e4user. Reinigung der gew\u00fcnschten Fl\u00e4chen durch eine professionelle Maschinenreinigung (Nassreinigung), Trockenreinigung oder Hochdruckreinigung.                    <\/div>\n                                    <\/div>\n\n                                <div class=\"elementskit-box-footer\">\n                    <div class=\"box-footer\">\n                        <div class=\"btn-wraper\">\n                                                            <a href=\"\/t5-gebaeudereinigung\/leistungen#tief\" class=\"elementskit-btn whitespace--normal\">\n                                    mehr erfahren                                <\/a>\n                                                    <\/div>\n                    <\/div>\n                <\/div>\n                            <\/div>\n            <\/div>\n    <\/div>\t\t\t\t<\/div>\n\t\t\t\t<\/div>\n\t\t\t\t<\/div>\n\t\t\t\t<\/div>\n\t\t\t\t<\/div>\n\t\t\t\t\t<\/div>\n\t\t\t\t<\/div>\n\t\t<div class=\"elementor-element elementor-element-1ce0844 e-flex e-con-boxed e-con e-parent\" data-id=\"1ce0844\" data-element_type=\"container\" id=\"xs_cta_style_16\">\n\t\t\t\t\t<div class=\"e-con-inner\">\n\t\t<div class=\"elementor-element elementor-element-9806ec4 e-con-full e-flex e-con e-child\" data-id=\"9806ec4\" data-element_type=\"container\">\n\t\t<div class=\"elementor-element elementor-element-0eda271 e-con-full e-flex e-con e-child\" data-id=\"0eda271\" data-element_type=\"container\" data-settings=\"{&quot;background_background&quot;:&quot;classic&quot;}\">\n\t\t<div class=\"elementor-element elementor-element-b3b0fa4 e-con-full e-flex e-con e-child\" data-id=\"b3b0fa4\" data-element_type=\"container\">\n\t\t\t\t<div class=\"elementor-element elementor-element-80581a7 elementor-widget elementor-widget-heading\" data-id=\"80581a7\" data-element_type=\"widget\" data-widget_type=\"heading.default\">\n\t\t\t\t<div class=\"elementor-widget-container\">\n\t\t\t\t\t<h2 class=\"elementor-heading-title elementor-size-default\">Wir freuen uns auf Ihre Kontaktaufnahme.<\/h2>\t\t\t\t<\/div>\n\t\t\t\t<\/div>\n\t\t\t\t<\/div>\n\t\t<div class=\"elementor-element elementor-element-1bf6a05 e-con-full e-flex e-con e-child\" data-id=\"1bf6a05\" data-element_type=\"container\">\n\t\t\t\t<div class=\"elementor-element elementor-element-1c799d0 elementor-align-center elementor-widget elementor-widget-button\" data-id=\"1c799d0\" data-element_type=\"widget\" data-widget_type=\"button.default\">\n\t\t\t\t<div class=\"elementor-widget-container\">\n\t\t\t\t\t\t\t\t\t<div class=\"elementor-button-wrapper\">\n\t\t\t\t\t<a class=\"elementor-button elementor-button-link elementor-size-sm\" href=\"https:\/\/webery-server1.de\/t5-gebaeudereinigung\/kontakt\/\">\n\t\t\t\t\t\t<span class=\"elementor-button-content-wrapper\">\n\t\t\t\t\t\t\t\t\t<span class=\"elementor-button-text\">jetzt kontaktieren<\/span>\n\t\t\t\t\t<\/span>\n\t\t\t\t\t<\/a>\n\t\t\t\t<\/div>\n\t\t\t\t\t\t\t\t<\/div>\n\t\t\t\t<\/div>\n\t\t\t\t<\/div>\n\t\t\t\t<\/div>\n\t\t\t\t<\/div>\n\t\t\t\t\t<\/div>\n\t\t\t\t<\/div>\n\t\t\t\t<\/div>\n\t\t","protected":false},"excerpt":{"rendered":"<p>Willkommen bei der Geb\u00e4udereinigung in Hamburg und Hannover! Leistungen Treppenhausreinigung Reinigung von Briefk\u00e4sten, Klingelkn\u00f6pfe, Treppengel\u00e4nder, sowie auf Kundenwunsch auf das Entfernen von Spinnenweben. mehr erfahren Glasreinigung Reinigung von Fenster und Rahmen, T\u00fcren, Winterg\u00e4rten, Terrassend\u00e4cher und Schaufenstern. mehr erfahren B\u00fcror\u00e4ume Reinigung der Schreibtische, Schr\u00e4nke, Papierk\u00f6rbe- und M\u00fclleimer leeren, Reinigung der K\u00fcchen- und Sanit\u00e4rbereiche sowie der Bodenbel\u00e4ge. [&hellip;]<\/p>\n","protected":false},"author":1,"featured_media":0,"parent":0,"menu_order":0,"comment_status":"closed","ping_status":"closed","template":"","meta":{"footnotes":""},"class_list":["post-11","page","type-page","status-publish","hentry"],"_links":{"self":[{"href":"https:\/\/webery-server1.de\/t5-gebaeudereinigung\/wp-json\/wp\/v2\/pages\/11","targetHints":{"allow":["GET"]}}],"collection":[{"href":"https:\/\/webery-server1.de\/t5-gebaeudereinigung\/wp-json\/wp\/v2\/pages"}],"about":[{"href":"https:\/\/webery-server1.de\/t5-gebaeudereinigung\/wp-json\/wp\/v2\/types\/page"}],"author":[{"embeddable":true,"href":"https:\/\/webery-server1.de\/t5-gebaeudereinigung\/wp-json\/wp\/v2\/users\/1"}],"replies":[{"embeddable":true,"href":"https:\/\/webery-server1.de\/t5-gebaeudereinigung\/wp-json\/wp\/v2\/comments?post=11"}],"version-history":[{"count":3,"href":"https:\/\/webery-server1.de\/t5-gebaeudereinigung\/wp-json\/wp\/v2\/pages\/11\/revisions"}],"predecessor-version":[{"id":890,"href":"https:\/\/webery-server1.de\/t5-gebaeudereinigung\/wp-json\/wp\/v2\/pages\/11\/revisions\/890"}],"wp:attachment":[{"href":"https:\/\/webery-server1.de\/t5-gebaeudereinigung\/wp-json\/wp\/v2\/media?parent=11"}],"curies":[{"name":"wp","href":"https:\/\/api.w.org\/{rel}","templated":true}]}}