{"id":589,"date":"2023-08-13T13:05:27","date_gmt":"2023-08-13T11:05:27","guid":{"rendered":"https:\/\/webery-server1.de\/t9-glaser\/?page_id=589"},"modified":"2025-03-26T14:41:23","modified_gmt":"2025-03-26T13:41:23","slug":"privatkunden","status":"publish","type":"page","link":"https:\/\/webery-server1.de\/t9-glaser\/privatkunden\/","title":{"rendered":"Privatkunden"},"content":{"rendered":"\t\t<div data-elementor-type=\"wp-page\" data-elementor-id=\"589\" class=\"elementor elementor-589\" data-elementor-post-type=\"page\">\n\t\t\t\t<div class=\"elementor-element elementor-element-ee7dddf e-flex e-con-boxed e-con e-parent\" data-id=\"ee7dddf\" data-element_type=\"container\" data-settings=\"{&quot;background_background&quot;:&quot;classic&quot;}\">\n\t\t\t\t\t<div class=\"e-con-inner\">\n\t\t<div class=\"elementor-element elementor-element-66df0f7 e-con-full e-flex e-con e-child\" data-id=\"66df0f7\" data-element_type=\"container\" data-settings=\"{&quot;background_background&quot;:&quot;classic&quot;}\">\n\t\t\t\t<div class=\"elementor-element elementor-element-e2142ed elementor-widget elementor-widget-elementskit-heading\" data-id=\"e2142ed\" data-element_type=\"widget\" data-widget_type=\"elementskit-heading.default\">\n\t\t\t\t<div class=\"elementor-widget-container\">\n\t\t\t\t\t<div class=\"ekit-wid-con\" ><div class=\"ekit-heading elementskit-section-title-wraper text_center   ekit_heading_tablet-   ekit_heading_mobile-text_center\"><\/div><\/div>\t\t\t\t<\/div>\n\t\t\t\t<\/div>\n\t\t\t\t<\/div>\n\t\t\t\t\t<\/div>\n\t\t\t\t<\/div>\n\t\t<div class=\"elementor-element elementor-element-02a50d0 e-flex e-con-boxed e-con e-parent\" data-id=\"02a50d0\" data-element_type=\"container\">\n\t\t\t\t\t<div class=\"e-con-inner\">\n\t\t<div class=\"elementor-element elementor-element-b71d44a e-con-full e-flex e-con e-child\" data-id=\"b71d44a\" data-element_type=\"container\" data-settings=\"{&quot;background_background&quot;:&quot;classic&quot;}\">\n\t\t<div class=\"elementor-element elementor-element-f3f7168 e-con-full e-flex e-con e-child\" data-id=\"f3f7168\" data-element_type=\"container\">\n\t\t<div class=\"elementor-element elementor-element-21465ac e-con-full e-flex e-con e-child\" data-id=\"21465ac\" data-element_type=\"container\" data-settings=\"{&quot;background_background&quot;:&quot;classic&quot;}\">\n\t\t\t\t<div class=\"elementor-element elementor-element-aae984f elementor-widget elementor-widget-heading\" data-id=\"aae984f\" data-element_type=\"widget\" data-widget_type=\"heading.default\">\n\t\t\t\t<div class=\"elementor-widget-container\">\n\t\t\t\t\t<h3 class=\"elementor-heading-title elementor-size-default\">K\u00fcchenr\u00fcckw\u00e4nde<\/h3>\t\t\t\t<\/div>\n\t\t\t\t<\/div>\n\t\t\t\t<div class=\"elementor-element elementor-element-574e91b elementor-widget elementor-widget-text-editor\" data-id=\"574e91b\" data-element_type=\"widget\" data-widget_type=\"text-editor.default\">\n\t\t\t\t<div class=\"elementor-widget-container\">\n\t\t\t\t\t\t\t\t\t<p>Unser Unternehmen der Glaserei fertigt individuelle K\u00fcchenr\u00fcckw\u00e4nde aus Glas an, die Ihrer K\u00fcche eine moderne Optik verleihen und folgende Vorteile bieten:<\/p><p><strong>Pflegeleicht:<\/strong> Unsere R\u00fcckw\u00e4nde aus Glas sind leicht zu reinigen und erfordern nur wenig Aufwand, um hygienisch zu bleiben.<\/p><p><strong>Hygienisch:<\/strong> Im Gegensatz zu Fliesen haben unsere Glasr\u00fcckw\u00e4nde keine Fugen, in denen sich Schmutz und Bakterien ansammeln k\u00f6nnen.<\/p><p><strong>Hitzebest\u00e4ndig und robust:<\/strong> Unsere R\u00fcckw\u00e4nde aus Glas sind hitzebest\u00e4ndig und halten auch starker Beanspruchung stand.<\/p><p>Wir bieten Ihnen eine gro\u00dfe Auswahl an Gestaltungsm\u00f6glichkeiten, um Ihre K\u00fcchenr\u00fcckwand individuell zu gestalten.<\/p>\t\t\t\t\t\t\t\t<\/div>\n\t\t\t\t<\/div>\n\t\t\t\t<div class=\"elementor-element elementor-element-0f6331e elementor-align-left elementor-widget elementor-widget-button\" data-id=\"0f6331e\" data-element_type=\"widget\" data-widget_type=\"button.default\">\n\t\t\t\t<div class=\"elementor-widget-container\">\n\t\t\t\t\t\t\t\t\t<div class=\"elementor-button-wrapper\">\n\t\t\t\t\t<a class=\"elementor-button elementor-button-link elementor-size-sm\" href=\"https:\/\/webery-server1.de\/t9-glaser\/kontakt\/\">\n\t\t\t\t\t\t<span class=\"elementor-button-content-wrapper\">\n\t\t\t\t\t\t\t\t\t<span class=\"elementor-button-text\">jetzt kontaktieren<\/span>\n\t\t\t\t\t<\/span>\n\t\t\t\t\t<\/a>\n\t\t\t\t<\/div>\n\t\t\t\t\t\t\t\t<\/div>\n\t\t\t\t<\/div>\n\t\t\t\t<\/div>\n\t\t<div class=\"elementor-element elementor-element-42b6a83 e-con-full e-flex e-con e-child\" data-id=\"42b6a83\" data-element_type=\"container\" data-settings=\"{&quot;background_background&quot;:&quot;classic&quot;}\">\n\t\t\t\t<div class=\"elementor-element elementor-element-09071e8 elementor-widget elementor-widget-spacer\" data-id=\"09071e8\" data-element_type=\"widget\" data-widget_type=\"spacer.default\">\n\t\t\t\t<div class=\"elementor-widget-container\">\n\t\t\t\t\t\t\t<div class=\"elementor-spacer\">\n\t\t\t<div class=\"elementor-spacer-inner\"><\/div>\n\t\t<\/div>\n\t\t\t\t\t\t<\/div>\n\t\t\t\t<\/div>\n\t\t\t\t<\/div>\n\t\t\t\t<\/div>\n\t\t\t\t<\/div>\n\t\t\t\t\t<\/div>\n\t\t\t\t<\/div>\n\t\t<div class=\"elementor-element elementor-element-3ccc6ce e-flex e-con-boxed e-con e-parent\" data-id=\"3ccc6ce\" data-element_type=\"container\">\n\t\t\t\t\t<div class=\"e-con-inner\">\n\t\t<div class=\"elementor-element elementor-element-1330984 e-con-full e-flex e-con e-child\" data-id=\"1330984\" data-element_type=\"container\" data-settings=\"{&quot;background_background&quot;:&quot;classic&quot;}\">\n\t\t<div class=\"elementor-element elementor-element-95aea97 e-con-full e-flex e-con e-child\" data-id=\"95aea97\" data-element_type=\"container\">\n\t\t<div class=\"elementor-element elementor-element-2ef7895 e-con-full e-flex e-con e-child\" data-id=\"2ef7895\" data-element_type=\"container\" data-settings=\"{&quot;background_background&quot;:&quot;classic&quot;}\">\n\t\t\t\t<div class=\"elementor-element elementor-element-1605dd5 elementor-widget elementor-widget-heading\" data-id=\"1605dd5\" data-element_type=\"widget\" data-widget_type=\"heading.default\">\n\t\t\t\t<div class=\"elementor-widget-container\">\n\t\t\t\t\t<h3 class=\"elementor-heading-title elementor-size-default\">Glasduschen<\/h3>\t\t\t\t<\/div>\n\t\t\t\t<\/div>\n\t\t\t\t<div class=\"elementor-element elementor-element-e2cef5b elementor-widget elementor-widget-text-editor\" data-id=\"e2cef5b\" data-element_type=\"widget\" data-widget_type=\"text-editor.default\">\n\t\t\t\t<div class=\"elementor-widget-container\">\n\t\t\t\t\t\t\t\t\t<p>Entdecken Sie unsere vielf\u00e4ltige Auswahl an hochwertigen Duschkabinen und -t\u00fcren aus Glas. Bei unserem Unternehmen der Glaserei finden Sie individuell anpassbare L\u00f6sungen, die ein angenehmes Duscherlebnis bieten. Unsere Glasduschen sind perfekt auf Ihre Bed\u00fcrfnisse zugeschnitten und sorgen f\u00fcr ein modernes und elegantes Erscheinungsbild in Ihrem Badezimmer.<\/p>\t\t\t\t\t\t\t\t<\/div>\n\t\t\t\t<\/div>\n\t\t\t\t<div class=\"elementor-element elementor-element-0087bde elementor-widget elementor-widget-toggle\" data-id=\"0087bde\" data-element_type=\"widget\" data-widget_type=\"toggle.default\">\n\t\t\t\t<div class=\"elementor-widget-container\">\n\t\t\t\t\t\t\t<div class=\"elementor-toggle\">\n\t\t\t\t\t\t\t<div class=\"elementor-toggle-item\">\n\t\t\t\t\t<div id=\"elementor-tab-title-5551\" class=\"elementor-tab-title\" data-tab=\"1\" role=\"button\" aria-controls=\"elementor-tab-content-5551\" aria-expanded=\"false\">\n\t\t\t\t\t\t\t\t\t\t\t\t<span class=\"elementor-toggle-icon elementor-toggle-icon-right\" aria-hidden=\"true\">\n\t\t\t\t\t\t\t\t\t\t\t\t\t\t\t<span class=\"elementor-toggle-icon-closed\"><i class=\"fas fa-chevron-down\"><\/i><\/span>\n\t\t\t\t\t\t\t\t<span class=\"elementor-toggle-icon-opened\"><i class=\"elementor-toggle-icon-opened fas fa-chevron-up\"><\/i><\/span>\n\t\t\t\t\t\t\t\t\t\t\t\t\t<\/span>\n\t\t\t\t\t\t\t\t\t\t\t\t<a class=\"elementor-toggle-title\" tabindex=\"0\">mehr lesen<\/a>\n\t\t\t\t\t<\/div>\n\n\t\t\t\t\t<div id=\"elementor-tab-content-5551\" class=\"elementor-tab-content elementor-clearfix\" data-tab=\"1\" role=\"region\" aria-labelledby=\"elementor-tab-title-5551\"><p><strong>Warum sollten Sie sich f\u00fcr Glasduschen von uns entscheiden?<\/strong><\/p><ol><li>Ma\u00dfgefertigte Designl\u00f6sungen: Unsere Ganzglasduschen und Ganzglassysteme werden individuell nach Ihren W\u00fcnschen gefertigt und lassen keine Designw\u00fcnsche offen.<\/li><li>Bequeme Online-Bestellung: Sie k\u00f6nnen Ihre Glasdusche ganz bequem online bei uns bestellen. Wir bieten eine breite Auswahl an Glasduschen f\u00fcr verschiedenste Einbausituationen.<\/li><li>Hochwertige Qualit\u00e4t: Unsere Glasduschen bestehen aus Echtglas und zeichnen sich durch ihre Langlebigkeit und Robustheit aus. Sie werden lange Freude an Ihrer Dusche haben.<\/li><li>Schnelle Lieferung und Montage: Wir liefern Ihre Glasdusche innerhalb von 24 Stunden und bieten optional auch einen Aufma\u00df- und Montageservice an. So k\u00f6nnen Sie Ihre neue Dusche schnell und unkompliziert nutzen.<\/li><li>Individuelle Gestaltungsm\u00f6glichkeiten: Mit unserer gro\u00dfen Auswahl an Motiven k\u00f6nnen wir Ihre Glasdusche zu einem ganz pers\u00f6nlichen Duschtraum verwandeln. Dank modernster Lasertechnik k\u00f6nnen wir individuelle Gravuren und Muster auf das Glas aufbringen.<\/li><\/ol><\/div>\n\t\t\t\t<\/div>\n\t\t\t\t\t\t\t\t<\/div>\n\t\t\t\t\t\t<\/div>\n\t\t\t\t<\/div>\n\t\t\t\t<div class=\"elementor-element elementor-element-63b5b9f elementor-widget elementor-widget-text-editor\" data-id=\"63b5b9f\" data-element_type=\"widget\" data-widget_type=\"text-editor.default\">\n\t\t\t\t<div class=\"elementor-widget-container\">\n\t\t\t\t\t\t\t\t\t<p><strong>Entscheiden Sie sich f\u00fcr eine Glasdusche von unserem Unternehmen der Glaserei und genie\u00dfen Sie ein modernes und stilvolles Badezimmererlebnis. Kontaktieren Sie uns noch heute, um mehr \u00fcber unsere Glasduschen und individuellen L\u00f6sungen zu erfahren.<\/strong><\/p>\t\t\t\t\t\t\t\t<\/div>\n\t\t\t\t<\/div>\n\t\t\t\t<div class=\"elementor-element elementor-element-e33bedb elementor-align-left elementor-widget elementor-widget-button\" data-id=\"e33bedb\" data-element_type=\"widget\" data-widget_type=\"button.default\">\n\t\t\t\t<div class=\"elementor-widget-container\">\n\t\t\t\t\t\t\t\t\t<div class=\"elementor-button-wrapper\">\n\t\t\t\t\t<a class=\"elementor-button elementor-button-link elementor-size-sm\" href=\"https:\/\/webery-server1.de\/t9-glaser\/kontakt\/\">\n\t\t\t\t\t\t<span class=\"elementor-button-content-wrapper\">\n\t\t\t\t\t\t\t\t\t<span class=\"elementor-button-text\">jetzt kontaktieren<\/span>\n\t\t\t\t\t<\/span>\n\t\t\t\t\t<\/a>\n\t\t\t\t<\/div>\n\t\t\t\t\t\t\t\t<\/div>\n\t\t\t\t<\/div>\n\t\t\t\t<\/div>\n\t\t<div class=\"elementor-element elementor-element-634999c e-con-full e-flex e-con e-child\" data-id=\"634999c\" data-element_type=\"container\" data-settings=\"{&quot;background_background&quot;:&quot;classic&quot;}\">\n\t\t\t\t<div class=\"elementor-element elementor-element-7ec817f elementor-widget elementor-widget-spacer\" data-id=\"7ec817f\" data-element_type=\"widget\" data-widget_type=\"spacer.default\">\n\t\t\t\t<div class=\"elementor-widget-container\">\n\t\t\t\t\t\t\t<div class=\"elementor-spacer\">\n\t\t\t<div class=\"elementor-spacer-inner\"><\/div>\n\t\t<\/div>\n\t\t\t\t\t\t<\/div>\n\t\t\t\t<\/div>\n\t\t\t\t<\/div>\n\t\t\t\t<\/div>\n\t\t\t\t<\/div>\n\t\t\t\t\t<\/div>\n\t\t\t\t<\/div>\n\t\t<div class=\"elementor-element elementor-element-8ea3952 e-flex e-con-boxed e-con e-parent\" data-id=\"8ea3952\" data-element_type=\"container\">\n\t\t\t\t\t<div class=\"e-con-inner\">\n\t\t<div class=\"elementor-element elementor-element-5e468d5 e-con-full e-flex e-con e-child\" data-id=\"5e468d5\" data-element_type=\"container\" data-settings=\"{&quot;background_background&quot;:&quot;classic&quot;}\">\n\t\t<div class=\"elementor-element elementor-element-c52f442 e-con-full e-flex e-con e-child\" data-id=\"c52f442\" data-element_type=\"container\">\n\t\t<div class=\"elementor-element elementor-element-3ad8934 e-con-full e-flex e-con e-child\" data-id=\"3ad8934\" data-element_type=\"container\" data-settings=\"{&quot;background_background&quot;:&quot;classic&quot;}\">\n\t\t\t\t<div class=\"elementor-element elementor-element-f54d3e1 elementor-widget elementor-widget-heading\" data-id=\"f54d3e1\" data-element_type=\"widget\" data-widget_type=\"heading.default\">\n\t\t\t\t<div class=\"elementor-widget-container\">\n\t\t\t\t\t<h3 class=\"elementor-heading-title elementor-size-default\">Spiegel<\/h3>\t\t\t\t<\/div>\n\t\t\t\t<\/div>\n\t\t\t\t<div class=\"elementor-element elementor-element-d6d3843 elementor-widget elementor-widget-text-editor\" data-id=\"d6d3843\" data-element_type=\"widget\" data-widget_type=\"text-editor.default\">\n\t\t\t\t<div class=\"elementor-widget-container\">\n\t\t\t\t\t\t\t\t\t<p>F\u00fcr Ihr Zuhause oder Ihr Unternehmen fertigen wir bei unserer Glaserei Spiegel nach Ma\u00df an. Ob als Wandspiegel oder als Spiegelt\u00fcr, wir bieten f\u00fcr jeden Kundenwunsch die passende L\u00f6sung. Unsere Spiegel sind von h\u00f6chster Qualit\u00e4t und erf\u00fcllen die h\u00f6chsten Anforderungen an Privat- und Gewerbekunden. Mit unserem Online-Konfigurator k\u00f6nnen Sie Ihren individuellen Spiegel ganz nach Ihren W\u00fcnschen gestalten und bestellen. Wir bieten auch Sonderanfertigungen in verschiedenen Gr\u00f6\u00dfen und Formen an. Vertrauen Sie auf unsere Erfahrung und unser Know-how in der Glaserei und lassen Sie uns Ihren perfekten Spiegel nach Ma\u00df fertigen.<\/p><p><strong>Kontaktieren Sie uns, um mehr \u00fcber unsere Sondergl\u00e4ser und andere Glasprodukte zu erfahren. Wir freuen uns darauf, Ihnen zu helfen.<\/strong><\/p>\t\t\t\t\t\t\t\t<\/div>\n\t\t\t\t<\/div>\n\t\t\t\t<div class=\"elementor-element elementor-element-20cbb40 elementor-align-left elementor-widget elementor-widget-button\" data-id=\"20cbb40\" data-element_type=\"widget\" data-widget_type=\"button.default\">\n\t\t\t\t<div class=\"elementor-widget-container\">\n\t\t\t\t\t\t\t\t\t<div class=\"elementor-button-wrapper\">\n\t\t\t\t\t<a class=\"elementor-button elementor-button-link elementor-size-sm\" href=\"https:\/\/webery-server1.de\/t9-glaser\/kontakt\/\">\n\t\t\t\t\t\t<span class=\"elementor-button-content-wrapper\">\n\t\t\t\t\t\t\t\t\t<span class=\"elementor-button-text\">jetzt kontaktieren<\/span>\n\t\t\t\t\t<\/span>\n\t\t\t\t\t<\/a>\n\t\t\t\t<\/div>\n\t\t\t\t\t\t\t\t<\/div>\n\t\t\t\t<\/div>\n\t\t\t\t<\/div>\n\t\t<div class=\"elementor-element elementor-element-8c1f60f e-con-full e-flex e-con e-child\" data-id=\"8c1f60f\" data-element_type=\"container\" data-settings=\"{&quot;background_background&quot;:&quot;classic&quot;}\">\n\t\t\t\t<div class=\"elementor-element elementor-element-dd99c28 elementor-widget elementor-widget-spacer\" data-id=\"dd99c28\" data-element_type=\"widget\" data-widget_type=\"spacer.default\">\n\t\t\t\t<div class=\"elementor-widget-container\">\n\t\t\t\t\t\t\t<div class=\"elementor-spacer\">\n\t\t\t<div class=\"elementor-spacer-inner\"><\/div>\n\t\t<\/div>\n\t\t\t\t\t\t<\/div>\n\t\t\t\t<\/div>\n\t\t\t\t<\/div>\n\t\t\t\t<\/div>\n\t\t\t\t<\/div>\n\t\t\t\t\t<\/div>\n\t\t\t\t<\/div>\n\t\t<div class=\"elementor-element elementor-element-7400641 e-flex e-con-boxed e-con e-parent\" data-id=\"7400641\" data-element_type=\"container\" data-settings=\"{&quot;background_background&quot;:&quot;classic&quot;}\">\n\t\t\t\t\t<div class=\"e-con-inner\">\n\t\t<div class=\"elementor-element elementor-element-44062dd e-con-full e-flex e-con e-child\" data-id=\"44062dd\" data-element_type=\"container\">\n\t\t\t\t<div class=\"elementor-element elementor-element-2e393e3 elementor-widget elementor-widget-elementskit-heading\" data-id=\"2e393e3\" data-element_type=\"widget\" data-widget_type=\"elementskit-heading.default\">\n\t\t\t\t<div class=\"elementor-widget-container\">\n\t\t\t\t\t<div class=\"ekit-wid-con\" ><div class=\"ekit-heading elementskit-section-title-wraper text_left   ekit_heading_tablet-   ekit_heading_mobile-text_center\"><h1 class=\"ekit-heading--title elementskit-section-title \">Wir freuen uns auf Ihre Anfrage. <\/h1><\/div><\/div>\t\t\t\t<\/div>\n\t\t\t\t<\/div>\n\t\t\t\t<div class=\"elementor-element elementor-element-a4784d9 elementor-widget elementor-widget-button\" data-id=\"a4784d9\" data-element_type=\"widget\" data-widget_type=\"button.default\">\n\t\t\t\t<div class=\"elementor-widget-container\">\n\t\t\t\t\t\t\t\t\t<div class=\"elementor-button-wrapper\">\n\t\t\t\t\t<a class=\"elementor-button elementor-button-link elementor-size-sm\" href=\"https:\/\/webery-server1.de\/t9-glaser\/kontakt\/\">\n\t\t\t\t\t\t<span class=\"elementor-button-content-wrapper\">\n\t\t\t\t\t\t\t\t\t<span class=\"elementor-button-text\">jetzt kontaktieren<\/span>\n\t\t\t\t\t<\/span>\n\t\t\t\t\t<\/a>\n\t\t\t\t<\/div>\n\t\t\t\t\t\t\t\t<\/div>\n\t\t\t\t<\/div>\n\t\t\t\t<\/div>\n\t\t<div class=\"elementor-element elementor-element-6bfb91c e-con-full e-flex e-con e-child\" data-id=\"6bfb91c\" data-element_type=\"container\">\n\t\t\t\t<\/div>\n\t\t\t\t\t<\/div>\n\t\t\t\t<\/div>\n\t\t\t\t<\/div>\n\t\t","protected":false},"excerpt":{"rendered":"<p>K\u00fcchenr\u00fcckw\u00e4nde Unser Unternehmen der Glaserei fertigt individuelle K\u00fcchenr\u00fcckw\u00e4nde aus Glas an, die Ihrer K\u00fcche eine moderne Optik verleihen und folgende Vorteile bieten: Pflegeleicht: Unsere R\u00fcckw\u00e4nde aus Glas sind leicht zu reinigen und erfordern nur wenig Aufwand, um hygienisch zu bleiben. Hygienisch: Im Gegensatz zu Fliesen haben unsere Glasr\u00fcckw\u00e4nde keine Fugen, in denen sich Schmutz und [&hellip;]<\/p>\n","protected":false},"author":1,"featured_media":0,"parent":0,"menu_order":0,"comment_status":"closed","ping_status":"closed","template":"","meta":{"footnotes":""},"class_list":["post-589","page","type-page","status-publish","hentry"],"_links":{"self":[{"href":"https:\/\/webery-server1.de\/t9-glaser\/wp-json\/wp\/v2\/pages\/589","targetHints":{"allow":["GET"]}}],"collection":[{"href":"https:\/\/webery-server1.de\/t9-glaser\/wp-json\/wp\/v2\/pages"}],"about":[{"href":"https:\/\/webery-server1.de\/t9-glaser\/wp-json\/wp\/v2\/types\/page"}],"author":[{"embeddable":true,"href":"https:\/\/webery-server1.de\/t9-glaser\/wp-json\/wp\/v2\/users\/1"}],"replies":[{"embeddable":true,"href":"https:\/\/webery-server1.de\/t9-glaser\/wp-json\/wp\/v2\/comments?post=589"}],"version-history":[{"count":3,"href":"https:\/\/webery-server1.de\/t9-glaser\/wp-json\/wp\/v2\/pages\/589\/revisions"}],"predecessor-version":[{"id":1233,"href":"https:\/\/webery-server1.de\/t9-glaser\/wp-json\/wp\/v2\/pages\/589\/revisions\/1233"}],"wp:attachment":[{"href":"https:\/\/webery-server1.de\/t9-glaser\/wp-json\/wp\/v2\/media?parent=589"}],"curies":[{"name":"wp","href":"https:\/\/api.w.org\/{rel}","templated":true}]}}